{"id":6801,"date":"2022-01-03T10:19:45","date_gmt":"2022-01-03T10:19:45","guid":{"rendered":"http:\/\/www.svu.edu.eg\/faculties\/vet\/?page_id=6801"},"modified":"2022-01-03T10:19:50","modified_gmt":"2022-01-03T10:19:50","slug":"membres-du-personnel-a-la-bibliotheque","status":"publish","type":"page","link":"https:\/\/www.svu.edu.eg\/faculties\/vet\/fr\/la-bibliotheque\/membres-du-personnel-a-la-bibliotheque\/","title":{"rendered":"Membres du personnel \u00e0 la biblioth\u00e8que"},"content":{"rendered":"<p><span style=\"font-size: 18pt;\"><strong>Directeur<\/strong><\/span><\/p>\n<p><span style=\"font-size: 14pt;\"><strong>Ahmed Reda Ali Ahmed&#8212;&#8212;&#8212;&#8212;-ahmed@vet.svu.edu.eg<\/strong><\/span><\/p>\n<p><span style=\"font-size: 14pt;\"><strong>Membres du personnel \u00e0 la biblioth\u00e8que<\/strong><\/span><\/p>\n<p><strong>Ramadan Hamza Hassan&#8212;&#8212;&#8212;&#8212;&#8212;&#8211;&nbsp;ramadan@vet.svu.edu.eg<\/strong><\/p>\n<p><strong>Eman Salah Osman&#8212;&#8212;&#8212;&#8212;&#8212;&#8212;&#8212;&#8212;&#8212;-eman_salah@vet.svu.edu.eg<\/strong><\/p>\n<p><strong>Hamza Ramadan Hamza&#8212;&#8212;&#8212;&#8212;&#8212;&#8212;&#8212;&#8212;&#8211;hamza-ramadan@vet.svu.edu.eg<\/strong><\/p>\n<p><strong>Shima Refai &#8212;&#8212;&#8212;&#8211;Affectation \u00e0 la Biblioth\u00e8que num\u00e9rique de l\u2019Universit\u00e9<\/strong><\/p>\n","protected":false},"excerpt":{"rendered":"<p>Directeur Ahmed Reda Ali Ahmed&#8212;&#8212;&#8212;&#8212;-ahmed@vet.svu.edu.eg Membres du personnel \u00e0 la biblioth\u00e8que Ramadan Hamza Hassan&#8212;&#8212;&#8212;&#8212;&#8212;&#8211;&nbsp;ramadan@vet.svu.edu.eg Eman Salah Osman&#8212;&#8212;&#8212;&#8212;&#8212;&#8212;&#8212;&#8212;&#8212;-eman_salah@vet.svu.edu.eg Hamza Ramadan Hamza&#8212;&#8212;&#8212;&#8212;&#8212;&#8212;&#8212;&#8212;&#8211;hamza-ramadan@vet.svu.edu.eg Shima Refai &#8212;&#8212;&#8212;&#8211;Affectation \u00e0 la Biblioth\u00e8que num\u00e9rique de l\u2019Universit\u00e9<\/p>\n","protected":false},"author":2,"featured_media":0,"parent":4651,"menu_order":0,"comment_status":"closed","ping_status":"closed","template":"","meta":{"footnotes":""},"_links":{"self":[{"href":"https:\/\/www.svu.edu.eg\/faculties\/vet\/wp-json\/wp\/v2\/pages\/6801"}],"collection":[{"href":"https:\/\/www.svu.edu.eg\/faculties\/vet\/wp-json\/wp\/v2\/pages"}],"about":[{"href":"https:\/\/www.svu.edu.eg\/faculties\/vet\/wp-json\/wp\/v2\/types\/page"}],"author":[{"embeddable":true,"href":"https:\/\/www.svu.edu.eg\/faculties\/vet\/wp-json\/wp\/v2\/users\/2"}],"replies":[{"embeddable":true,"href":"https:\/\/www.svu.edu.eg\/faculties\/vet\/wp-json\/wp\/v2\/comments?post=6801"}],"version-history":[{"count":2,"href":"https:\/\/www.svu.edu.eg\/faculties\/vet\/wp-json\/wp\/v2\/pages\/6801\/revisions"}],"predecessor-version":[{"id":6803,"href":"https:\/\/www.svu.edu.eg\/faculties\/vet\/wp-json\/wp\/v2\/pages\/6801\/revisions\/6803"}],"up":[{"embeddable":true,"href":"https:\/\/www.svu.edu.eg\/faculties\/vet\/wp-json\/wp\/v2\/pages\/4651"}],"wp:attachment":[{"href":"https:\/\/www.svu.edu.eg\/faculties\/vet\/wp-json\/wp\/v2\/media?parent=6801"}],"curies":[{"name":"wp","href":"https:\/\/api.w.org\/{rel}","templated":true}]}}