{"id":6762,"date":"2022-01-03T07:46:04","date_gmt":"2022-01-03T07:46:04","guid":{"rendered":"http:\/\/www.svu.edu.eg\/faculties\/vet\/?page_id=6762"},"modified":"2022-01-03T07:46:04","modified_gmt":"2022-01-03T07:46:04","slug":"reglement-detudes-superieures","status":"publish","type":"page","link":"https:\/\/www.svu.edu.eg\/faculties\/vet\/fr\/etudes-superieures\/reglement-detudes-superieures\/","title":{"rendered":"R\u00e8glement d\u2019\u00e9tudes sup\u00e9rieures"},"content":{"rendered":"<p style=\"text-align: center;\"><a href=\"http:\/\/www.svu.edu.eg\/faculties\/vet\/wp-content\/uploads\/2021\/11\/%D8%A7%D9%84%D9%84%D8%A7%D8%A6%D8%AD%D8%A9-%D8%A7%D9%84%D8%AF%D8%A7%D8%AE%D9%84%D9%8A%D8%A9-%D9%84%D9%84%D9%83%D9%84%D9%8A%D8%A9.pdf\"><strong><span style=\"font-size: 18pt;\">R\u00e8glement int\u00e9rieur de la facult\u00e9<\/span><\/strong><\/a><\/p>\n","protected":false},"excerpt":{"rendered":"<p>R\u00e8glement int\u00e9rieur de la facult\u00e9<\/p>\n","protected":false},"author":2,"featured_media":0,"parent":4629,"menu_order":0,"comment_status":"closed","ping_status":"closed","template":"","meta":{"footnotes":""},"_links":{"self":[{"href":"https:\/\/www.svu.edu.eg\/faculties\/vet\/wp-json\/wp\/v2\/pages\/6762"}],"collection":[{"href":"https:\/\/www.svu.edu.eg\/faculties\/vet\/wp-json\/wp\/v2\/pages"}],"about":[{"href":"https:\/\/www.svu.edu.eg\/faculties\/vet\/wp-json\/wp\/v2\/types\/page"}],"author":[{"embeddable":true,"href":"https:\/\/www.svu.edu.eg\/faculties\/vet\/wp-json\/wp\/v2\/users\/2"}],"replies":[{"embeddable":true,"href":"https:\/\/www.svu.edu.eg\/faculties\/vet\/wp-json\/wp\/v2\/comments?post=6762"}],"version-history":[{"count":1,"href":"https:\/\/www.svu.edu.eg\/faculties\/vet\/wp-json\/wp\/v2\/pages\/6762\/revisions"}],"predecessor-version":[{"id":6763,"href":"https:\/\/www.svu.edu.eg\/faculties\/vet\/wp-json\/wp\/v2\/pages\/6762\/revisions\/6763"}],"up":[{"embeddable":true,"href":"https:\/\/www.svu.edu.eg\/faculties\/vet\/wp-json\/wp\/v2\/pages\/4629"}],"wp:attachment":[{"href":"https:\/\/www.svu.edu.eg\/faculties\/vet\/wp-json\/wp\/v2\/media?parent=6762"}],"curies":[{"name":"wp","href":"https:\/\/api.w.org\/{rel}","templated":true}]}}