{"id":3856,"date":"2020-12-24T08:15:20","date_gmt":"2020-12-24T08:15:20","guid":{"rendered":"http:\/\/www.svu.edu.eg\/faculties\/phed\/?page_id=3856"},"modified":"2020-12-24T08:18:19","modified_gmt":"2020-12-24T08:18:19","slug":"appelez-nous","status":"publish","type":"page","link":"https:\/\/www.svu.edu.eg\/faculties\/phed\/fr\/appelez-nous\/","title":{"rendered":"Appelez-nous"},"content":{"rendered":"<p><span style=\"font-size: 14pt;\"><strong>Universit\u00e9 du Sud de la vall\u00e9e<\/strong><\/span><\/p>\n<p><span style=\"font-size: 14pt;\"><strong>Facult\u00e9 d&#8217;\u00c9ducation Physique<\/strong><\/span><\/p>\n<p><span style=\"font-size: 14pt;\"><strong>Adresse: Q\u00e9na- KIlo 6 \u2013 Q\u00e9na, la route de Safaga<\/strong><\/span><\/p>\n<p><span style=\"font-size: 14pt;\"><strong>Num\u00e9ro de t\u00e9l\u00e9phone: 20963223685<\/strong><\/span><\/p>\n<p><span style=\"font-size: 14pt;\"><strong>Fax: 20963217212\u00a0\u00a0\u00a0\u00a0\u00a0\u00a0\u00a0\u00a0\u00a0\u00a0\u00a0\u00a0\u00a0\u00a0\u00a0\u00a0\u00a0\u00a0\u00a0\u00a0\u00a0\u00a0\u00a0\u00a0\u00a0\u00a0\u00a0\u00a0\u00a0\u00a0\u00a0\u00a0\u00a0\u00a0\u00a0\u00a0\u00a0\u00a0\u00a0\u00a0\u00a0\u00a0\u00a0\u00a0\u00a0\u00a0\u00a0\u00a0\u00a0\u00a0\u00a0\u00a0\u00a0\u00a0\u00a0\u00a0\u00a0\u00a0\u00a0\u00a0\u00a0\u00a0\u00a0\u00a0\u00a0\u00a0\u00a0\u00a0\u00a0\u00a0\u00a0\u00a0\u00a0\u00a0\u00a0\u00a0\u00a0 <\/strong><\/span><\/p>\n<p><span style=\"font-size: 14pt;\"><strong>E- mail: <a href=\"mailto:it2@phed.svu.edu.eg\">it2@phed.svu.edu.eg<\/a><\/strong><\/span><\/p>\n","protected":false},"excerpt":{"rendered":"<p>Universit\u00e9 du Sud de la vall\u00e9e Facult\u00e9 d&#8217;\u00c9ducation Physique Adresse: Q\u00e9na- KIlo 6 \u2013 Q\u00e9na, la route de Safaga Num\u00e9ro de t\u00e9l\u00e9phone: 20963223685 Fax: 20963217212\u00a0\u00a0\u00a0\u00a0\u00a0\u00a0\u00a0\u00a0\u00a0\u00a0\u00a0\u00a0\u00a0\u00a0\u00a0\u00a0\u00a0\u00a0\u00a0\u00a0\u00a0\u00a0\u00a0\u00a0\u00a0\u00a0\u00a0\u00a0\u00a0\u00a0\u00a0\u00a0\u00a0\u00a0\u00a0\u00a0\u00a0\u00a0\u00a0\u00a0\u00a0\u00a0\u00a0\u00a0\u00a0\u00a0\u00a0\u00a0\u00a0\u00a0\u00a0\u00a0\u00a0\u00a0\u00a0\u00a0\u00a0\u00a0\u00a0\u00a0\u00a0\u00a0\u00a0\u00a0\u00a0\u00a0\u00a0\u00a0\u00a0\u00a0\u00a0\u00a0\u00a0\u00a0\u00a0\u00a0\u00a0 E- mail: it2@phed.svu.edu.eg<\/p>\n","protected":false},"author":2,"featured_media":0,"parent":0,"menu_order":0,"comment_status":"closed","ping_status":"closed","template":"","meta":{"_monsterinsights_skip_tracking":false,"_monsterinsights_sitenote_active":false,"_monsterinsights_sitenote_note":"","_monsterinsights_sitenote_category":0},"_links":{"self":[{"href":"https:\/\/www.svu.edu.eg\/faculties\/phed\/wp-json\/wp\/v2\/pages\/3856"}],"collection":[{"href":"https:\/\/www.svu.edu.eg\/faculties\/phed\/wp-json\/wp\/v2\/pages"}],"about":[{"href":"https:\/\/www.svu.edu.eg\/faculties\/phed\/wp-json\/wp\/v2\/types\/page"}],"author":[{"embeddable":true,"href":"https:\/\/www.svu.edu.eg\/faculties\/phed\/wp-json\/wp\/v2\/users\/2"}],"replies":[{"embeddable":true,"href":"https:\/\/www.svu.edu.eg\/faculties\/phed\/wp-json\/wp\/v2\/comments?post=3856"}],"version-history":[{"count":2,"href":"https:\/\/www.svu.edu.eg\/faculties\/phed\/wp-json\/wp\/v2\/pages\/3856\/revisions"}],"predecessor-version":[{"id":3862,"href":"https:\/\/www.svu.edu.eg\/faculties\/phed\/wp-json\/wp\/v2\/pages\/3856\/revisions\/3862"}],"wp:attachment":[{"href":"https:\/\/www.svu.edu.eg\/faculties\/phed\/wp-json\/wp\/v2\/media?parent=3856"}],"curies":[{"name":"wp","href":"https:\/\/api.w.org\/{rel}","templated":true}]}}