{"id":8905,"date":"2022-02-12T12:03:43","date_gmt":"2022-02-12T10:03:43","guid":{"rendered":"http:\/\/www.svu.edu.eg\/faculties\/med\/?page_id=8905"},"modified":"2022-02-13T11:55:27","modified_gmt":"2022-02-13T09:55:27","slug":"mission-it","status":"publish","type":"page","link":"https:\/\/www.svu.edu.eg\/faculties\/med\/fr\/les-services-electroniques\/mission-it\/","title":{"rendered":"Mission IT"},"content":{"rendered":"<h5><strong><em>Le Facult\u00e9 des syst\u00e8mes et technologies de l&#8217;information vise \u00e0 d\u00e9velopper la structure, \u00e0 consolider les bases des syst\u00e8mes, \u00e0 accro\u00eetre la sensibilisation technologique, \u00e0 contribuer au b\u00e9n\u00e9fice de toutes les parties concern\u00e9es et \u00e0 contribuer \u00e0 la r\u00e9duction de la fracture num\u00e9rique dans les \u00e9tablissements d&#8217;enseignement sup\u00e9rieur conform\u00e9ment \u00e0 la strat\u00e9gie de d\u00e9veloppement de l&#8217;enseignement sup\u00e9rieur. l&#8217;\u00e9ducation en R\u00e9publique arabe d&#8217;\u00c9gypte.<\/em><\/strong><\/h5>\n","protected":false},"excerpt":{"rendered":"<p>Le Facult\u00e9 des syst\u00e8mes et technologies de l&#8217;information vise \u00e0 d\u00e9velopper la structure, \u00e0 consolider les bases des syst\u00e8mes, \u00e0 [&hellip;]<\/p>\n","protected":false},"author":2,"featured_media":0,"parent":8897,"menu_order":0,"comment_status":"closed","ping_status":"closed","template":"","meta":{"_monsterinsights_skip_tracking":false,"_monsterinsights_sitenote_active":false,"_monsterinsights_sitenote_note":"","_monsterinsights_sitenote_category":0},"_links":{"self":[{"href":"https:\/\/www.svu.edu.eg\/faculties\/med\/wp-json\/wp\/v2\/pages\/8905"}],"collection":[{"href":"https:\/\/www.svu.edu.eg\/faculties\/med\/wp-json\/wp\/v2\/pages"}],"about":[{"href":"https:\/\/www.svu.edu.eg\/faculties\/med\/wp-json\/wp\/v2\/types\/page"}],"author":[{"embeddable":true,"href":"https:\/\/www.svu.edu.eg\/faculties\/med\/wp-json\/wp\/v2\/users\/2"}],"replies":[{"embeddable":true,"href":"https:\/\/www.svu.edu.eg\/faculties\/med\/wp-json\/wp\/v2\/comments?post=8905"}],"version-history":[{"count":3,"href":"https:\/\/www.svu.edu.eg\/faculties\/med\/wp-json\/wp\/v2\/pages\/8905\/revisions"}],"predecessor-version":[{"id":8989,"href":"https:\/\/www.svu.edu.eg\/faculties\/med\/wp-json\/wp\/v2\/pages\/8905\/revisions\/8989"}],"up":[{"embeddable":true,"href":"https:\/\/www.svu.edu.eg\/faculties\/med\/wp-json\/wp\/v2\/pages\/8897"}],"wp:attachment":[{"href":"https:\/\/www.svu.edu.eg\/faculties\/med\/wp-json\/wp\/v2\/media?parent=8905"}],"curies":[{"name":"wp","href":"https:\/\/api.w.org\/{rel}","templated":true}]}}