{"id":6747,"date":"2020-12-19T09:23:26","date_gmt":"2020-12-19T09:23:26","guid":{"rendered":"http:\/\/www.svu.edu.eg\/faculties\/med\/?page_id=6747"},"modified":"2020-12-21T06:44:00","modified_gmt":"2020-12-21T06:44:00","slug":"les-administrations","status":"publish","type":"page","link":"https:\/\/www.svu.edu.eg\/faculties\/med\/fr\/les-administrations\/","title":{"rendered":"Les administrations"},"content":{"rendered":"\n<p>Bureau du doyen<\/p>\n\n\n\n<p style=\"text-align:left\">Affaires d\u2019\u00e9tudiantes<\/p>\n\n\n\n<p>Les dipl\u00f4m\u00e9s<\/p>\n\n\n\n<p>Les ressources humaines<\/p>\n\n\n\n<p>Protection de la jeunesse<\/p>\n\n\n\n<p>L\u2019\u00e9tudes sup\u00e9rieures<\/p>\n\n\n\n<p>Les relations culturelles<\/p>\n\n\n\n<p>La biblioth\u00e8que<\/p>\n\n\n\n<p>La financi\u00e8re<\/p>\n\n\n\n<p>Affaires du si\u00e8ge<\/p>\n","protected":false},"excerpt":{"rendered":"<p>Bureau du doyen Affaires d\u2019\u00e9tudiantes Les dipl\u00f4m\u00e9s Les ressources humaines Protection de la jeunesse L\u2019\u00e9tudes sup\u00e9rieures Les relations culturelles La [&hellip;]<\/p>\n","protected":false},"author":2,"featured_media":0,"parent":0,"menu_order":0,"comment_status":"closed","ping_status":"closed","template":"","meta":{"_monsterinsights_skip_tracking":false,"_monsterinsights_sitenote_active":false,"_monsterinsights_sitenote_note":"","_monsterinsights_sitenote_category":0},"_links":{"self":[{"href":"https:\/\/www.svu.edu.eg\/faculties\/med\/wp-json\/wp\/v2\/pages\/6747"}],"collection":[{"href":"https:\/\/www.svu.edu.eg\/faculties\/med\/wp-json\/wp\/v2\/pages"}],"about":[{"href":"https:\/\/www.svu.edu.eg\/faculties\/med\/wp-json\/wp\/v2\/types\/page"}],"author":[{"embeddable":true,"href":"https:\/\/www.svu.edu.eg\/faculties\/med\/wp-json\/wp\/v2\/users\/2"}],"replies":[{"embeddable":true,"href":"https:\/\/www.svu.edu.eg\/faculties\/med\/wp-json\/wp\/v2\/comments?post=6747"}],"version-history":[{"count":4,"href":"https:\/\/www.svu.edu.eg\/faculties\/med\/wp-json\/wp\/v2\/pages\/6747\/revisions"}],"predecessor-version":[{"id":6778,"href":"https:\/\/www.svu.edu.eg\/faculties\/med\/wp-json\/wp\/v2\/pages\/6747\/revisions\/6778"}],"wp:attachment":[{"href":"https:\/\/www.svu.edu.eg\/faculties\/med\/wp-json\/wp\/v2\/media?parent=6747"}],"curies":[{"name":"wp","href":"https:\/\/api.w.org\/{rel}","templated":true}]}}