{"id":5437,"date":"2022-02-05T10:03:18","date_gmt":"2022-02-05T10:03:18","guid":{"rendered":"http:\/\/www.svu.edu.eg\/faculties\/mass\/?page_id=5437"},"modified":"2022-03-06T08:06:22","modified_gmt":"2022-03-06T08:06:22","slug":"affaires-etudiantes-2","status":"publish","type":"page","link":"https:\/\/www.svu.edu.eg\/faculties\/mass\/fr\/affaires-etudiantes-2\/","title":{"rendered":"Affaires \u00e9tudiantes"},"content":{"rendered":"<p>L&#8217;administration des affaires \u00e9tudiantes joue un\u00a0 r\u00f4le important \u00e0 la facult\u00e9 parce que les \u00e9tudiants ont besoin de cette administration\u00a0 surtout les premi\u00e8res ann\u00e9es.<\/p>\n<p>Dans cette administration, les employ\u00e9s utilisent les ordinateurs \u00e0 enregistrer les informations et les r\u00e9sultats des \u00e9tudiants.<\/p>\n<p><strong><u>Les t\u00e2ches de l&#8217;administration<\/u><\/strong><strong><u>:<\/u><\/strong><strong><u>&#8211;<\/u><\/strong><\/p>\n<p>&#8211; Extraire \u00a0les cartes \u00a0universitaires pour les anciens \u00e9tudiants et les nouveaux.<\/p>\n<p>-Donne les nouveaux \u00e9tudiants le formulaire des examens m\u00e9dicaux.<\/p>\n<p>-Annonce les r\u00e9sultats des \u00e9tudiantes.<\/p>\n<p>-D\u00e9livrance de certificats et des rapports sur la situation des \u00e9tudiants \u00e0 la facult\u00e9 \u00a0pour tous les organismes gouvernementaux.<\/p>\n<p>&#8211; Aide les \u00e9tudiants qui veulent convertir ou d\u00e9placer la contrainte et obtenir \u00e9tat indicatif de la situation des \u00e9tudiants.<\/p>\n<p><strong>\u00a0<\/strong><strong><u>Les membres du personnel<\/u><\/strong><\/p>\n<p>1-M. Hassan Houssen Mohamed ( directeur de la gestion).<\/p>\n<p>2- Mme Yousra Abd Elmouaz Mohamed (responsable d&#8217;\u00e9quipe).<\/p>\n<p>3- Mme Zeinab Hafez Mahmoud (responsable d&#8217;\u00e9quipe).<\/p>\n<p>4-Mme Mona Youssef Mohamed (responsable d&#8217;\u00e9quipe).<\/p>\n<p>5-Mme Eman Saleh Abo Elwafa ( responsable des dipl\u00f4m\u00e9s).<\/p>\n","protected":false},"excerpt":{"rendered":"<p>L&#8217;administration des affaires \u00e9tudiantes joue un\u00a0 r\u00f4le important \u00e0 la facult\u00e9 parce que les \u00e9tudiants ont besoin de cette administration\u00a0 surtout les premi\u00e8res ann\u00e9es. Dans cette administration, les employ\u00e9s utilisent [&hellip;]<\/p>\n","protected":false},"author":3,"featured_media":0,"parent":0,"menu_order":0,"comment_status":"closed","ping_status":"closed","template":"","meta":[],"_links":{"self":[{"href":"https:\/\/www.svu.edu.eg\/faculties\/mass\/wp-json\/wp\/v2\/pages\/5437"}],"collection":[{"href":"https:\/\/www.svu.edu.eg\/faculties\/mass\/wp-json\/wp\/v2\/pages"}],"about":[{"href":"https:\/\/www.svu.edu.eg\/faculties\/mass\/wp-json\/wp\/v2\/types\/page"}],"author":[{"embeddable":true,"href":"https:\/\/www.svu.edu.eg\/faculties\/mass\/wp-json\/wp\/v2\/users\/3"}],"replies":[{"embeddable":true,"href":"https:\/\/www.svu.edu.eg\/faculties\/mass\/wp-json\/wp\/v2\/comments?post=5437"}],"version-history":[{"count":2,"href":"https:\/\/www.svu.edu.eg\/faculties\/mass\/wp-json\/wp\/v2\/pages\/5437\/revisions"}],"predecessor-version":[{"id":10372,"href":"https:\/\/www.svu.edu.eg\/faculties\/mass\/wp-json\/wp\/v2\/pages\/5437\/revisions\/10372"}],"wp:attachment":[{"href":"https:\/\/www.svu.edu.eg\/faculties\/mass\/wp-json\/wp\/v2\/media?parent=5437"}],"curies":[{"name":"wp","href":"https:\/\/api.w.org\/{rel}","templated":true}]}}