{"id":3168,"date":"2020-12-21T10:37:37","date_gmt":"2020-12-21T10:37:37","guid":{"rendered":"http:\/\/www.svu.edu.eg\/faculties\/fci\/?page_id=3168"},"modified":"2020-12-21T10:37:48","modified_gmt":"2020-12-21T10:37:48","slug":"les-ressources-humaines","status":"publish","type":"page","link":"https:\/\/www.svu.edu.eg\/faculties\/fci\/fr\/les-ressources-humaines\/","title":{"rendered":"Les ressources humaines"},"content":{"rendered":"<p><strong>Fonctions d&#8217;administration<\/strong><\/p>\n<ul>\n<li>La diffusion de tous les salaires mensuels des membres du personnel enseignant et de leur personnel, ainsi que de tous les salaires mensuels ou autres avantages pour le personnel du Coll\u00e8ge, ainsi que de tous les droits pour les d\u00e9l\u00e9gu\u00e9s et le t\u00e9l\u00e9chargement de tous les effets mensuels.<\/li>\n<li>La lib\u00e9ration mensuelle des heures suppl\u00e9mentaires des membres du corps professoral et de leurs assistants.<\/li>\n<li>Diffuser toutes les r\u00e9compenses pour les membres du corps professoral et leurs adjoints.<\/li>\n<li>L\u2019enregistrement des salaires et \u00e9moluments mentionn\u00e9s dans les dossiers .<\/li>\n<li>Pr\u00e9paration de notes de promotion pour les membres du personnel et leur personnel admissibles \u00e0 une promotion.<\/li>\n<li>\u00c9tablissement des dossiers des salaires et des avantages sociaux pour le personnel du Coll\u00e8ge d\u2019informatique.<\/li>\n<li>Cr\u00e9er des sous-fichiers pour les masters travaillant au Coll\u00e8ge informatique.<\/li>\n<li>\u00e9tablir des dossiers sp\u00e9ciaux des cong\u00e9s (normaux et occasionnels) pour les ma\u00eetres qui travaillent au Coll\u00e8ge d\u2019informatique.<\/li>\n<li>Cr\u00e9er une base de donn\u00e9es pour tous les employ\u00e9s qui comprend toutes les donn\u00e9es personnelles sur l\u2019emploi et l\u2019assurance de l\u2019employ\u00e9.<\/li>\n<li>Cr\u00e9er un fichier pour chaque agent qui contient des feuilles, des images et tout ce qui est nouveau dans le fichier agent.<\/li>\n<li>Continuez de surveiller l\u2019horloge.<\/li>\n<li>Faciliter les proc\u00e9dures internes et d\u00e9terminer leurs contr\u00f4les, tels que les vacances, les empires, etc., et effectuer ces t\u00e2ches facilement.<\/li>\n<li>Assurer le suivi des demandes quotidiennes du personnel et acc\u00e9l\u00e9rer leur mise en \u0153uvre.<\/li>\n<li>Suivi des nouvelles r\u00e8gles et d\u00e9cisions \u00e9mises par le d\u00e9partement de l\u2019emploi, de la sensibilisation et d\u2019autres services administratifs de l\u2019Universit\u00e9 pour les employ\u00e9s.<\/li>\n<li>Il suit \u00e9galement l\u2019application de la loi, les r\u00e8gles, les r\u00e8glements, la conduite des politiques internes et les r\u00e8glements tir\u00e9s au sein de l\u2019universit\u00e9, tels que les politiques de cong\u00e9 et de transfert, l\u2019ex\u00e9cution des examens et d\u2019autres politiques, et les r\u00e8glements internes en vigueur au sein de l\u2019universit\u00e9.<\/li>\n<\/ul>\n<p>&nbsp;<\/p>\n<p><strong>Membres de l&#8217;administration<\/strong><\/p>\n<p>Nom : Magdi Kdos Yousef Felsten<\/p>\n<p>Fonction : Affaires du travail<\/p>\n<p>Dipl\u00f4me : Licence de commerce<\/p>\n<p>Degr\u00e9 : Deuxi\u00e8me<\/p>\n<p>Fonction : Sp\u00e9cialiste<\/p>\n<p><u>&nbsp;<\/u><\/p>\n<p>Nom : Nadia Seody Abdel-Azez Hassan<\/p>\n<p>Fonction : Affaires \u00e9tudiantes<\/p>\n<p>Dipl\u00f4me : licences en \u00e9ducation<\/p>\n<p>Degr\u00e9 : Deuxi\u00e8me<\/p>\n<p>Fonction : Sp\u00e9cialiste<\/p>\n<p>_________________________________________<\/p>\n<p>&nbsp;<\/p>\n<p>Nom : Abo El-ftoh Mahmoud Mohamed Mohamed<\/p>\n<p>Fonction : Affaires du travail<\/p>\n<p>Degr\u00e9 : premier<\/p>\n<p>Fonction : R\u00e9dacteur<\/p>\n","protected":false},"excerpt":{"rendered":"<p>Fonctions d&#8217;administration La diffusion de tous les salaires mensuels des membres du personnel enseignant et de leur personnel, ainsi que de tous les salaires mensuels ou autres avantages pour le [&hellip;]<\/p>\n","protected":false},"author":2,"featured_media":0,"parent":0,"menu_order":0,"comment_status":"closed","ping_status":"closed","template":"","meta":[],"_links":{"self":[{"href":"https:\/\/www.svu.edu.eg\/faculties\/fci\/wp-json\/wp\/v2\/pages\/3168"}],"collection":[{"href":"https:\/\/www.svu.edu.eg\/faculties\/fci\/wp-json\/wp\/v2\/pages"}],"about":[{"href":"https:\/\/www.svu.edu.eg\/faculties\/fci\/wp-json\/wp\/v2\/types\/page"}],"author":[{"embeddable":true,"href":"https:\/\/www.svu.edu.eg\/faculties\/fci\/wp-json\/wp\/v2\/users\/2"}],"replies":[{"embeddable":true,"href":"https:\/\/www.svu.edu.eg\/faculties\/fci\/wp-json\/wp\/v2\/comments?post=3168"}],"version-history":[{"count":2,"href":"https:\/\/www.svu.edu.eg\/faculties\/fci\/wp-json\/wp\/v2\/pages\/3168\/revisions"}],"predecessor-version":[{"id":3172,"href":"https:\/\/www.svu.edu.eg\/faculties\/fci\/wp-json\/wp\/v2\/pages\/3168\/revisions\/3172"}],"wp:attachment":[{"href":"https:\/\/www.svu.edu.eg\/faculties\/fci\/wp-json\/wp\/v2\/media?parent=3168"}],"curies":[{"name":"wp","href":"https:\/\/api.w.org\/{rel}","templated":true}]}}