{"id":3164,"date":"2020-12-21T10:31:35","date_gmt":"2020-12-21T10:31:35","guid":{"rendered":"http:\/\/www.svu.edu.eg\/faculties\/fci\/?page_id=3164"},"modified":"2020-12-21T10:32:18","modified_gmt":"2020-12-21T10:32:18","slug":"education-2","status":"publish","type":"page","link":"https:\/\/www.svu.edu.eg\/faculties\/fci\/fr\/education-2\/","title":{"rendered":"\u00c9ducation"},"content":{"rendered":"<p><strong>Fonctions d&#8217;administration<\/strong><\/p>\n<ul>\n<li>L&#8217;administration des Affaires \u00e9tudiantes re\u00e7oit de nouveaux \u00e9tudiants et met fin \u00e0 tous les travaux sur leur inscription au coll\u00e8ge.<\/li>\n<li>L&#8217;administration guide les \u00e9tudiants qui veulent se convertir au coll\u00e8ge et en revenir en recevant les \u00e9nonc\u00e9s de coordination des affaires et des dossiers centraux des \u00e9tudiants .<\/li>\n<li>Pr\u00e9paration des formulaires de divulgation m\u00e9dicale pour les nouveaux \u00e9tudiants.<\/li>\n<li>Pr\u00e9paration de listes d\u2019\u00e9quipes et de travaux de carnivine magn\u00e9tique.<\/li>\n<li>Pr\u00e9paration des dossiers d\u2019inscription pour les \u00e9tudiants de l\u2019\u00e9quipe.<\/li>\n<li>Pr\u00e9paration des dossiers de recrutement et de report.<\/li>\n<li>Inscrivez le nombre de places assises, r\u00e9partissez les \u00e9l\u00e8ves dans les endroits sous-d\u00e9velopp\u00e9s et faites une d\u00e9claration des places d\u2019examen.<\/li>\n<li>Passer en revue les r\u00e9sultats du premier semestre.<\/li>\n<li>Limiter le nombre chaque comit\u00e9 et prendre les num\u00e9ros, les noms et le nombre de places assises des \u00e9l\u00e8ves absents.<\/li>\n<li>Passer en revue les r\u00e9sultats du deuxi\u00e8me semestre.<\/li>\n<\/ul>\n<p>&nbsp;<\/p>\n<p><strong>Membres de l&#8217;administration&nbsp;&nbsp;&nbsp;&nbsp;&nbsp;&nbsp;&nbsp;&nbsp;&nbsp;&nbsp;&nbsp;&nbsp;&nbsp;&nbsp;&nbsp;&nbsp;&nbsp;&nbsp;&nbsp;&nbsp;&nbsp;&nbsp;&nbsp;&nbsp;<\/strong><\/p>\n<p>Nom : Mohamed Hassan Mohamed Abdelnaem<\/p>\n<p>Fonction : Affaires \u00e9tudiantes<\/p>\n<p>Dipl\u00f4me : licences en \u00e9ducation<\/p>\n<p>Degr\u00e9 : Premier<\/p>\n<p>Fonction : Sp\u00e9cialiste<\/p>\n<p>_______________________________________<\/p>\n<p>Nom : Mohamed Hamdi<\/p>\n<p>Fonction : Affaires \u00e9tudiantes<\/p>\n<p>Degr\u00e9 : &nbsp;Quatri\u00e8me<\/p>\n<p>Fonction : R\u00e9dacteur<\/p>\n","protected":false},"excerpt":{"rendered":"<p>Fonctions d&#8217;administration L&#8217;administration des Affaires \u00e9tudiantes re\u00e7oit de nouveaux \u00e9tudiants et met fin \u00e0 tous les travaux sur leur inscription au coll\u00e8ge. L&#8217;administration guide les \u00e9tudiants qui veulent se convertir [&hellip;]<\/p>\n","protected":false},"author":2,"featured_media":0,"parent":0,"menu_order":0,"comment_status":"closed","ping_status":"closed","template":"","meta":[],"_links":{"self":[{"href":"https:\/\/www.svu.edu.eg\/faculties\/fci\/wp-json\/wp\/v2\/pages\/3164"}],"collection":[{"href":"https:\/\/www.svu.edu.eg\/faculties\/fci\/wp-json\/wp\/v2\/pages"}],"about":[{"href":"https:\/\/www.svu.edu.eg\/faculties\/fci\/wp-json\/wp\/v2\/types\/page"}],"author":[{"embeddable":true,"href":"https:\/\/www.svu.edu.eg\/faculties\/fci\/wp-json\/wp\/v2\/users\/2"}],"replies":[{"embeddable":true,"href":"https:\/\/www.svu.edu.eg\/faculties\/fci\/wp-json\/wp\/v2\/comments?post=3164"}],"version-history":[{"count":2,"href":"https:\/\/www.svu.edu.eg\/faculties\/fci\/wp-json\/wp\/v2\/pages\/3164\/revisions"}],"predecessor-version":[{"id":3166,"href":"https:\/\/www.svu.edu.eg\/faculties\/fci\/wp-json\/wp\/v2\/pages\/3164\/revisions\/3166"}],"wp:attachment":[{"href":"https:\/\/www.svu.edu.eg\/faculties\/fci\/wp-json\/wp\/v2\/media?parent=3164"}],"curies":[{"name":"wp","href":"https:\/\/api.w.org\/{rel}","templated":true}]}}