{"id":3051,"date":"2020-12-20T10:21:49","date_gmt":"2020-12-20T10:21:49","guid":{"rendered":"http:\/\/www.svu.edu.eg\/faculties\/fci\/?page_id=3051"},"modified":"2021-01-18T07:50:27","modified_gmt":"2021-01-18T07:50:27","slug":"technologies-de-linformation","status":"publish","type":"page","link":"https:\/\/www.svu.edu.eg\/faculties\/fci\/fr\/technologies-de-linformation\/","title":{"rendered":"Technologies de l&#8217;information"},"content":{"rendered":"\n<p style=\"text-align:left\"> <strong>Les domaines scientifiques suivants comprennent\u00a0: <\/strong>R\u00e9seaux informatiques de divers types &#8211; r\u00e9seaux et applications de l\u2019information &#8211; technologies des communications &#8211; technologies de l\u2019Internet &#8211; protocoles et programmation de l\u2019Internet &#8211; informations et r\u00e9seaux s\u00e9curis\u00e9s et s\u00e9curis\u00e9s &#8211; traitement num\u00e9rique des signaux &#8211; Syst\u00e8mes en temps r\u00e9el &#8211; Syst\u00e8mes num\u00e9riques &#8211; architecture informatique &#8211; microprocesseurs et leurs applications &#8211; Syst\u00e8mes int\u00e9gr\u00e9s &#8211; Ordinateurs et syst\u00e8mes informatiques intelligents D\u00e9faillances potentielles \u2013 syst\u00e8mes informatiques distribu\u00e9s et parall\u00e8les \u2013 cybers\u00e9curit\u00e9 \u2013 syst\u00e8mes dynamiques et robotis\u00e9s \u2013 e-apprentissage \u2013 biblioth\u00e8ques num\u00e9riques \u2013 commerce \u00e9lectronique \u2013 commerce \u00e9lectronique.<br><\/p>\n","protected":false},"excerpt":{"rendered":"<p>Les domaines scientifiques suivants comprennent\u00a0: R\u00e9seaux informatiques de divers types &#8211; r\u00e9seaux et applications de l\u2019information &#8211; technologies des communications &#8211; technologies de l\u2019Internet &#8211; protocoles et programmation de l\u2019Internet [&hellip;]<\/p>\n","protected":false},"author":2,"featured_media":0,"parent":0,"menu_order":0,"comment_status":"closed","ping_status":"closed","template":"","meta":[],"_links":{"self":[{"href":"https:\/\/www.svu.edu.eg\/faculties\/fci\/wp-json\/wp\/v2\/pages\/3051"}],"collection":[{"href":"https:\/\/www.svu.edu.eg\/faculties\/fci\/wp-json\/wp\/v2\/pages"}],"about":[{"href":"https:\/\/www.svu.edu.eg\/faculties\/fci\/wp-json\/wp\/v2\/types\/page"}],"author":[{"embeddable":true,"href":"https:\/\/www.svu.edu.eg\/faculties\/fci\/wp-json\/wp\/v2\/users\/2"}],"replies":[{"embeddable":true,"href":"https:\/\/www.svu.edu.eg\/faculties\/fci\/wp-json\/wp\/v2\/comments?post=3051"}],"version-history":[{"count":2,"href":"https:\/\/www.svu.edu.eg\/faculties\/fci\/wp-json\/wp\/v2\/pages\/3051\/revisions"}],"predecessor-version":[{"id":3931,"href":"https:\/\/www.svu.edu.eg\/faculties\/fci\/wp-json\/wp\/v2\/pages\/3051\/revisions\/3931"}],"wp:attachment":[{"href":"https:\/\/www.svu.edu.eg\/faculties\/fci\/wp-json\/wp\/v2\/media?parent=3051"}],"curies":[{"name":"wp","href":"https:\/\/api.w.org\/{rel}","templated":true}]}}