{"id":3040,"date":"2020-12-20T10:10:40","date_gmt":"2020-12-20T10:10:40","guid":{"rendered":"http:\/\/www.svu.edu.eg\/faculties\/fci\/?page_id=3040"},"modified":"2020-12-20T10:11:05","modified_gmt":"2020-12-20T10:11:05","slug":"secretaire","status":"publish","type":"page","link":"https:\/\/www.svu.edu.eg\/faculties\/fci\/fr\/secretaire\/","title":{"rendered":"Secr\u00e9taire"},"content":{"rendered":"<p><img decoding=\"async\" loading=\"lazy\" class=\"aligncenter\" src=\"https:\/\/i0.wp.com\/www.svu.edu.eg\/faculties\/fci\/wp-content\/uploads\/2020\/02\/saidibrahim1.jpg?resize=160%2C168&#038;ssl=1\" width=\"160\" height=\"168\"  data-recalc-dims=\"1\"><\/p>\n<p>M\/ Saied Mahmoud Ebrahem<\/p>\n<div class=\"textarea-wrapper textarea-wrapper-2\">\n<div id=\"trpar\"><span id=\"s2_1\">Licence de Commerce, D\u00e9partement de comptabilit\u00e9, Assiut University<\/span><br \/>\n<span id=\"s2_2\">Et Dipl\u00f4me d\u2019\u00e9tudes sup\u00e9rieures en revue de l\u2019Universit\u00e9 de Sohag<\/span><\/div>\n<div>T: 01000951922<\/div>\n<div>E-mail : said.ibrahim63@yahoo.com<\/div>\n<\/div>\n<div class=\"message-wrap\">\n<div class=\"clearfix line-row\">\n<div class=\"left-side-wrap\"><\/div>\n<\/div>\n<\/div>\n","protected":false},"excerpt":{"rendered":"<p>M\/ Saied Mahmoud Ebrahem Licence de Commerce, D\u00e9partement de comptabilit\u00e9, Assiut University Et Dipl\u00f4me d\u2019\u00e9tudes sup\u00e9rieures en revue de l\u2019Universit\u00e9 de Sohag T: 01000951922 E-mail : said.ibrahim63@yahoo.com<\/p>\n","protected":false},"author":2,"featured_media":0,"parent":0,"menu_order":0,"comment_status":"closed","ping_status":"closed","template":"","meta":[],"_links":{"self":[{"href":"https:\/\/www.svu.edu.eg\/faculties\/fci\/wp-json\/wp\/v2\/pages\/3040"}],"collection":[{"href":"https:\/\/www.svu.edu.eg\/faculties\/fci\/wp-json\/wp\/v2\/pages"}],"about":[{"href":"https:\/\/www.svu.edu.eg\/faculties\/fci\/wp-json\/wp\/v2\/types\/page"}],"author":[{"embeddable":true,"href":"https:\/\/www.svu.edu.eg\/faculties\/fci\/wp-json\/wp\/v2\/users\/2"}],"replies":[{"embeddable":true,"href":"https:\/\/www.svu.edu.eg\/faculties\/fci\/wp-json\/wp\/v2\/comments?post=3040"}],"version-history":[{"count":2,"href":"https:\/\/www.svu.edu.eg\/faculties\/fci\/wp-json\/wp\/v2\/pages\/3040\/revisions"}],"predecessor-version":[{"id":3043,"href":"https:\/\/www.svu.edu.eg\/faculties\/fci\/wp-json\/wp\/v2\/pages\/3040\/revisions\/3043"}],"wp:attachment":[{"href":"https:\/\/www.svu.edu.eg\/faculties\/fci\/wp-json\/wp\/v2\/media?parent=3040"}],"curies":[{"name":"wp","href":"https:\/\/api.w.org\/{rel}","templated":true}]}}