{"id":4922,"date":"2022-02-28T06:45:10","date_gmt":"2022-02-28T06:45:10","guid":{"rendered":"http:\/\/www.svu.edu.eg\/faculties\/eng\/?page_id=4922"},"modified":"2022-03-01T08:36:19","modified_gmt":"2022-03-01T08:36:19","slug":"affaires-etudiantes","status":"publish","type":"page","link":"https:\/\/www.svu.edu.eg\/faculties\/eng\/fr\/affaires-etudiantes\/","title":{"rendered":"Affaires \u00e9tudiantes"},"content":{"rendered":"<p>A&#8217; la fin de chaque ann\u00e9e acad\u00e9mique, le conseil supr\u00eame des universit\u00e9s d\u00e9termine le nombre d\u2019\u00e9tudiants qui acceptent dans chaque facult\u00e9 ou institut au cours de la prochaine ann\u00e9e acad\u00e9mique, parmi ceux qui ont l\u2019enseignement secondaire g\u00e9n\u00e9ral. le Conseil supr\u00eame des universit\u00e9s d\u00e9termine \u00e9galement le nombre d\u2019\u00e9tudiants qui acceptent des non-citoyens de la r\u00e9publique arabe d\u2019\u00c9gypte, et rend une d\u00e9cision par le ministre de l\u2019enseignement sup\u00e9rieur.<\/p>\n<p>Les \u00e9tudiants qui ont obtenu l\u2019\u00e9cole secondaire sup\u00e9rieure ou l\u2019\u00e9quivalent : L\u2019approbation de l\u2019ordre du degr\u00e9 de r\u00e9ussite est prise en compte par le conseil sup\u00e9rieur des universit\u00e9s et apr\u00e8s avis des conseils des universit\u00e9s et des facult\u00e9s.<\/p>\n<p>Etudiants titulaires d\u2019un dipl\u00f4me technique : admis \u00e0 la facult\u00e9 d\u2019Ing\u00e9nierie, titulaire d\u2019un dipl\u00f4me sup\u00e9rieur en enseignement secondaire industriel.<\/p>\n","protected":false},"excerpt":{"rendered":"<p>A&#8217; la fin de chaque ann\u00e9e acad\u00e9mique, le conseil supr\u00eame des universit\u00e9s d\u00e9termine le nombre d\u2019\u00e9tudiants qui acceptent dans chaque facult\u00e9 ou institut au cours de la prochaine ann\u00e9e acad\u00e9mique, [&hellip;]<\/p>\n","protected":false},"author":2,"featured_media":0,"parent":0,"menu_order":0,"comment_status":"closed","ping_status":"closed","template":"","meta":[],"_links":{"self":[{"href":"https:\/\/www.svu.edu.eg\/faculties\/eng\/wp-json\/wp\/v2\/pages\/4922"}],"collection":[{"href":"https:\/\/www.svu.edu.eg\/faculties\/eng\/wp-json\/wp\/v2\/pages"}],"about":[{"href":"https:\/\/www.svu.edu.eg\/faculties\/eng\/wp-json\/wp\/v2\/types\/page"}],"author":[{"embeddable":true,"href":"https:\/\/www.svu.edu.eg\/faculties\/eng\/wp-json\/wp\/v2\/users\/2"}],"replies":[{"embeddable":true,"href":"https:\/\/www.svu.edu.eg\/faculties\/eng\/wp-json\/wp\/v2\/comments?post=4922"}],"version-history":[{"count":1,"href":"https:\/\/www.svu.edu.eg\/faculties\/eng\/wp-json\/wp\/v2\/pages\/4922\/revisions"}],"predecessor-version":[{"id":4923,"href":"https:\/\/www.svu.edu.eg\/faculties\/eng\/wp-json\/wp\/v2\/pages\/4922\/revisions\/4923"}],"wp:attachment":[{"href":"https:\/\/www.svu.edu.eg\/faculties\/eng\/wp-json\/wp\/v2\/media?parent=4922"}],"curies":[{"name":"wp","href":"https:\/\/api.w.org\/{rel}","templated":true}]}}