{"id":4899,"date":"2022-02-28T08:54:51","date_gmt":"2022-02-28T08:54:51","guid":{"rendered":"http:\/\/www.svu.edu.eg\/faculties\/eng\/?page_id=4899"},"modified":"2022-03-01T10:20:04","modified_gmt":"2022-03-01T10:20:04","slug":"le-rendement-de-la-creation","status":"publish","type":"page","link":"https:\/\/www.svu.edu.eg\/faculties\/eng\/fr\/bref-historique\/le-rendement-de-la-creation\/","title":{"rendered":"Le rendement de la cr\u00e9ation"},"content":{"rendered":"<p>1- Facult\u00e9 d\u2019ing\u00e9nierie de l\u2019Universit\u00e9 du Sud de la vall\u00e9e \u00e0 Q\u00e9na servent une grande partie de la population dans le sud de la vall\u00e9e. Cette facult\u00e9 peut servir plus de cinq millions de personnes dans nos gouvernorats (Q\u00e9na , la mer rouge et Wadi al-Jadid).<\/p>\n<p>2- Facult\u00e9 d\u2019ing\u00e9nierie offre des possibilit\u00e9s d\u2019emploi pour les dipl\u00f4m\u00e9s dans divers domaines de l\u2019ing\u00e9nierie pour servir des investissements et des projets industriels dans le gouvernorat, contribuant ainsi \u00e0 la solution du probl\u00e8me du ch\u00f4mage dans la r\u00e9gion du Sud de la vall\u00e9e.<\/p>\n<p>3- &nbsp;Combler la grave p\u00e9nurie de disciplines d\u2019ing\u00e9nierie dans le sud de la vall\u00e9e, si la facult\u00e9 d&#8217;ing\u00e9nierie acceptera par exemple (200) \u00e9tudiants pour rejoindre la 1\u00e8re division en 2007\/2008, alors cette facult\u00e9 doit obtenir un dipl\u00f4me d\u2019un certain nombre (200) ing\u00e9nieurs, ce qui est beaucoup moins que les besoins du territoire.<\/p>\n<p>4- La facult\u00e9 d\u2019ing\u00e9nierie fournit les besoins des pays arabes, en particulier les \u00c9tats du Golfe, dans ce qu\u2019ils exigent des ing\u00e9nieurs dans diff\u00e9rentes disciplines, et les membres du corps professoral sp\u00e9cialis\u00e9 dans le domaine de l\u2019ing\u00e9nierie. Cela pourrait conduire \u00e0 une monnaie difficile de transf\u00e9rer l\u2019\u00e9pargne de ceux qui travaillent dans les \u00c9tats du Golfe, qui sont montr\u00e9s par les d\u00e9clarations p\u00e9riodiques dans les diff\u00e9rents journaux nationaux.<\/p>\n<p>5- R\u00e9pond aux besoins d\u2019expansion afin de r\u00e9pondre \u00e0 l\u2019augmentation de la population du gouvernorat de Q\u00e9na et des gouvernorats voisins (environ 5&nbsp;millions de personnes)<\/p>\n<p>6- Gouvernorat de Q\u00e9na dispose d\u2019un certain nombre d\u2019usines strat\u00e9giques et int\u00e9gratives important telles que le complexe d\u2019aluminium de Naga Hammadi, sucreries, papier, bois, ciment, zones industrielles, zones architecturales, historiques et arch\u00e9ologiques, nouvelles villes et communaut\u00e9s urbaines, et aura besoin d\u2019un grand nombre d\u2019ing\u00e9nieurs dans toutes les disciplines.<\/p>\n<p>7- L\u2019\u00c9tat cherche \u00e0 profiter grandement de la richesse min\u00e9rale des gouvernorats les plus riches, ce qui n\u00e9cessite une facult\u00e9 d\u2019ing\u00e9nieurs qui contribue \u00e0 la planification et \u00e0 la recherche sur la fa\u00e7on d\u2019exploiter cette vaste richesse.<\/p>\n","protected":false},"excerpt":{"rendered":"<p>1- Facult\u00e9 d\u2019ing\u00e9nierie de l\u2019Universit\u00e9 du Sud de la vall\u00e9e \u00e0 Q\u00e9na servent une grande partie de la population dans le sud de la vall\u00e9e. Cette facult\u00e9 peut servir plus [&hellip;]<\/p>\n","protected":false},"author":2,"featured_media":0,"parent":4896,"menu_order":0,"comment_status":"closed","ping_status":"closed","template":"","meta":[],"_links":{"self":[{"href":"https:\/\/www.svu.edu.eg\/faculties\/eng\/wp-json\/wp\/v2\/pages\/4899"}],"collection":[{"href":"https:\/\/www.svu.edu.eg\/faculties\/eng\/wp-json\/wp\/v2\/pages"}],"about":[{"href":"https:\/\/www.svu.edu.eg\/faculties\/eng\/wp-json\/wp\/v2\/types\/page"}],"author":[{"embeddable":true,"href":"https:\/\/www.svu.edu.eg\/faculties\/eng\/wp-json\/wp\/v2\/users\/2"}],"replies":[{"embeddable":true,"href":"https:\/\/www.svu.edu.eg\/faculties\/eng\/wp-json\/wp\/v2\/comments?post=4899"}],"version-history":[{"count":2,"href":"https:\/\/www.svu.edu.eg\/faculties\/eng\/wp-json\/wp\/v2\/pages\/4899\/revisions"}],"predecessor-version":[{"id":6101,"href":"https:\/\/www.svu.edu.eg\/faculties\/eng\/wp-json\/wp\/v2\/pages\/4899\/revisions\/6101"}],"up":[{"embeddable":true,"href":"https:\/\/www.svu.edu.eg\/faculties\/eng\/wp-json\/wp\/v2\/pages\/4896"}],"wp:attachment":[{"href":"https:\/\/www.svu.edu.eg\/faculties\/eng\/wp-json\/wp\/v2\/media?parent=4899"}],"curies":[{"name":"wp","href":"https:\/\/api.w.org\/{rel}","templated":true}]}}