{"id":7346,"date":"2021-01-02T10:31:05","date_gmt":"2021-01-02T10:31:05","guid":{"rendered":"http:\/\/www.svu.edu.eg\/faculties\/edu\/?page_id=7346"},"modified":"2021-01-02T18:33:17","modified_gmt":"2021-01-02T18:33:17","slug":"services-technologiques","status":"publish","type":"page","link":"https:\/\/www.svu.edu.eg\/faculties\/edu\/fr\/services-technologiques\/","title":{"rendered":"Services technologiques"},"content":{"rendered":"<p><span style=\"font-size: 14pt;\"><strong>Unit\u00e9 des\u00a0 services technologiques<\/strong><\/span><\/p>\n<h2><span style=\"font-size: 14pt;\">l\u2019ICTP a cr\u00e9\u00e9 des unit\u00e9s dans les facult\u00e9s pour tous les \u00e9tudiants et les membres du corps professoral comme l&#8217;unit\u00e9 de services \u00e9lectroniques \u00a0au cours des cinq prochaines ann\u00e9es, progressivement, avec 20\u00a0% des facult\u00e9s de chaque universit\u00e9 par ann\u00e9e. Ces unit\u00e9s sont le lien entre les six projets pr\u00e9sent\u00e9s par l\u2019ICTP au niveau universitaire et les diff\u00e9rentes facult\u00e9s.<\/span><\/h2>\n<h2><span style=\"font-size: 14pt;\">En plus, les unit\u00e9s rendaient \u00a0plus efficace des projets universitaires (r\u00e9seau, syst\u00e8mes d\u2019information d&#8217;administration, formation, biblioth\u00e8que num\u00e9rique, apprentissage en ligne, passerelle num\u00e9rique), ainsi que des services exceptionnels en technologie de l\u2019information aux facult\u00e9s.<\/span><\/h2>\n","protected":false},"excerpt":{"rendered":"<p>Unit\u00e9 des\u00a0 services technologiques l\u2019ICTP a cr\u00e9\u00e9 des unit\u00e9s dans les facult\u00e9s pour tous les \u00e9tudiants et les membres du corps professoral comme l&#8217;unit\u00e9 de services \u00e9lectroniques \u00a0au cours des [&hellip;]<\/p>\n","protected":false},"author":2,"featured_media":0,"parent":0,"menu_order":0,"comment_status":"closed","ping_status":"closed","template":"","meta":[],"_links":{"self":[{"href":"https:\/\/www.svu.edu.eg\/faculties\/edu\/wp-json\/wp\/v2\/pages\/7346"}],"collection":[{"href":"https:\/\/www.svu.edu.eg\/faculties\/edu\/wp-json\/wp\/v2\/pages"}],"about":[{"href":"https:\/\/www.svu.edu.eg\/faculties\/edu\/wp-json\/wp\/v2\/types\/page"}],"author":[{"embeddable":true,"href":"https:\/\/www.svu.edu.eg\/faculties\/edu\/wp-json\/wp\/v2\/users\/2"}],"replies":[{"embeddable":true,"href":"https:\/\/www.svu.edu.eg\/faculties\/edu\/wp-json\/wp\/v2\/comments?post=7346"}],"version-history":[{"count":3,"href":"https:\/\/www.svu.edu.eg\/faculties\/edu\/wp-json\/wp\/v2\/pages\/7346\/revisions"}],"predecessor-version":[{"id":7376,"href":"https:\/\/www.svu.edu.eg\/faculties\/edu\/wp-json\/wp\/v2\/pages\/7346\/revisions\/7376"}],"wp:attachment":[{"href":"https:\/\/www.svu.edu.eg\/faculties\/edu\/wp-json\/wp\/v2\/media?parent=7346"}],"curies":[{"name":"wp","href":"https:\/\/api.w.org\/{rel}","templated":true}]}}