{"id":1138,"date":"2021-12-16T07:20:09","date_gmt":"2021-12-16T07:20:09","guid":{"rendered":"http:\/\/www.svu.edu.eg\/faculties\/dent\/?page_id=1138"},"modified":"2021-12-16T08:48:35","modified_gmt":"2021-12-16T08:48:35","slug":"affaires-etudiantes","status":"publish","type":"page","link":"https:\/\/www.svu.edu.eg\/faculties\/dent\/fr\/affaires-etudiantes\/","title":{"rendered":"Affaires \u00e9tudiantes"},"content":{"rendered":"\n<p style=\"text-align:left\"><strong>Registraire de l\u2019Ordre&nbsp;:<\/strong><\/p>\n\n\n\n<p style=\"text-align:left\">M\/ Mohamed Gamal Mohamed\nAbdel-latif<\/p>\n\n\n\n<p style=\"text-align:left\">T\/ 01001196454<\/p>\n\n\n\n<p style=\"text-align:left\"><strong>Fonctions d&#8217;administration :<\/strong><\/p>\n\n\n\n<ol><li>R\u00e9ception et r\u00e9vision des relev\u00e9s \u00e9lectroniques des\n\u00e9tudiants propos\u00e9s \u00e0 l\u2019admission au coll\u00e8ge par le Bureau de coordination par\nle biais des affaires \u00e9tudiantes centrales.<\/li><li>Recevoir les nouveaux \u00e9tudiants de l\u2019enseignement secondaire\ng\u00e9n\u00e9ral, r\u00e9viser et mettre \u00e0 jour leurs dossiers, faire des formulaires de\ncontr\u00f4le m\u00e9dical ainsi que les r\u00e8glements internes du coll\u00e8ge et effectuer\nl\u2019extraction des carnets universitaires pour eux.<\/li><li>Entrer et examiner toutes les donn\u00e9es sur les \u00e9tudiants\nadmis au SIG et d\u00e9terminer les r\u00e9sultats du SIG et les transmettre au\nD\u00e9partement des syst\u00e8mes d\u2019information de l\u2019Universit\u00e9 en temps opportun.<\/li><li>Entreprendre tout le travail de recrutement et de\ncoordination avec les ma\u00eetres le personnel enseignant du Coll\u00e8ge de\nl\u2019Universit\u00e9 de la Vall\u00e9e du Sud et d\u2019autres universit\u00e9s pour \u00e9laborer les\ntables de cours th\u00e9oriques et pratiques, puis de suivre le processus en douceur\net de surmonter tout obstacles sp\u00e9cifiques aux ma\u00eetres, facult\u00e9 et les\n\u00e9tudiants.<\/li><li>Le respect int\u00e9gral des r\u00e8gles de proc\u00e9dure du Coll\u00e8ge .<\/li><\/ol>\n\n\n\n<p><\/p>\n","protected":false},"excerpt":{"rendered":"<p>Registraire de l\u2019Ordre&nbsp;: M\/ Mohamed Gamal Mohamed Abdel-latif T\/ 01001196454 Fonctions d&#8217;administration : R\u00e9ception et r\u00e9vision des relev\u00e9s \u00e9lectroniques des \u00e9tudiants propos\u00e9s \u00e0 l\u2019admission au coll\u00e8ge par le Bureau de [&hellip;]<\/p>\n","protected":false},"author":1,"featured_media":0,"parent":0,"menu_order":0,"comment_status":"closed","ping_status":"closed","template":"","meta":[],"_links":{"self":[{"href":"https:\/\/www.svu.edu.eg\/faculties\/dent\/wp-json\/wp\/v2\/pages\/1138"}],"collection":[{"href":"https:\/\/www.svu.edu.eg\/faculties\/dent\/wp-json\/wp\/v2\/pages"}],"about":[{"href":"https:\/\/www.svu.edu.eg\/faculties\/dent\/wp-json\/wp\/v2\/types\/page"}],"author":[{"embeddable":true,"href":"https:\/\/www.svu.edu.eg\/faculties\/dent\/wp-json\/wp\/v2\/users\/1"}],"replies":[{"embeddable":true,"href":"https:\/\/www.svu.edu.eg\/faculties\/dent\/wp-json\/wp\/v2\/comments?post=1138"}],"version-history":[{"count":3,"href":"https:\/\/www.svu.edu.eg\/faculties\/dent\/wp-json\/wp\/v2\/pages\/1138\/revisions"}],"predecessor-version":[{"id":1536,"href":"https:\/\/www.svu.edu.eg\/faculties\/dent\/wp-json\/wp\/v2\/pages\/1138\/revisions\/1536"}],"wp:attachment":[{"href":"https:\/\/www.svu.edu.eg\/faculties\/dent\/wp-json\/wp\/v2\/media?parent=1138"}],"curies":[{"name":"wp","href":"https:\/\/api.w.org\/{rel}","templated":true}]}}