{"id":4874,"date":"2020-12-19T11:34:24","date_gmt":"2020-12-19T11:34:24","guid":{"rendered":"http:\/\/www.svu.edu.eg\/faculties\/com\/?page_id=4874"},"modified":"2020-12-19T11:34:47","modified_gmt":"2020-12-19T11:34:47","slug":"ateliers","status":"publish","type":"page","link":"https:\/\/www.svu.edu.eg\/faculties\/com\/fr\/services-electronique\/ateliers\/","title":{"rendered":"Ateliers"},"content":{"rendered":"<p>1- Un atelier pour les membres du corps professoral et les \u00e9tudiants dipl\u00f4m\u00e9s pour pr\u00e9senter la Banque \u00e9gyptienne de connaissances<\/p>\n<p>2- Un atelier pour les employ\u00e9s&nbsp; pour activer e-mail<\/p>\n<p>3- Un atelier pour les membres du corps professoral afin de discuter des exigences \u00e9lectroniques<\/p>\n","protected":false},"excerpt":{"rendered":"<p>1- Un atelier pour les membres du corps professoral et les \u00e9tudiants dipl\u00f4m\u00e9s pour pr\u00e9senter la Banque \u00e9gyptienne de connaissances 2- Un atelier pour les employ\u00e9s&nbsp; pour activer e-mail 3- [&hellip;]<\/p>\n","protected":false},"author":2,"featured_media":0,"parent":4855,"menu_order":0,"comment_status":"closed","ping_status":"closed","template":"","meta":[],"_links":{"self":[{"href":"https:\/\/www.svu.edu.eg\/faculties\/com\/wp-json\/wp\/v2\/pages\/4874"}],"collection":[{"href":"https:\/\/www.svu.edu.eg\/faculties\/com\/wp-json\/wp\/v2\/pages"}],"about":[{"href":"https:\/\/www.svu.edu.eg\/faculties\/com\/wp-json\/wp\/v2\/types\/page"}],"author":[{"embeddable":true,"href":"https:\/\/www.svu.edu.eg\/faculties\/com\/wp-json\/wp\/v2\/users\/2"}],"replies":[{"embeddable":true,"href":"https:\/\/www.svu.edu.eg\/faculties\/com\/wp-json\/wp\/v2\/comments?post=4874"}],"version-history":[{"count":2,"href":"https:\/\/www.svu.edu.eg\/faculties\/com\/wp-json\/wp\/v2\/pages\/4874\/revisions"}],"predecessor-version":[{"id":4876,"href":"https:\/\/www.svu.edu.eg\/faculties\/com\/wp-json\/wp\/v2\/pages\/4874\/revisions\/4876"}],"up":[{"embeddable":true,"href":"https:\/\/www.svu.edu.eg\/faculties\/com\/wp-json\/wp\/v2\/pages\/4855"}],"wp:attachment":[{"href":"https:\/\/www.svu.edu.eg\/faculties\/com\/wp-json\/wp\/v2\/media?parent=4874"}],"curies":[{"name":"wp","href":"https:\/\/api.w.org\/{rel}","templated":true}]}}