{"id":2952,"date":"2022-02-16T10:02:44","date_gmt":"2022-02-16T10:02:44","guid":{"rendered":"http:\/\/www.svu.edu.eg\/faculties\/arch\/?page_id=2952"},"modified":"2022-02-16T10:02:59","modified_gmt":"2022-02-16T10:02:59","slug":"creation-de-lunite","status":"publish","type":"page","link":"https:\/\/www.svu.edu.eg\/faculties\/arch\/fr\/services-electroniques\/creation-de-lunite\/","title":{"rendered":"Cr\u00e9ation de l&#8217;unit\u00e9"},"content":{"rendered":"<p><span style=\"color: #000000;\"><em><span style=\"font-size: 14pt;\">Dans un effort du projet ICTP pour activer les services de technologie de l&#8217;information pour atteindre les b\u00e9n\u00e9ficiaires des facult\u00e9s, y compris les \u00e9tudiants, les membres du corps professoral et les employ\u00e9s,cette unit\u00e9 est le lien entre les projets pr\u00e9sent\u00e9s au niveau universitaires et entre les diff\u00e9rentes facult\u00e9s.La unit\u00e9 a \u00e9t\u00e9 cr\u00e9\u00e9e le 1\/10\/2013.<\/span><\/em><\/span><\/p>\n","protected":false},"excerpt":{"rendered":"<p>Dans un effort du projet ICTP pour activer les services de technologie de l&#8217;information pour atteindre les b\u00e9n\u00e9ficiaires des facult\u00e9s, y compris les \u00e9tudiants, les membres du corps professoral et [&hellip;]<\/p>\n","protected":false},"author":2,"featured_media":0,"parent":2045,"menu_order":0,"comment_status":"closed","ping_status":"closed","template":"","meta":[],"_links":{"self":[{"href":"https:\/\/www.svu.edu.eg\/faculties\/arch\/wp-json\/wp\/v2\/pages\/2952"}],"collection":[{"href":"https:\/\/www.svu.edu.eg\/faculties\/arch\/wp-json\/wp\/v2\/pages"}],"about":[{"href":"https:\/\/www.svu.edu.eg\/faculties\/arch\/wp-json\/wp\/v2\/types\/page"}],"author":[{"embeddable":true,"href":"https:\/\/www.svu.edu.eg\/faculties\/arch\/wp-json\/wp\/v2\/users\/2"}],"replies":[{"embeddable":true,"href":"https:\/\/www.svu.edu.eg\/faculties\/arch\/wp-json\/wp\/v2\/comments?post=2952"}],"version-history":[{"count":2,"href":"https:\/\/www.svu.edu.eg\/faculties\/arch\/wp-json\/wp\/v2\/pages\/2952\/revisions"}],"predecessor-version":[{"id":2954,"href":"https:\/\/www.svu.edu.eg\/faculties\/arch\/wp-json\/wp\/v2\/pages\/2952\/revisions\/2954"}],"up":[{"embeddable":true,"href":"https:\/\/www.svu.edu.eg\/faculties\/arch\/wp-json\/wp\/v2\/pages\/2045"}],"wp:attachment":[{"href":"https:\/\/www.svu.edu.eg\/faculties\/arch\/wp-json\/wp\/v2\/media?parent=2952"}],"curies":[{"name":"wp","href":"https:\/\/api.w.org\/{rel}","templated":true}]}}