{"id":1987,"date":"2020-12-28T09:05:57","date_gmt":"2020-12-28T09:05:57","guid":{"rendered":"http:\/\/www.svu.edu.eg\/faculties\/arch\/?page_id=1987"},"modified":"2022-02-16T07:10:23","modified_gmt":"2022-02-16T07:10:23","slug":"la-vision","status":"publish","type":"page","link":"https:\/\/www.svu.edu.eg\/faculties\/arch\/fr\/la-vision\/","title":{"rendered":"La vision"},"content":{"rendered":"<p><span style=\"font-family: georgia, palatino;\"><em><span style=\"font-size: 14pt;\">Etablir un lien entre deux domaine du monde universitaire,\u00a0de la recherche et domaine op\u00e9rationnel appartient \u00e0 patrimoine arch\u00e9ologique,\u00a0culturel, histoire, et \u00e9valuation des consultations pour acteurs, d\u00e9veloppement de connaissance de l\u2019arch\u00e9ologie et participant \u00e0 servir Sema au sud de la vall\u00e9e<\/span><\/em><\/span><\/p>\n","protected":false},"excerpt":{"rendered":"<p>Etablir un lien entre deux domaine du monde universitaire,\u00a0de la recherche et domaine op\u00e9rationnel appartient \u00e0 patrimoine arch\u00e9ologique,\u00a0culturel, histoire, et \u00e9valuation des consultations pour acteurs, d\u00e9veloppement de connaissance de l\u2019arch\u00e9ologie [&hellip;]<\/p>\n","protected":false},"author":2,"featured_media":0,"parent":0,"menu_order":0,"comment_status":"closed","ping_status":"closed","template":"","meta":[],"_links":{"self":[{"href":"https:\/\/www.svu.edu.eg\/faculties\/arch\/wp-json\/wp\/v2\/pages\/1987"}],"collection":[{"href":"https:\/\/www.svu.edu.eg\/faculties\/arch\/wp-json\/wp\/v2\/pages"}],"about":[{"href":"https:\/\/www.svu.edu.eg\/faculties\/arch\/wp-json\/wp\/v2\/types\/page"}],"author":[{"embeddable":true,"href":"https:\/\/www.svu.edu.eg\/faculties\/arch\/wp-json\/wp\/v2\/users\/2"}],"replies":[{"embeddable":true,"href":"https:\/\/www.svu.edu.eg\/faculties\/arch\/wp-json\/wp\/v2\/comments?post=1987"}],"version-history":[{"count":3,"href":"https:\/\/www.svu.edu.eg\/faculties\/arch\/wp-json\/wp\/v2\/pages\/1987\/revisions"}],"predecessor-version":[{"id":2921,"href":"https:\/\/www.svu.edu.eg\/faculties\/arch\/wp-json\/wp\/v2\/pages\/1987\/revisions\/2921"}],"wp:attachment":[{"href":"https:\/\/www.svu.edu.eg\/faculties\/arch\/wp-json\/wp\/v2\/media?parent=1987"}],"curies":[{"name":"wp","href":"https:\/\/api.w.org\/{rel}","templated":true}]}}