{"id":9039,"date":"2022-01-31T19:37:47","date_gmt":"2022-01-31T19:37:47","guid":{"rendered":"http:\/\/www.svu.edu.eg\/faculties\/sci\/?page_id=9039"},"modified":"2022-05-07T08:34:41","modified_gmt":"2022-05-07T08:34:41","slug":"bureau-du-doyen","status":"publish","type":"page","link":"http:\/\/www.svu.edu.eg\/faculties\/sci\/fr\/doyen-de-la-faculte\/bureau-du-doyen\/","title":{"rendered":"Bureau du Doyen"},"content":{"rendered":"<p><span style=\"font-family: 'book antiqua', palatino;\"><em><span style=\"font-size: 14pt;\"><strong>Administration<\/strong> <strong>du bureau du Doyen <\/strong><\/span><\/em><\/span><\/p>\n<p><span style=\"font-family: 'book antiqua', palatino;\"><em><span style=\"font-size: 14pt;\"><strong>T\u00e9l\u00e9phone interne : 1271<\/strong><\/span><\/em><\/span><\/p>\n<p><span style=\"font-family: 'book antiqua', palatino;\"><em><span style=\"font-size: 14pt;\"><strong>Lieu : B\u00e2timent administratif &#8211; Troisi\u00e8me \u00e9tage &#8211; Salle \u00a0302<\/strong><\/span><\/em><\/span><\/p>\n<p><span style=\"font-family: 'book antiqua', palatino;\"><em><span style=\"font-size: 14pt;\"><strong>\u00a0E-mail\u00a0:<span style=\"color: #0000ff;\"> Dean@sci.svu.edu.eg<\/span><\/strong><\/span><\/em><\/span><\/p>\n<p><span style=\"font-family: 'book antiqua', palatino;\"><em><span style=\"font-size: 14pt;\"><strong>Nom : Sayed Foly Ezz El-Arab<\/strong><\/span><\/em><\/span><\/p>\n<p><em><span style=\"font-size: 14pt; font-family: georgia, palatino;\">Fonction : Directeur<\/span><\/em><\/p>\n<p><span style=\"font-family: 'book antiqua', palatino;\"><em><span style=\"font-size: 14pt;\"><strong>Titre fonctionnel\u00a0 : commis au secr\u00e9tariat et aux archives<\/strong><\/span><\/em><\/span><\/p>\n<p><span style=\"font-family: 'book antiqua', palatino;\"><em><span style=\"font-size: 14pt;\"><strong>premier degr\u00e9<\/strong><\/span><\/em><\/span><\/p>\n<p><em><span style=\"font-size: 14pt; font-family: georgia, palatino;\">Dipl\u00f4me de commerce<\/span><\/em><\/p>\n<p><span style=\"font-family: 'book antiqua', palatino;\"><em><span style=\"font-size: 14pt;\"><strong>T\u00e9l\u00e9phone\u00a0: 01007290674<\/strong><\/span><\/em><\/span><\/p>\n","protected":false},"excerpt":{"rendered":"<p>Administration du bureau du Doyen T\u00e9l\u00e9phone interne : 1271 Lieu : B\u00e2timent administratif &#8211; Troisi\u00e8me \u00e9tage &#8211; Salle \u00a0302 \u00a0E-mail\u00a0: Dean@sci.svu.edu.eg Nom : Sayed Foly Ezz El-Arab Fonction : Directeur [&hellip;]<\/p>\n","protected":false},"author":3,"featured_media":0,"parent":8639,"menu_order":0,"comment_status":"closed","ping_status":"closed","template":"","meta":[],"jetpack_sharing_enabled":true,"_links":{"self":[{"href":"http:\/\/www.svu.edu.eg\/faculties\/sci\/wp-json\/wp\/v2\/pages\/9039"}],"collection":[{"href":"http:\/\/www.svu.edu.eg\/faculties\/sci\/wp-json\/wp\/v2\/pages"}],"about":[{"href":"http:\/\/www.svu.edu.eg\/faculties\/sci\/wp-json\/wp\/v2\/types\/page"}],"author":[{"embeddable":true,"href":"http:\/\/www.svu.edu.eg\/faculties\/sci\/wp-json\/wp\/v2\/users\/3"}],"replies":[{"embeddable":true,"href":"http:\/\/www.svu.edu.eg\/faculties\/sci\/wp-json\/wp\/v2\/comments?post=9039"}],"version-history":[{"count":2,"href":"http:\/\/www.svu.edu.eg\/faculties\/sci\/wp-json\/wp\/v2\/pages\/9039\/revisions"}],"predecessor-version":[{"id":9663,"href":"http:\/\/www.svu.edu.eg\/faculties\/sci\/wp-json\/wp\/v2\/pages\/9039\/revisions\/9663"}],"up":[{"embeddable":true,"href":"http:\/\/www.svu.edu.eg\/faculties\/sci\/wp-json\/wp\/v2\/pages\/8639"}],"wp:attachment":[{"href":"http:\/\/www.svu.edu.eg\/faculties\/sci\/wp-json\/wp\/v2\/media?parent=9039"}],"curies":[{"name":"wp","href":"https:\/\/api.w.org\/{rel}","templated":true}]}}