{"id":5094,"date":"2020-12-22T20:27:21","date_gmt":"2020-12-22T20:27:21","guid":{"rendered":"http:\/\/www.svu.edu.eg\/faculties\/sci\/?page_id=5094"},"modified":"2022-03-02T09:04:53","modified_gmt":"2022-03-02T09:04:53","slug":"etudes-superieures","status":"publish","type":"page","link":"http:\/\/www.svu.edu.eg\/faculties\/sci\/fr\/etudes-superieures\/","title":{"rendered":"\u00c9tudes sup\u00e9rieures"},"content":{"rendered":"<p><\/p>\n<p><em><span style=\"font-size: 14pt; font-family: georgia, palatino;\"><strong>T\u00e9l\u00e9phone interne: 1280<\/strong><\/span><\/em><\/p>\n<p><\/p>\n<p><em><span style=\"font-size: 14pt; font-family: georgia, palatino;\">Nom: Ali Ahmed Mahmoud Mohamed<\/span><\/em><\/p>\n<p><em><span style=\"font-size: 14pt; font-family: georgia, palatino;\">Emploi directeur des \u00e9tudes sup\u00e9rieures<\/span><\/em><br><em><span style=\"font-size: 14pt; font-family: georgia, palatino;\">Titre du poste: Sp\u00e9cialiste des affaires \u00e9ducatives<\/span><\/em><br><em><span style=\"font-family: georgia, palatino;\"><span style=\"font-size: 14pt;\">premier degr\u00e9<\/span><\/span><\/em><br><em><span style=\"font-size: 14pt; font-family: georgia, palatino;\">qualification<\/span><\/em><br><em><span style=\"font-size: 14pt; font-family: georgia, palatino;\">Licence \u00e8s lettres&nbsp;_Langue arabe<\/span><\/em><\/p>\n<p><em><span style=\"font-size: 14pt; font-family: georgia, palatino;\">Master en grammaire et morphologie<\/span><\/em><\/p>\n<hr>\n<p><em><span style=\"font-size: 14pt; font-family: georgia, palatino;\">Nom: Emad Hakim Zaghari<\/span><\/em><\/p>\n<p><em><span style=\"font-size: 14pt; font-family: georgia, palatino;\">Emploi des \u00e9tudes sup\u00e9rieures<\/span><\/em><br><em><span style=\"font-size: 14pt; font-family: georgia, palatino;\">Titre du poste: Sp\u00e9cialiste de laboratoire<\/span><\/em><br><em><span style=\"font-size: 14pt; font-family: georgia, palatino;\">premier degr\u00e9<\/span><\/em><br><em><span style=\"font-size: 14pt; font-family: georgia, palatino;\">Dipl\u00f4me&nbsp;<\/span><\/em><\/p>\n<p><em><span style=\"font-size: 14pt; font-family: georgia, palatino;\"> Baccalaur\u00e9at en Math\u00e9matiques<\/span><\/em><\/p>\n<hr>\n<p><em><span style=\"font-size: 14pt; font-family: georgia, palatino;\">Nom:<\/span><span style=\"font-size: 14pt; font-family: georgia, palatino;\">&nbsp;Shaima Rajab Shaaban<\/span><\/em><\/p>\n<p><em><span style=\"font-size: 14pt; font-family: georgia, palatino;\">Emploi des \u00e9tudes sup\u00e9rieures<\/span><\/em><br><em><span style=\"font-size: 14pt; font-family: georgia, palatino;\">Titre du poste:Sp\u00e9cialiste <span class=\"text__translation\">sociale<\/span><\/span><\/em><br><em><span style=\"font-size: 14pt; font-family: georgia, palatino;\">Deuxi\u00e8me degr\u00e9<\/span><\/em><br><em><span style=\"font-size: 14pt; font-family: georgia, palatino;\">Qualification&nbsp;<\/span><\/em><\/p>\n<p><em><span style=\"font-size: 14pt; font-family: georgia, palatino;\"> Service social<\/span><\/em><\/p>\n<hr>\n<p><em><span style=\"font-size: 14pt; font-family: georgia, palatino;\">Nom: Moubarak Mohamed Ibrahim<\/span><\/em><\/p>\n<p><em><span style=\"font-size: 14pt; font-family: georgia, palatino;\">Emploi des \u00e9tudes sup\u00e9rieures<\/span><\/em><br><em><span style=\"font-size: 14pt; font-family: georgia, palatino;\">Titre du poste:Sp\u00e9cialiste <span class=\"text__translation\">sociale<\/span><\/span><\/em><br><em><span style=\"font-size: 14pt; font-family: georgia, palatino;\">Deuxi\u00e8me degr\u00e9<\/span><\/em><br><em><span style=\"font-size: 14pt; font-family: georgia, palatino;\">Qualification<\/span><\/em><\/p>\n<p><em><span style=\"font-size: 14pt; font-family: georgia, palatino;\">Service social<\/span><\/em><\/p>\n<hr>\n<p><em><span style=\"font-size: 14pt; font-family: georgia, palatino;\">Nom: Nadia Hussein Mahmoud Hussein<\/span><\/em><br><em><span style=\"font-size: 14pt; font-family: georgia, palatino;\">Emploi des \u00e9tudes sup\u00e9rieures<\/span><\/em><br><em><span style=\"font-size: 14pt; font-family: georgia, palatino;\">Titre du poste&nbsp;:&nbsp;sp\u00e9cialiste de l&#8217;administration<\/span><\/em><br><em><span style=\"font-size: 14pt; font-family: georgia, palatino;\">Troisi\u00e8me degr\u00e9&nbsp;<\/span><\/em><br><em><span style=\"font-size: 14pt; font-family: georgia, palatino;\">Qualification<\/span><\/em><\/p>\n<p><em><span style=\"font-size: 14pt; font-family: georgia, palatino;\">Licence \u00e8s lettres en sociologie<\/span><\/em><\/p>\n<p><\/p>\n\n\n<p style=\"text-align:left\"><\/p>\n","protected":false},"excerpt":{"rendered":"<p>T\u00e9l\u00e9phone interne: 1280 Nom: Ali Ahmed Mahmoud Mohamed Emploi directeur des \u00e9tudes sup\u00e9rieuresTitre du poste: Sp\u00e9cialiste des affaires \u00e9ducativespremier degr\u00e9qualificationLicence \u00e8s lettres&nbsp;_Langue arabe Master en grammaire et morphologie Nom: Emad [&hellip;]<\/p>\n","protected":false},"author":2,"featured_media":0,"parent":0,"menu_order":0,"comment_status":"closed","ping_status":"closed","template":"","meta":[],"jetpack_sharing_enabled":true,"_links":{"self":[{"href":"http:\/\/www.svu.edu.eg\/faculties\/sci\/wp-json\/wp\/v2\/pages\/5094"}],"collection":[{"href":"http:\/\/www.svu.edu.eg\/faculties\/sci\/wp-json\/wp\/v2\/pages"}],"about":[{"href":"http:\/\/www.svu.edu.eg\/faculties\/sci\/wp-json\/wp\/v2\/types\/page"}],"author":[{"embeddable":true,"href":"http:\/\/www.svu.edu.eg\/faculties\/sci\/wp-json\/wp\/v2\/users\/2"}],"replies":[{"embeddable":true,"href":"http:\/\/www.svu.edu.eg\/faculties\/sci\/wp-json\/wp\/v2\/comments?post=5094"}],"version-history":[{"count":3,"href":"http:\/\/www.svu.edu.eg\/faculties\/sci\/wp-json\/wp\/v2\/pages\/5094\/revisions"}],"predecessor-version":[{"id":5365,"href":"http:\/\/www.svu.edu.eg\/faculties\/sci\/wp-json\/wp\/v2\/pages\/5094\/revisions\/5365"}],"wp:attachment":[{"href":"http:\/\/www.svu.edu.eg\/faculties\/sci\/wp-json\/wp\/v2\/media?parent=5094"}],"curies":[{"name":"wp","href":"https:\/\/api.w.org\/{rel}","templated":true}]}}