{"id":5084,"date":"2020-12-22T20:20:21","date_gmt":"2020-12-22T20:20:21","guid":{"rendered":"http:\/\/www.svu.edu.eg\/faculties\/sci\/?page_id=5084"},"modified":"2022-02-24T07:56:02","modified_gmt":"2022-02-24T07:56:02","slug":"bureau-du-secretaire","status":"publish","type":"page","link":"http:\/\/www.svu.edu.eg\/faculties\/sci\/fr\/bureau-du-secretaire\/","title":{"rendered":"Bureau du secr\u00e9taire"},"content":{"rendered":"<p><span style=\"font-size: 14pt;\"><em><span style=\"font-family: georgia, palatino;\"><strong>Administration<\/strong>: -bureau du secr\u00e9taire<\/span><\/em><\/span><\/p>\n<p><span style=\"font-size: 14pt;\"><em><span style=\"font-family: georgia, palatino;\"><\/p>\n<p><span style=\"font-size: 14pt;\"><em><span style=\"font-family: georgia, palatino;\"><strong>Tel:<\/strong>&#8211; 1283<\/span><\/em><\/span><\/p>\n<p><span style=\"font-size: 14pt;\"><em><span style=\"font-family: georgia, palatino;\"><strong>Lieu<\/strong>:- b\u00e2timent de l&#8217;administration &#8211; deuxi\u00e8me \u00e9tage \u2013 salle 206<\/span><\/em><\/span><\/p>\n<p><span style=\"font-size: 14pt;\"><em><span style=\"font-family: georgia, palatino;\"><strong>E-mail<\/strong>:-<a href=\"mailto:manager@sci.svu.edu.eg\">manager@sci.svu.edu.eg<\/a><\/span><\/em><\/span><\/p>\n","protected":false},"excerpt":{"rendered":"<p>Administration: -bureau du secr\u00e9taire Tel:&#8211; 1283 Lieu:- b\u00e2timent de l&#8217;administration &#8211; deuxi\u00e8me \u00e9tage \u2013 salle 206 E-mail:-manager@sci.svu.edu.eg<\/p>\n","protected":false},"author":2,"featured_media":0,"parent":0,"menu_order":0,"comment_status":"closed","ping_status":"closed","template":"","meta":[],"jetpack_sharing_enabled":true,"_links":{"self":[{"href":"http:\/\/www.svu.edu.eg\/faculties\/sci\/wp-json\/wp\/v2\/pages\/5084"}],"collection":[{"href":"http:\/\/www.svu.edu.eg\/faculties\/sci\/wp-json\/wp\/v2\/pages"}],"about":[{"href":"http:\/\/www.svu.edu.eg\/faculties\/sci\/wp-json\/wp\/v2\/types\/page"}],"author":[{"embeddable":true,"href":"http:\/\/www.svu.edu.eg\/faculties\/sci\/wp-json\/wp\/v2\/users\/2"}],"replies":[{"embeddable":true,"href":"http:\/\/www.svu.edu.eg\/faculties\/sci\/wp-json\/wp\/v2\/comments?post=5084"}],"version-history":[{"count":2,"href":"http:\/\/www.svu.edu.eg\/faculties\/sci\/wp-json\/wp\/v2\/pages\/5084\/revisions"}],"predecessor-version":[{"id":5268,"href":"http:\/\/www.svu.edu.eg\/faculties\/sci\/wp-json\/wp\/v2\/pages\/5084\/revisions\/5268"}],"wp:attachment":[{"href":"http:\/\/www.svu.edu.eg\/faculties\/sci\/wp-json\/wp\/v2\/media?parent=5084"}],"curies":[{"name":"wp","href":"https:\/\/api.w.org\/{rel}","templated":true}]}}