{"id":4890,"date":"2020-12-17T09:42:03","date_gmt":"2020-12-17T09:42:03","guid":{"rendered":"http:\/\/www.svu.edu.eg\/faculties\/pharm\/?page_id=4890"},"modified":"2020-12-17T09:42:09","modified_gmt":"2020-12-17T09:42:09","slug":"la-contrainte-et-enregistre","status":"publish","type":"page","link":"http:\/\/www.svu.edu.eg\/faculties\/pharm\/fr\/la-contrainte-et-enregistre\/","title":{"rendered":"La contrainte et enregistre"},"content":{"rendered":"<p>Le d\u00e9partement de contrainte et de r\u00e9servation re\u00e7oit et dirige le courrier vers le coll\u00e8ge, et le courrier du coll\u00e8ge est recueilli et distribu\u00e9 \u00e0 n\u2019importe quel endroit en dehors du coll\u00e8ge.<\/p>\n<p>Yousef Ali Mohamed Ahmed<\/p>\n<p>Adel Ebrahem Ali<\/p>\n","protected":false},"excerpt":{"rendered":"<p>Le d\u00e9partement de contrainte et de r\u00e9servation re\u00e7oit et dirige le courrier vers le coll\u00e8ge, et le courrier du coll\u00e8ge est recueilli et distribu\u00e9 \u00e0 n\u2019importe quel endroit en dehors [&hellip;]<\/p>\n","protected":false},"author":2,"featured_media":0,"parent":0,"menu_order":0,"comment_status":"closed","ping_status":"closed","template":"","meta":[],"_links":{"self":[{"href":"http:\/\/www.svu.edu.eg\/faculties\/pharm\/wp-json\/wp\/v2\/pages\/4890"}],"collection":[{"href":"http:\/\/www.svu.edu.eg\/faculties\/pharm\/wp-json\/wp\/v2\/pages"}],"about":[{"href":"http:\/\/www.svu.edu.eg\/faculties\/pharm\/wp-json\/wp\/v2\/types\/page"}],"author":[{"embeddable":true,"href":"http:\/\/www.svu.edu.eg\/faculties\/pharm\/wp-json\/wp\/v2\/users\/2"}],"replies":[{"embeddable":true,"href":"http:\/\/www.svu.edu.eg\/faculties\/pharm\/wp-json\/wp\/v2\/comments?post=4890"}],"version-history":[{"count":1,"href":"http:\/\/www.svu.edu.eg\/faculties\/pharm\/wp-json\/wp\/v2\/pages\/4890\/revisions"}],"predecessor-version":[{"id":4891,"href":"http:\/\/www.svu.edu.eg\/faculties\/pharm\/wp-json\/wp\/v2\/pages\/4890\/revisions\/4891"}],"wp:attachment":[{"href":"http:\/\/www.svu.edu.eg\/faculties\/pharm\/wp-json\/wp\/v2\/media?parent=4890"}],"curies":[{"name":"wp","href":"https:\/\/api.w.org\/{rel}","templated":true}]}}