{"id":9039,"date":"2022-02-15T10:57:21","date_gmt":"2022-02-15T08:57:21","guid":{"rendered":"http:\/\/www.svu.edu.eg\/faculties\/med\/?page_id=9039"},"modified":"2022-02-15T11:01:38","modified_gmt":"2022-02-15T09:01:38","slug":"la-vision-la-mission-et-les-objectifs-de-lunite-dorientation-professionnelle","status":"publish","type":"page","link":"http:\/\/www.svu.edu.eg\/faculties\/med\/fr\/la-vision-la-mission-et-les-objectifs-de-lunite-dorientation-professionnelle\/","title":{"rendered":"La vision, la mission et les objectifs de l&#8217;Unit\u00e9 d&#8217;orientation professionnelle"},"content":{"rendered":"<p><img decoding=\"async\" loading=\"lazy\" class=\"aligncenter\" src=\"http:\/\/www.svu.edu.eg\/faculties\/med\/wp-content\/uploads\/2020\/09\/lo.jpg\" width=\"135\" height=\"169\" \/><\/p>\n<h3 style=\"text-align: left;\"><em><strong>La vision<\/strong><\/em><\/h3>\n<h5><em>Contribuer \u00e0 la r\u00e9alisation des <span class=\"text__translation\">caract\u00e9ristiques<\/span>\u00a0du dipl\u00f4m\u00e9 conform\u00e9ment \u00e0 la vision de la facult\u00e9 et assurer sa comp\u00e9titivit\u00e9 locale et r\u00e9gionale.<\/em><\/h5>\n<h3><em><strong>la mission<\/strong><\/em><\/h3>\n<h5><em>Atteindre la mission et l&#8217;objectif strat\u00e9gique de la facult\u00e9 en d\u00e9veloppant les comp\u00e9tences des \u00e9tudiants et en veillant \u00e0 ce qu&#8217;ils fournissent les conseils n\u00e9cessaires pendant la p\u00e9riode d&#8217;\u00e9ducation et de formation et apr\u00e8s l&#8217;obtention du dipl\u00f4me.<\/em><\/h5>\n<h3><strong><em>les objectifs<\/em><\/strong><\/h3>\n<h5><strong><em>&#8211;<\/em><\/strong><em>Sensibilisation \u00e0 l&#8217;importance d&#8217;orientation\u00a0pour les \u00e9tudiants et les membres du corps professoral.<\/em><br \/>\n<em>-Organiser et superviser la mise en \u0153uvre du programme annuel et suivre l&#8217;engagement des \u00e9tudiants et des membres du corps professoral.<\/em><br \/>\n<em>-Activer et superviser la mise en \u0153uvre des heures au long de l&#8217;ann\u00e9e.<\/em><br \/>\n<em>-Participation \u00e0 la pr\u00e9paration de l&#8217;accueil de nouveaux \u00e9tudiants.<\/em><br \/>\n<em>-Pr\u00e9sentez aux \u00e9tudiants les opportunit\u00e9s disponibles apr\u00e8s l&#8217;obtention du dipl\u00f4me et aidez-les \u00e0 choisir ce qui leur convient.<\/em><br \/>\n<em>-\u00c9laborer et suivre des programmes de formation pour les m\u00e9decins.<\/em><\/h5>\n","protected":false},"excerpt":{"rendered":"<p>La vision Contribuer \u00e0 la r\u00e9alisation des caract\u00e9ristiques\u00a0du dipl\u00f4m\u00e9 conform\u00e9ment \u00e0 la vision de la facult\u00e9 et assurer sa comp\u00e9titivit\u00e9 [&hellip;]<\/p>\n","protected":false},"author":2,"featured_media":0,"parent":0,"menu_order":0,"comment_status":"closed","ping_status":"closed","template":"","meta":{"_monsterinsights_skip_tracking":false,"_monsterinsights_sitenote_active":false,"_monsterinsights_sitenote_note":"","_monsterinsights_sitenote_category":0},"_links":{"self":[{"href":"http:\/\/www.svu.edu.eg\/faculties\/med\/wp-json\/wp\/v2\/pages\/9039"}],"collection":[{"href":"http:\/\/www.svu.edu.eg\/faculties\/med\/wp-json\/wp\/v2\/pages"}],"about":[{"href":"http:\/\/www.svu.edu.eg\/faculties\/med\/wp-json\/wp\/v2\/types\/page"}],"author":[{"embeddable":true,"href":"http:\/\/www.svu.edu.eg\/faculties\/med\/wp-json\/wp\/v2\/users\/2"}],"replies":[{"embeddable":true,"href":"http:\/\/www.svu.edu.eg\/faculties\/med\/wp-json\/wp\/v2\/comments?post=9039"}],"version-history":[{"count":6,"href":"http:\/\/www.svu.edu.eg\/faculties\/med\/wp-json\/wp\/v2\/pages\/9039\/revisions"}],"predecessor-version":[{"id":9045,"href":"http:\/\/www.svu.edu.eg\/faculties\/med\/wp-json\/wp\/v2\/pages\/9039\/revisions\/9045"}],"wp:attachment":[{"href":"http:\/\/www.svu.edu.eg\/faculties\/med\/wp-json\/wp\/v2\/media?parent=9039"}],"curies":[{"name":"wp","href":"https:\/\/api.w.org\/{rel}","templated":true}]}}