{"id":8901,"date":"2022-02-12T12:01:09","date_gmt":"2022-02-12T10:01:09","guid":{"rendered":"http:\/\/www.svu.edu.eg\/faculties\/med\/?page_id=8901"},"modified":"2022-02-13T11:56:49","modified_gmt":"2022-02-13T09:56:49","slug":"unite-it","status":"publish","type":"page","link":"http:\/\/www.svu.edu.eg\/faculties\/med\/fr\/les-services-electroniques\/unite-it\/","title":{"rendered":"Unit\u00e9 IT"},"content":{"rendered":"<h5><strong><em>Cr\u00e9ation de l\u2019Unit\u00e9 \u00e9lectronique<\/em><\/strong><\/h5>\n<h5><strong><em>L&#8217;unit\u00e9 des services technologiques a \u00e9t\u00e9 cr\u00e9\u00e9e en janvier 2015 comme l&#8217;un des projets du conseil sup\u00e9rieur des universit\u00e9s dans le cadre du projet principal pour le d\u00e9veloppement des syst\u00e8mes d&#8217;information et de technologie dans l&#8217;enseignement sup\u00e9rieur, connu sous le nom d&#8217;ICTP. sous les auspices Prof. Dr.Abbas Mohamed Mansour- Pr\u00e9sident de l&#8217;Universit\u00e9 , Prof.Dr.Hamdi Mohamed Hussein &#8211; Doyen de la Facult\u00e9 ,Prof. Dr.Mohamed Omran Khalifa &#8211; Directeur ex\u00e9cutif du Centre d&#8217;information de l&#8217;Universit\u00e9 et Dr.Mohamed Hosni Hassan &#8211; Directeur de l&#8217;unit\u00e9.<\/em><\/strong><\/h5>\n","protected":false},"excerpt":{"rendered":"<p>Cr\u00e9ation de l\u2019Unit\u00e9 \u00e9lectronique L&#8217;unit\u00e9 des services technologiques a \u00e9t\u00e9 cr\u00e9\u00e9e en janvier 2015 comme l&#8217;un des projets du conseil [&hellip;]<\/p>\n","protected":false},"author":2,"featured_media":0,"parent":8897,"menu_order":0,"comment_status":"closed","ping_status":"closed","template":"","meta":{"_monsterinsights_skip_tracking":false,"_monsterinsights_sitenote_active":false,"_monsterinsights_sitenote_note":"","_monsterinsights_sitenote_category":0},"_links":{"self":[{"href":"http:\/\/www.svu.edu.eg\/faculties\/med\/wp-json\/wp\/v2\/pages\/8901"}],"collection":[{"href":"http:\/\/www.svu.edu.eg\/faculties\/med\/wp-json\/wp\/v2\/pages"}],"about":[{"href":"http:\/\/www.svu.edu.eg\/faculties\/med\/wp-json\/wp\/v2\/types\/page"}],"author":[{"embeddable":true,"href":"http:\/\/www.svu.edu.eg\/faculties\/med\/wp-json\/wp\/v2\/users\/2"}],"replies":[{"embeddable":true,"href":"http:\/\/www.svu.edu.eg\/faculties\/med\/wp-json\/wp\/v2\/comments?post=8901"}],"version-history":[{"count":7,"href":"http:\/\/www.svu.edu.eg\/faculties\/med\/wp-json\/wp\/v2\/pages\/8901\/revisions"}],"predecessor-version":[{"id":8991,"href":"http:\/\/www.svu.edu.eg\/faculties\/med\/wp-json\/wp\/v2\/pages\/8901\/revisions\/8991"}],"up":[{"embeddable":true,"href":"http:\/\/www.svu.edu.eg\/faculties\/med\/wp-json\/wp\/v2\/pages\/8897"}],"wp:attachment":[{"href":"http:\/\/www.svu.edu.eg\/faculties\/med\/wp-json\/wp\/v2\/media?parent=8901"}],"curies":[{"name":"wp","href":"https:\/\/api.w.org\/{rel}","templated":true}]}}