{"id":7904,"date":"2020-12-20T08:38:46","date_gmt":"2020-12-20T08:38:46","guid":{"rendered":"http:\/\/www.svu.edu.eg\/faculties\/law\/?page_id=7904"},"modified":"2021-01-21T08:47:47","modified_gmt":"2021-01-21T08:47:47","slug":"la-tresorerie","status":"publish","type":"page","link":"http:\/\/www.svu.edu.eg\/faculties\/law\/fr\/la-tresorerie\/","title":{"rendered":"La tr\u00e9sorerie"},"content":{"rendered":"\n<p style=\"text-align:left\">\n\nR\u00e9ception et comptabilisation des encaissements dans le Livret du Fonds conform\u00e9ment \u00e0 la r\u00e9glementation et \u00e0 la l\u00e9gislation en vigueur et d\u00e9p\u00f4t des revenus aupr\u00e8s de la Banque.<\/p>\n\n\n\n<p style=\"text-align:left\">Participation \u00e0 la v\u00e9rification du rapprochement comptable, des portefeuilles bancaires et des avis de r\u00e9ception.<\/p>\n\n\n\n<div class=\"wp-block-image\"><figure class=\"aligncenter is-resized\"><img decoding=\"async\" loading=\"lazy\" src=\"http:\/\/www.svu.edu.eg\/faculties\/law\/wp-content\/uploads\/2020\/08\/00-9-1.jpg\" alt=\"\" width=\"199\" height=\"297\"\/><\/figure><\/div>\n\n\n\n<p style=\"text-align:center\">M\/ Atiaa Mahmoud Ali Ahmed<\/p>\n\n\n\n<div class=\"wp-block-image\"><figure class=\"aligncenter\"><img decoding=\"async\" src=\"http:\/\/www.svu.edu.eg\/faculties\/law\/wp-content\/uploads\/2020\/12\/%D8%B4%D9%8A%D9%85%D8%A7%D8%A1-1-1-247x300.jpg\" alt=\"\"\/><\/figure><\/div>\n\n\n\n<p style=\"text-align:center\"><br>M\/ Al-shaimaa Saleh Ali Saleh <\/p>\n","protected":false},"excerpt":{"rendered":"<p>R\u00e9ception et comptabilisation des encaissements dans le Livret du Fonds conform\u00e9ment \u00e0 la r\u00e9glementation et \u00e0 la l\u00e9gislation en vigueur et d\u00e9p\u00f4t des revenus aupr\u00e8s de la Banque. Participation \u00e0 [&hellip;]<\/p>\n","protected":false},"author":2,"featured_media":0,"parent":0,"menu_order":0,"comment_status":"closed","ping_status":"closed","template":"","meta":[],"_links":{"self":[{"href":"http:\/\/www.svu.edu.eg\/faculties\/law\/wp-json\/wp\/v2\/pages\/7904"}],"collection":[{"href":"http:\/\/www.svu.edu.eg\/faculties\/law\/wp-json\/wp\/v2\/pages"}],"about":[{"href":"http:\/\/www.svu.edu.eg\/faculties\/law\/wp-json\/wp\/v2\/types\/page"}],"author":[{"embeddable":true,"href":"http:\/\/www.svu.edu.eg\/faculties\/law\/wp-json\/wp\/v2\/users\/2"}],"replies":[{"embeddable":true,"href":"http:\/\/www.svu.edu.eg\/faculties\/law\/wp-json\/wp\/v2\/comments?post=7904"}],"version-history":[{"count":2,"href":"http:\/\/www.svu.edu.eg\/faculties\/law\/wp-json\/wp\/v2\/pages\/7904\/revisions"}],"predecessor-version":[{"id":8714,"href":"http:\/\/www.svu.edu.eg\/faculties\/law\/wp-json\/wp\/v2\/pages\/7904\/revisions\/8714"}],"wp:attachment":[{"href":"http:\/\/www.svu.edu.eg\/faculties\/law\/wp-json\/wp\/v2\/media?parent=7904"}],"curies":[{"name":"wp","href":"https:\/\/api.w.org\/{rel}","templated":true}]}}