{"id":7896,"date":"2020-12-20T08:30:38","date_gmt":"2020-12-20T08:30:38","guid":{"rendered":"http:\/\/www.svu.edu.eg\/faculties\/law\/?page_id=7896"},"modified":"2021-01-21T08:29:15","modified_gmt":"2021-01-21T08:29:15","slug":"les-entrepots","status":"publish","type":"page","link":"http:\/\/www.svu.edu.eg\/faculties\/law\/fr\/les-entrepots\/","title":{"rendered":"Les entrep\u00f4ts"},"content":{"rendered":"\n<p style=\"text-align:left\">Il est responsable du maintien et du maintien des\nstocks dans les limites requises.<\/p>\n\n\n\n<p style=\"text-align:left\">et la gestion des stocks selon des m\u00e9thodes modernes,\nen tenant compte de la s\u00e9curit\u00e9 g\u00e9n\u00e9rale des travailleurs et de l\u2019inventaire .<\/p>\n\n\n\n<p style=\"text-align:left\">et le suivi des d\u00e9veloppements au sein de l\u2019institution en coordination avec d\u2019autres services pour la durabilit\u00e9 de l\u2019inventaire.<\/p>\n\n\n\n<div class=\"wp-block-image\"><figure class=\"aligncenter\"><img decoding=\"async\" src=\"http:\/\/www.svu.edu.eg\/faculties\/law\/wp-content\/uploads\/2020\/08\/%D8%B7%D8%A7%D8%B1%D9%82-%D8%A7%D9%84%D8%B3%D9%8A%D8%AF-%D9%85%D8%AD%D9%85%D8%AF-1.jpg\" alt=\"\"\/><\/figure><\/div>\n\n\n\n<p style=\"text-align:center\">M\/ Tarek\nEl-saied Mohamed <\/p>\n\n\n\n<p style=\"text-align:center\">Directeur<\/p>\n\n\n\n<div class=\"wp-block-image\"><figure class=\"aligncenter is-resized\"><img decoding=\"async\" loading=\"lazy\" src=\"http:\/\/www.svu.edu.eg\/faculties\/law\/wp-content\/uploads\/2020\/08\/%D9%86%D9%88%D9%8A%D8%B1%D8%A9-%D8%AD%D8%B3%D9%8A%D9%86-%D8%A7%D8%AD%D9%85%D8%AF-1.jpg\" alt=\"\" width=\"197\" height=\"269\"\/><\/figure><\/div>\n\n\n\n<p style=\"text-align:center\">M\/ Noira Hessen Ahmed<\/p>\n\n\n\n<div class=\"wp-block-image\"><figure class=\"aligncenter is-resized\"><img decoding=\"async\" loading=\"lazy\" src=\"http:\/\/www.svu.edu.eg\/faculties\/law\/wp-content\/uploads\/2020\/08\/%D8%A7%D9%84%D8%B4%D9%8A%D9%85%D8%A7%D8%A1-%D9%85%D8%A8%D8%A7%D8%B1%D9%83-%D9%8A%D8%B32-1.jpg\" alt=\"\" width=\"220\" height=\"269\"\/><\/figure><\/div>\n\n\n\n<p style=\"text-align:center\">M\/ Al-shaimaa Mobarak Yasen <\/p>\n\n\n\n<div class=\"wp-block-image\"><figure class=\"aligncenter\"><img decoding=\"async\" src=\"http:\/\/www.svu.edu.eg\/faculties\/law\/wp-content\/uploads\/2020\/08\/%D9%87%D8%A7%D9%84%D8%A9-%D8%AE%D8%B6%D8%B1%D9%8A-%D8%B9%D9%84%D9%8A-1.jpg\" alt=\"\"\/><\/figure><\/div>\n\n\n\n<p style=\"text-align:center\">M\/\nHala Khodry Ali <\/p>\n","protected":false},"excerpt":{"rendered":"<p>Il est responsable du maintien et du maintien des stocks dans les limites requises. et la gestion des stocks selon des m\u00e9thodes modernes, en tenant compte de la s\u00e9curit\u00e9 g\u00e9n\u00e9rale [&hellip;]<\/p>\n","protected":false},"author":2,"featured_media":0,"parent":0,"menu_order":0,"comment_status":"closed","ping_status":"closed","template":"","meta":[],"_links":{"self":[{"href":"http:\/\/www.svu.edu.eg\/faculties\/law\/wp-json\/wp\/v2\/pages\/7896"}],"collection":[{"href":"http:\/\/www.svu.edu.eg\/faculties\/law\/wp-json\/wp\/v2\/pages"}],"about":[{"href":"http:\/\/www.svu.edu.eg\/faculties\/law\/wp-json\/wp\/v2\/types\/page"}],"author":[{"embeddable":true,"href":"http:\/\/www.svu.edu.eg\/faculties\/law\/wp-json\/wp\/v2\/users\/2"}],"replies":[{"embeddable":true,"href":"http:\/\/www.svu.edu.eg\/faculties\/law\/wp-json\/wp\/v2\/comments?post=7896"}],"version-history":[{"count":2,"href":"http:\/\/www.svu.edu.eg\/faculties\/law\/wp-json\/wp\/v2\/pages\/7896\/revisions"}],"predecessor-version":[{"id":8710,"href":"http:\/\/www.svu.edu.eg\/faculties\/law\/wp-json\/wp\/v2\/pages\/7896\/revisions\/8710"}],"wp:attachment":[{"href":"http:\/\/www.svu.edu.eg\/faculties\/law\/wp-json\/wp\/v2\/media?parent=7896"}],"curies":[{"name":"wp","href":"https:\/\/api.w.org\/{rel}","templated":true}]}}