{"id":7542,"date":"2020-12-05T08:27:48","date_gmt":"2020-12-05T08:27:48","guid":{"rendered":"http:\/\/www.svu.edu.eg\/faculties\/law\/?page_id=7542"},"modified":"2022-09-24T10:02:04","modified_gmt":"2022-09-24T10:02:04","slug":"homepage_fr","status":"publish","type":"page","link":"http:\/\/www.svu.edu.eg\/faculties\/law\/fr\/homepage_fr\/","title":{"rendered":"Homepage_fr"},"content":{"rendered":"<div id=\"pl-7542\"  class=\"panel-layout panel-is-rtl\" ><div id=\"pg-7542-0\"  class=\"panel-grid panel-no-style\" ><div id=\"pgc-7542-0-0\"  class=\"panel-grid-cell panel-grid-cell-empty\" ><\/div><\/div><div id=\"pg-7542-1\"  class=\"panel-grid panel-no-style\" ><div id=\"pgc-7542-1-0\"  class=\"panel-grid-cell\" ><div id=\"panel-7542-1-0-0\" class=\"so-panel widget widget_headline-widget panel-first-child panel-last-child\" data-index=\"0\" >\t\t<h1><\/h1>\n\t\t<div class=\"decoration\"><div class=\"decoration-inside\"><\/div><\/div>\n\t\t<h3><\/h3>\n\t\t<\/div><\/div><\/div><div id=\"pg-7542-2\"  class=\"panel-grid panel-no-style\" ><div id=\"pgc-7542-2-0\"  class=\"panel-grid-cell\" ><div id=\"panel-7542-2-0-0\" class=\"so-panel widget widget_headline-widget panel-first-child panel-last-child\" data-index=\"1\" >\t\t<h1><\/h1>\n\t\t<div class=\"decoration\"><div class=\"decoration-inside\"><\/div><\/div>\n\t\t<h3><\/h3>\n\t\t<\/div><\/div><\/div><div id=\"pg-7542-3\"  class=\"panel-grid panel-no-style\" ><div id=\"pgc-7542-3-0\"  class=\"panel-grid-cell\" ><div id=\"panel-7542-3-0-0\" class=\"so-panel widget widget_headline-widget panel-first-child panel-last-child\" data-index=\"2\" >\t\t<h1><\/h1>\n\t\t<div class=\"decoration\"><div class=\"decoration-inside\"><\/div><\/div>\n\t\t<h3><\/h3>\n\t\t<\/div><\/div><\/div><div id=\"pg-7542-4\"  class=\"panel-grid panel-no-style\" ><div id=\"pgc-7542-4-0\"  class=\"panel-grid-cell\" ><div id=\"panel-7542-4-0-0\" class=\"so-panel widget widget_siteorigin-panels-postloop panel-first-child\" data-index=\"3\" ><div class=\"panel-widget-style panel-widget-style-for-7542-4-0-0\" ><h3 class=\"widget-title\">Nouvelles<\/h3>\n<article id=\"post-16127\" class=\"post-16127 post type-post status-publish format-standard has-post-thumbnail hentry category-news-fr post-with-thumbnail post-with-thumbnail-icon\">\n\n\t\t\t<div class=\"entry-thumbnail\">\n\t\t\t<a href=\"http:\/\/www.svu.edu.eg\/faculties\/law\/fr\/premiere-reunion-du-conseil-de-la-faculte-de-droit-de-luniversite-de-sud-de-la-vallee\/\"><img width=\"200\" height=\"129\" src=\"http:\/\/www.svu.edu.eg\/faculties\/law\/wp-content\/uploads\/2022\/09\/14-1-200x129.jpg\" class=\"attachment-thumbnail size-thumbnail wp-post-image\" alt=\"\" decoding=\"async\" loading=\"lazy\" srcset=\"http:\/\/www.svu.edu.eg\/faculties\/law\/wp-content\/uploads\/2022\/09\/14-1-200x129.jpg 200w, http:\/\/www.svu.edu.eg\/faculties\/law\/wp-content\/uploads\/2022\/09\/14-1-300x193.jpg 300w, http:\/\/www.svu.edu.eg\/faculties\/law\/wp-content\/uploads\/2022\/09\/14-1-768x495.jpg 768w, http:\/\/www.svu.edu.eg\/faculties\/law\/wp-content\/uploads\/2022\/09\/14-1-1024x660.jpg 1024w\" sizes=\"(max-width: 200px) 100vw, 200px\" \/><\/a>\n\t\t<\/div>\n\t\n\t<div class=\"entry-main\">\n\n\t\t\n\t\t<header class=\"entry-header\">\n\t\t\t\n\t\t\t<h1 class=\"entry-title\"><a href=\"http:\/\/www.svu.edu.eg\/faculties\/law\/fr\/premiere-reunion-du-conseil-de-la-faculte-de-droit-de-luniversite-de-sud-de-la-vallee\/\" title=\"Permalink to Premi\u00e8re r\u00e9union du Conseil de la Facult\u00e9 de droit de l\u2019Universit\u00e9 de sud de la vall\u00e9e\" rel=\"bookmark\">Premi\u00e8re r\u00e9union du Conseil de la Facult\u00e9 de droit de l\u2019Universit\u00e9 de sud de la vall\u00e9e<\/a><\/h1>\n\n\t\t\t\t\t\t\t<div class=\"entry-meta\">\n\t\t\t\t\tPosted on <a href=\"http:\/\/www.svu.edu.eg\/faculties\/law\/fr\/premiere-reunion-du-conseil-de-la-faculte-de-droit-de-luniversite-de-sud-de-la-vallee\/\" title=\"9:08 \u0635\" rel=\"bookmark\"><time class=\"entry-date\" datetime=\"2022-09-19T09:08:24+00:00\">\u0633\u0628\u062a\u0645\u0628\u0631 19, 2022<\/time><\/a><time class=\"updated\" datetime=\"2022-09-26T09:18:51+00:00\">\u0633\u0628\u062a\u0645\u0628\u0631 26, 2022<\/time>  \t\t\t\t<\/div><!-- .entry-meta -->\n\t\t\t\n\t\t<\/header><!-- .entry-header -->\n\n\t\t\t\t\t<div class=\"entry-content\">\n\t\t\t\t<p>Sous les auspices&nbsp; Dr. Youssef Garbawy, Recteur de l\u2019Universit\u00e9, la premi\u00e8re r\u00e9union de la Facult\u00e9 de droit de l\u2019Universit\u00e9 du sud de la vall\u00e9e s\u2019est tenue au si\u00e8ge du Coll\u00e8ge [&hellip;]<\/p>\n\t\t\t\t\t\t\t\t<a class=\"more-link\" href=\"http:\/\/www.svu.edu.eg\/faculties\/law\/fr\/premiere-reunion-du-conseil-de-la-faculte-de-droit-de-luniversite-de-sud-de-la-vallee\/\">\u0627\u0644\u0645\u0632\u064a\u062f<span class=\"meta-nav\">&rarr;<\/span><\/a>\t\t\t\t\t\t\t<\/div><!-- .entry-content -->\n\t\t\n\t\t\n\t<\/div>\n\n<\/article><!-- #post-16127 -->\n\n<article id=\"post-11254\" class=\"post-11254 post type-post status-publish format-standard has-post-thumbnail hentry category-news-fr category-news-fr-fr category-uncategorized-fr post-with-thumbnail post-with-thumbnail-icon\">\n\n\t\t\t<div class=\"entry-thumbnail\">\n\t\t\t<a href=\"http:\/\/www.svu.edu.eg\/faculties\/law\/fr\/emergence-du-resultat-du-diplome-des-droits-de-lhomme\/\"><img width=\"150\" height=\"150\" src=\"http:\/\/www.svu.edu.eg\/faculties\/law\/wp-content\/uploads\/2021\/08\/195024966_488525832357587_8153718382573269391_n-150x150.jpg\" class=\"attachment-thumbnail size-thumbnail wp-post-image\" alt=\"\" decoding=\"async\" loading=\"lazy\" srcset=\"http:\/\/www.svu.edu.eg\/faculties\/law\/wp-content\/uploads\/2021\/08\/195024966_488525832357587_8153718382573269391_n-150x150.jpg 150w, http:\/\/www.svu.edu.eg\/faculties\/law\/wp-content\/uploads\/2021\/08\/195024966_488525832357587_8153718382573269391_n-300x300.jpg 300w, http:\/\/www.svu.edu.eg\/faculties\/law\/wp-content\/uploads\/2021\/08\/195024966_488525832357587_8153718382573269391_n.jpg 479w\" sizes=\"(max-width: 150px) 100vw, 150px\" \/><\/a>\n\t\t<\/div>\n\t\n\t<div class=\"entry-main\">\n\n\t\t\n\t\t<header class=\"entry-header\">\n\t\t\t\n\t\t\t<h1 class=\"entry-title\"><a href=\"http:\/\/www.svu.edu.eg\/faculties\/law\/fr\/emergence-du-resultat-du-diplome-des-droits-de-lhomme\/\" title=\"Permalink to \u00c9mergence du r\u00e9sultat du Dipl\u00f4me des Droits de l\u2019Homme\" rel=\"bookmark\">\u00c9mergence du r\u00e9sultat du Dipl\u00f4me des Droits de l\u2019Homme<\/a><\/h1>\n\n\t\t\t\t\t\t\t<div class=\"entry-meta\">\n\t\t\t\t\tPosted on <a href=\"http:\/\/www.svu.edu.eg\/faculties\/law\/fr\/emergence-du-resultat-du-diplome-des-droits-de-lhomme\/\" title=\"8:13 \u0635\" rel=\"bookmark\"><time class=\"entry-date\" datetime=\"2021-08-19T08:13:07+00:00\">\u0623\u063a\u0633\u0637\u0633 19, 2021<\/time><\/a><time class=\"updated\" datetime=\"2022-09-24T10:00:18+00:00\">\u0633\u0628\u062a\u0645\u0628\u0631 24, 2022<\/time>  \t\t\t\t<\/div><!-- .entry-meta -->\n\t\t\t\n\t\t<\/header><!-- .entry-header -->\n\n\t\t\t\t\t<div class=\"entry-content\">\n\t\t\t\t<p>Dr. Youssef Ghorbawi, Pr\u00e9sident de l\u2019Universit\u00e9, a adopt\u00e9 le Dipl\u00f4me des Droits de l\u2019Homme (juillet&nbsp;2021\/2020) et le Dipl\u00f4me des Droits de l\u2019Homme a \u00e9t\u00e9 annonc\u00e9 sur le site de la [&hellip;]<\/p>\n\t\t\t\t\t\t\t\t<a class=\"more-link\" href=\"http:\/\/www.svu.edu.eg\/faculties\/law\/fr\/emergence-du-resultat-du-diplome-des-droits-de-lhomme\/\">\u0627\u0644\u0645\u0632\u064a\u062f<span class=\"meta-nav\">&rarr;<\/span><\/a>\t\t\t\t\t\t\t<\/div><!-- .entry-content -->\n\t\t\n\t\t\n\t<\/div>\n\n<\/article><!-- #post-11254 -->\n\n<article id=\"post-10366\" class=\"post-10366 post type-post status-publish format-standard has-post-thumbnail hentry category-news-fr category-news-fr-fr category-uncategorized-fr post-with-thumbnail post-with-thumbnail-icon\">\n\n\t\t\t<div class=\"entry-thumbnail\">\n\t\t\t<a href=\"http:\/\/www.svu.edu.eg\/faculties\/law\/fr\/le-doyen-du-college-initie-les-preparatifs-de-la-faculte-de-droit-pour-les-examens-du-deuxieme-semestre\/\"><img width=\"200\" height=\"106\" src=\"http:\/\/www.svu.edu.eg\/faculties\/law\/wp-content\/uploads\/2021\/05\/\u0662\u0660\u0662\u0660\u0661\u0662\u0662\u0660_\u0661\u0661\u0660\u0661\u0660\u0665-720x380-200x106.jpg\" class=\"attachment-thumbnail size-thumbnail wp-post-image\" alt=\"\" decoding=\"async\" loading=\"lazy\" srcset=\"http:\/\/www.svu.edu.eg\/faculties\/law\/wp-content\/uploads\/2021\/05\/\u0662\u0660\u0662\u0660\u0661\u0662\u0662\u0660_\u0661\u0661\u0660\u0661\u0660\u0665-720x380-200x106.jpg 200w, http:\/\/www.svu.edu.eg\/faculties\/law\/wp-content\/uploads\/2021\/05\/\u0662\u0660\u0662\u0660\u0661\u0662\u0662\u0660_\u0661\u0661\u0660\u0661\u0660\u0665-720x380-300x158.jpg 300w, http:\/\/www.svu.edu.eg\/faculties\/law\/wp-content\/uploads\/2021\/05\/\u0662\u0660\u0662\u0660\u0661\u0662\u0662\u0660_\u0661\u0661\u0660\u0661\u0660\u0665-720x380.jpg 720w\" sizes=\"(max-width: 200px) 100vw, 200px\" \/><\/a>\n\t\t<\/div>\n\t\n\t<div class=\"entry-main\">\n\n\t\t\n\t\t<header class=\"entry-header\">\n\t\t\t\n\t\t\t<h1 class=\"entry-title\"><a href=\"http:\/\/www.svu.edu.eg\/faculties\/law\/fr\/le-doyen-du-college-initie-les-preparatifs-de-la-faculte-de-droit-pour-les-examens-du-deuxieme-semestre\/\" title=\"Permalink to Le doyen du Coll\u00e8ge initie les pr\u00e9paratifs de la facult\u00e9 de droit pour les examens du deuxi\u00e8me semestre .\" rel=\"bookmark\">Le doyen du Coll\u00e8ge initie les pr\u00e9paratifs de la facult\u00e9 de droit pour les examens du deuxi\u00e8me semestre .<\/a><\/h1>\n\n\t\t\t\t\t\t\t<div class=\"entry-meta\">\n\t\t\t\t\tPosted on <a href=\"http:\/\/www.svu.edu.eg\/faculties\/law\/fr\/le-doyen-du-college-initie-les-preparatifs-de-la-faculte-de-droit-pour-les-examens-du-deuxieme-semestre\/\" title=\"7:46 \u0635\" rel=\"bookmark\"><time class=\"entry-date\" datetime=\"2021-05-22T07:46:45+00:00\">\u0645\u0627\u064a\u0648 22, 2021<\/time><\/a><time class=\"updated\" datetime=\"2022-09-24T10:00:18+00:00\">\u0633\u0628\u062a\u0645\u0628\u0631 24, 2022<\/time>  \t\t\t\t<\/div><!-- .entry-meta -->\n\t\t\t\n\t\t<\/header><!-- .entry-header -->\n\n\t\t\t\t\t<div class=\"entry-content\">\n\t\t\t\t<p>La Facult\u00e9 de droit a pr\u00e9par\u00e9 pour les examens du deuxi\u00e8me semestre, pour l\u2019ann\u00e9e universitaire 2020\/2021, lorsque des travaux sont en cours pour d\u00e9velopper tous les d\u00e9tails des proc\u00e9dures de [&hellip;]<\/p>\n\t\t\t\t\t\t\t\t<a class=\"more-link\" href=\"http:\/\/www.svu.edu.eg\/faculties\/law\/fr\/le-doyen-du-college-initie-les-preparatifs-de-la-faculte-de-droit-pour-les-examens-du-deuxieme-semestre\/\">\u0627\u0644\u0645\u0632\u064a\u062f<span class=\"meta-nav\">&rarr;<\/span><\/a>\t\t\t\t\t\t\t<\/div><!-- .entry-content -->\n\t\t\n\t\t\n\t<\/div>\n\n<\/article><!-- #post-10366 -->\n<\/div><\/div><div id=\"panel-7542-4-0-1\" class=\"so-panel widget widget_text panel-last-child\" data-index=\"4\" >\t\t\t<div class=\"textwidget\"><p style=\"direction: ltr;\"><a href=\"http:\/\/www.svu.edu.eg\/faculties\/law\/category\/news_fr\/\">Plus de nouvelles<\/a><\/p>\n<\/div>\n\t\t<\/div><\/div><\/div><div id=\"pg-7542-5\"  class=\"panel-grid panel-has-style\" ><div class=\"panel-row-style panel-row-style-for-7542-5\" ><div id=\"pgc-7542-5-0\"  class=\"panel-grid-cell\" ><div id=\"panel-7542-5-0-0\" class=\"so-panel widget widget_text panel-first-child panel-last-child\" data-index=\"5\" ><h3 class=\"widget-title\">Facult\u00e9 en nombres<\/h3>\t\t\t<div class=\"textwidget\"><table class=\"wp-list-table widefat fixed striped posts\">\n<tbody id=\"the-list\">\n<tr id=\"post-2540\" class=\"iedit author-self level-0 post-2540 type-tf_stats status-publish hentry post\">\n<td class=\"shortcode column-shortcode\" data-colname=\"Shortcode\"><section id=\"tf-stat-2540\" class=\"statistics \"  data-sp=\"10\" ><div class=\"statistics-inner\"><div class=\"stat\"  data-count=\"9590\" data-orignal_count=\"9590\"><span class=\"fa fa-balance-scale\"><\/span><span class=\"number\" ><\/span><span class=\"count-title\">\u0639\u062f\u062f \u0627\u0644\u0637\u0644\u0627\u0628<\/span><\/div><div class=\"stat\"  data-count=\"2869\" data-orignal_count=\"2869\"><span class=\"fa fa-mortar-board\"><\/span><span class=\"number\" ><\/span><span class=\"count-title\">\u0627\u0644\u062f\u0631\u0627\u0633\u0627\u062a \u0627\u0644\u0639\u0644\u064a\u0627<\/span><\/div><div class=\"stat\"  data-count=\"38\" data-orignal_count=\"38\"><span class=\"fa fa-balance-scale\"><\/span><span class=\"number\" ><\/span><span class=\"count-title\">\u0627\u0644\u0637\u0644\u0627\u0628 \u0627\u0644\u0648\u0627\u0641\u062f\u064a\u0646<\/span><\/div><div class=\"stat\"  data-count=\"2\" data-orignal_count=\"2\"><span class=\"fa fa-mortar-board\"><\/span><span class=\"number\" ><\/span><span class=\"count-title\">\u0627\u0644\u0648\u0627\u0641\u062f\u064a\u0646 \u062f\u0631\u0627\u0633\u0627\u062a \u0639\u0644\u064a\u0627<\/span><\/div><div class=\"stat\"  data-count=\"53\" data-orignal_count=\"53\"><span class=\"fa fa-male\"><\/span><span class=\"number\" ><\/span><span class=\"count-title\">\u0639\u062f\u062f \u0627\u0644\u0645\u0648\u0638\u0641\u064a\u0646<\/span><\/div><div class=\"stat\"  data-count=\"32\" data-orignal_count=\"32\"><span class=\"fa fa-graduation-cap\"><\/span><span class=\"number\" ><\/span><span class=\"count-title\">\u0623\u0639\u0636\u0627\u0621 \u0647\u064a\u0626\u0629 \u0627\u0644\u062a\u062f\u0631\u064a\u0633<\/span><\/div><div class=\"stat\"  data-count=\"1492\" data-orignal_count=\"1492\"><span class=\"fa fa-child\"><\/span><span class=\"number\" ><\/span><span class=\"count-title\">\u062e\u0631\u064a\u062c\u064a\u0646 2021\/2020<\/span><\/div><\/div><\/section><\/td>\n<\/tr>\n<tr id=\"post-2116\" class=\"iedit author-self level-0 post-2116 type-tf_stats status-publish hentry post\">\n<th class=\"check-column\" scope=\"row\"><\/th>\n<\/tr>\n<\/tbody>\n<\/table>\n<p>&nbsp;<\/p>\n<\/div>\n\t\t<\/div><\/div><\/div><\/div><div id=\"pg-7542-6\"  class=\"panel-grid panel-no-style\" ><div id=\"pgc-7542-6-0\"  class=\"panel-grid-cell\" ><div id=\"panel-7542-6-0-0\" class=\"so-panel widget widget_xyz_insert_php_widget panel-first-child panel-last-child\" data-index=\"6\" >\r\n\t<div class=\"announc\">\r\n      <h2> Conf\u00e9rence<\/h2>\r\n\t<div class=\"announc-body\">\r\n\t<ul>\r\n             \r\n<ul><li style=\"text-align:left;\"><a href=\"category\/conf_fr\/\">Plus<\/a><\/li>\r\n<\/ul>   <\/ul>\r\n\t<\/div>\r\n\t<\/div><\/div><\/div><div id=\"pgc-7542-6-1\"  class=\"panel-grid-cell\" ><div id=\"panel-7542-6-1-0\" class=\"so-panel widget widget_media_video panel-first-child panel-last-child\" data-index=\"7\" ><div style=\"width:100%;\" class=\"wp-video\"><!--[if lt IE 9]><script>document.createElement('video');<\/script><![endif]-->\n<video class=\"wp-video-shortcode\" id=\"video-10366-1\" preload=\"metadata\" controls=\"controls\"><source type=\"video\/youtube\" src=\"https:\/\/www.youtube.com\/watch?v=NeFgormd8x8&#038;_=1\" \/><a href=\"https:\/\/www.youtube.com\/watch?v=NeFgormd8x8\">https:\/\/www.youtube.com\/watch?v=NeFgormd8x8<\/a><\/video><\/div><\/div><\/div><div id=\"pgc-7542-6-2\"  class=\"panel-grid-cell\" ><div id=\"panel-7542-6-2-0\" class=\"so-panel widget widget_xyz_insert_php_widget panel-first-child panel-last-child\" data-index=\"8\" >\r\n\t<div class=\"announc\">\r\n      <h2> Annonces <\/h2>\r\n\t<div class=\"announc-body\">\r\n\t<ul>\r\n             \r\n<ul><li style=\"text-align:left;\"><a href=\"category\/ann_fr\/\">Plus<\/a><\/li>\r\n<\/ul>   <\/ul>\r\n\t<\/div>\r\n\t<\/div><\/div><\/div><\/div><div id=\"pg-7542-7\"  class=\"panel-grid panel-no-style\" ><div id=\"pgc-7542-7-0\"  class=\"panel-grid-cell\" ><div id=\"panel-7542-7-0-0\" class=\"so-panel widget widget_media_video panel-first-child panel-last-child\" data-index=\"9\" ><h3 class=\"widget-title\">simulacre de process (Serpents)<\/h3><div style=\"width:100%;\" class=\"wp-video\"><video class=\"wp-video-shortcode\" id=\"video-10366-2\" preload=\"metadata\" controls=\"controls\"><source type=\"video\/youtube\" src=\"https:\/\/www.youtube.com\/watch?v=7R_-a1fG63g&#038;_=2\" \/><a href=\"https:\/\/www.youtube.com\/watch?v=7R_-a1fG63g\">https:\/\/www.youtube.com\/watch?v=7R_-a1fG63g<\/a><\/video><\/div><\/div><\/div><div id=\"pgc-7542-7-1\"  class=\"panel-grid-cell\" ><div id=\"panel-7542-7-1-0\" class=\"so-panel widget widget_media_video panel-first-child panel-last-child\" data-index=\"10\" ><h3 class=\"widget-title\">simulacre de process (Apple)<\/h3><div style=\"width:100%;\" class=\"wp-video\"><video class=\"wp-video-shortcode\" id=\"video-10366-3\" preload=\"metadata\" controls=\"controls\"><source type=\"video\/youtube\" src=\"https:\/\/www.youtube.com\/watch?v=ykKEPuf6uAE&#038;_=3\" \/><a href=\"https:\/\/www.youtube.com\/watch?v=ykKEPuf6uAE\">https:\/\/www.youtube.com\/watch?v=ykKEPuf6uAE<\/a><\/video><\/div><\/div><\/div><\/div><div id=\"pg-7542-8\"  class=\"panel-grid panel-no-style\" ><div id=\"pgc-7542-8-0\"  class=\"panel-grid-cell\" ><div id=\"panel-7542-8-0-0\" class=\"so-panel widget widget_circleicon-widget panel-first-child\" data-index=\"11\" >\t\t<div class=\"circle-icon-box circle-icon-position-top circle-icon-hide-box circle-icon-size-small \">\n\t\t\t\t\t\t\t<div class=\"circle-icon-wrapper\">\n\t\t\t\t\t\t\t\t\t\t<a href=\"http:\/\/www.svu.edu.eg\/faculties\/law\/%d8%b1%d8%b3%d8%a7%d9%84%d8%a9-%d8%a7%d9%84%d9%83%d9%84%d9%8a%d8%a9\/\" class=\"link-icon\" >\t\t\t\t\t<div class=\"circle-icon icon-style-set\" style=\"background-color: #000000\">\n\t\t\t\t\t\t\t\t\t\t\t\t\t<div class=\"fa fa-pencil\" style=\"color: #eded6d\"><\/div>\n\t\t\t\t\t\t\t\t\t\t\t<\/div> \n\t\t\t\t\t<\/a>\t\t\t\t<\/div>\n\t\t\t\n\t\t\t\t\t\t\t<a href=\"http:\/\/www.svu.edu.eg\/faculties\/law\/%d8%b1%d8%b3%d8%a7%d9%84%d8%a9-%d8%a7%d9%84%d9%83%d9%84%d9%8a%d8%a9\/\" class=\"link-title\" >\n\t\t\t\t\t\t\t\t\t\t<h4 style=\"color: #af2900\">\n\t\t\t\t\tLa mission                           \t\t\t\t<\/h4>\n\t\t\t\t\t\t\t\t\t\t<\/a>\n\t\t\t\n\t\t\t\t\t\t\t<p class=\"text\" style=\"color: #1c007a\">La facult\u00e9 de droits est l'une  des facult\u00e9s de l'Universit\u00e9 du Sud de la vall\u00e9e dont  vise \u00e0 former des juristes qualifi\u00e9s dans diverses branches du droit ainsi que les dipl\u00f4m\u00e9s professionnels qui r\u00e9pondent aux besoins de la soci\u00e9t\u00e9.<\/p>\n\t\t\t\t\t\t\t\t\t\t<a href=\"http:\/\/www.svu.edu.eg\/faculties\/law\/%d8%b1%d8%b3%d8%a7%d9%84%d8%a9-%d8%a7%d9%84%d9%83%d9%84%d9%8a%d8%a9\/\" class=\"more-button\" >\u0627\u0644\u0645\u0632\u064a\u062f <i><\/i><\/a>\n\t\t\t\t\t<\/div>\n\t\t<\/div><div id=\"panel-7542-8-0-1\" class=\"so-panel widget widget_vantage-social-media panel-last-child\" data-index=\"12\" ><a class=\"social-media-icon social-media-icon-facebook social-media-icon-size-medium\" href=\"https:\/\/www.facebook.com\/law.qena?ref=hl\" title=\"\u0643\u0644\u064a\u0629 \u0627\u0644\u062d\u0642\u0648\u0642 Facebook\" ><span class=\"fa fa-facebook\"><\/span><\/a><a class=\"social-media-icon social-media-icon-twitter social-media-icon-size-medium\" href=\"https:\/\/twitter.com\/law18543484\" title=\"\u0643\u0644\u064a\u0629 \u0627\u0644\u062d\u0642\u0648\u0642 X (Twitter)\" ><span class=\"fa fa-twitter\"><\/span><\/a><a class=\"social-media-icon social-media-icon-envelope social-media-icon-size-medium\" href=\"mailto:dean.office@law.svu.edu.eg\" title=\"\u0643\u0644\u064a\u0629 \u0627\u0644\u062d\u0642\u0648\u0642 Email\" ><span class=\"fa fa-envelope\"><\/span><\/a><\/div><\/div><div id=\"pgc-7542-8-1\"  class=\"panel-grid-cell\" ><div id=\"panel-7542-8-1-0\" class=\"so-panel widget widget_circleicon-widget panel-first-child panel-last-child\" data-index=\"13\" >\t\t<div class=\"circle-icon-box circle-icon-position-top circle-icon-hide-box circle-icon-size-small \">\n\t\t\t\t\t\t\t<div class=\"circle-icon-wrapper\">\n\t\t\t\t\t\t\t\t\t\t<a href=\"http:\/\/www.svu.edu.eg\/faculties\/law\/%d8%a3%d9%87%d8%af%d8%a7%d9%81-%d8%a7%d9%84%d9%83%d9%84%d9%8a%d8%a9\/\" class=\"link-icon\" >\t\t\t\t\t<div class=\"circle-icon icon-style-set\" style=\"background-color: #000000\">\n\t\t\t\t\t\t\t\t\t\t\t\t\t<div class=\"fa fa-pencil\" style=\"color: #eded6d\"><\/div>\n\t\t\t\t\t\t\t\t\t\t\t<\/div> \n\t\t\t\t\t<\/a>\t\t\t\t<\/div>\n\t\t\t\n\t\t\t\t\t\t\t<a href=\"http:\/\/www.svu.edu.eg\/faculties\/law\/%d8%a3%d9%87%d8%af%d8%a7%d9%81-%d8%a7%d9%84%d9%83%d9%84%d9%8a%d8%a9\/\" class=\"link-title\" >\n\t\t\t\t\t\t\t\t\t\t<h4 style=\"color: #af2900\">\n\t\t\t\t\tObjectifs de la facult\u00e9\t\t\t\t<\/h4>\n\t\t\t\t\t\t\t\t\t\t<\/a>\n\t\t\t\n\t\t\t\t\t\t\t<p class=\"text\" style=\"color: #1c007a\">1)\tOffrir un excellent programme acad\u00e9mique suit le rythme des d\u00e9veloppements modernes dans divers domaines de droits.  2)\tFormation des \u00e9tudiants \u00e0 travers divers programmes de d\u00e9veloppement humain . 3)\tOrganiser le syst\u00e8me de suivi, de suivi et d\u2019\u00e9valuation . 4)\tD\u00e9velopper  les syst\u00e8mes administratifs de l'administration de la facult\u00e9 \u00e0 un \u00e9lectronique. 5)\tDonner la chance d'\u00e9tudier le droit pour tous. <\/p>\n\t\t\t\t\t\t\t\t\t\t<a href=\"http:\/\/www.svu.edu.eg\/faculties\/law\/%d8%a3%d9%87%d8%af%d8%a7%d9%81-%d8%a7%d9%84%d9%83%d9%84%d9%8a%d8%a9\/\" class=\"more-button\" >\u0627\u0644\u0645\u0632\u064a\u062f <i><\/i><\/a>\n\t\t\t\t\t<\/div>\n\t\t<\/div><\/div><div id=\"pgc-7542-8-2\"  class=\"panel-grid-cell\" ><div id=\"panel-7542-8-2-0\" class=\"so-panel widget widget_circleicon-widget panel-first-child panel-last-child\" data-index=\"14\" >\t\t<div class=\"circle-icon-box circle-icon-position-top circle-icon-hide-box circle-icon-size-small \">\n\t\t\t\t\t\t\t<div class=\"circle-icon-wrapper\">\n\t\t\t\t\t\t\t\t\t\t<div class=\"circle-icon icon-style-set\" style=\"background-color: #000000\">\n\t\t\t\t\t\t\t\t\t\t\t\t\t<div class=\"fa fa-pencil\" style=\"color: #eded6d\"><\/div>\n\t\t\t\t\t\t\t\t\t\t\t<\/div> \n\t\t\t\t\t\t\t\t\t<\/div>\n\t\t\t\n\t\t\t\t\t\t\t\t\t\t<h4 style=\"color: #af2900\">\n\t\t\t\t\tLa vision\t\t\t\t<\/h4>\n\t\t\t\t\t\t\n\t\t\t\t\t\t\t<p class=\"text\" style=\"color: #1c007a\">La facult\u00e9 de droits vise \u00e0 d\u00e9velopper la connaissance juridique, les comp\u00e9tences de recherche scientifique et de nobles valeurs humaines chez les \u00e9tudiants en tant que droits humains ainsi que l'interaction entre les \u00e9tudiants et la soci\u00e9t\u00e9 de la connaissance dans un syst\u00e8me int\u00e9gr\u00e9 de participation, de justice et de d\u00e9mocratie. <\/p>\n\t\t\t\t\t\t\t\t<\/div>\n\t\t<\/div><\/div><div id=\"pgc-7542-8-3\"  class=\"panel-grid-cell\" ><div id=\"panel-7542-8-3-0\" class=\"so-panel widget widget_circleicon-widget panel-first-child panel-last-child\" data-index=\"15\" >\t\t<div class=\"circle-icon-box circle-icon-position-top circle-icon-hide-box circle-icon-size-small \">\n\t\t\t\t\t\t\t<div class=\"circle-icon-wrapper\">\n\t\t\t\t\t\t\t\t\t\t<a href=\"http:\/\/www.svu.edu.eg\/faculties\/law\/%d8%b9%d9%86-%d8%a7%d9%84%d9%83%d9%84%d9%8a%d8%a9\/\" class=\"link-icon\" >\t\t\t\t\t<div class=\"circle-icon icon-style-set\" style=\"background-color: #000000\">\n\t\t\t\t\t\t\t\t\t\t\t\t\t<div class=\"fa fa-pencil\" style=\"color: #eded6d\"><\/div>\n\t\t\t\t\t\t\t\t\t\t\t<\/div> \n\t\t\t\t\t<\/a>\t\t\t\t<\/div>\n\t\t\t\n\t\t\t\t\t\t\t<a href=\"http:\/\/www.svu.edu.eg\/faculties\/law\/%d8%b9%d9%86-%d8%a7%d9%84%d9%83%d9%84%d9%8a%d8%a9\/\" class=\"link-title\" >\n\t\t\t\t\t\t\t\t\t\t<h4 style=\"color: #af2900\">\n\t\t\t\t\tA&#8217; propos\t\t\t\t<\/h4>\n\t\t\t\t\t\t\t\t\t\t<\/a>\n\t\t\t\n\t\t\t\t\t\t\t<p class=\"text\" style=\"color: #1c007a\">L\u2019\u00e9tude de droit est l\u2019une des \u00e9tudes humaines les plus importantes en raison de son association avec la soci\u00e9t\u00e9, ses probl\u00e8mes et les implications importantes pour le progr\u00e8s du pays. Il convient de noter que l'Universit\u00e9 du Sud de la vall\u00e9e a cr\u00e9\u00e9 la facult\u00e9 de droit  selon le d\u00e9cret r\u00e9publicain n. 129 de 2006, son r\u00e8glement int\u00e9rieur doit \u00eatre conforme aux normes de qualit\u00e9, l\u2019accr\u00e9ditation et la prestation d\u2019un service d\u2019\u00e9ducation de qualit\u00e9  et pour promouvoir la culture juridique parmi les citoyens de la Haute-\u00c9gypte. <\/p>\n\t\t\t\t\t\t\t\t\t\t<a href=\"http:\/\/www.svu.edu.eg\/faculties\/law\/%d8%b9%d9%86-%d8%a7%d9%84%d9%83%d9%84%d9%8a%d8%a9\/\" class=\"more-button\" >\u0627\u0644\u0645\u0632\u064a\u062f <i><\/i><\/a>\n\t\t\t\t\t<\/div>\n\t\t<\/div><\/div><\/div><\/div>","protected":false},"excerpt":{"rendered":"<p>Nouvelles Premi\u00e8re r\u00e9union du Conseil de la Facult\u00e9 de droit de l\u2019Universit\u00e9 de sud de la vall\u00e9e Posted on \u0633\u0628\u062a\u0645\u0628\u0631 19, 2022\u0633\u0628\u062a\u0645\u0628\u0631 26, 2022 Sous les auspices&nbsp; Dr. Youssef Garbawy, [&hellip;]<\/p>\n","protected":false},"author":2,"featured_media":0,"parent":0,"menu_order":0,"comment_status":"closed","ping_status":"closed","template":"home-panels.php","meta":[],"_links":{"self":[{"href":"http:\/\/www.svu.edu.eg\/faculties\/law\/wp-json\/wp\/v2\/pages\/7542"}],"collection":[{"href":"http:\/\/www.svu.edu.eg\/faculties\/law\/wp-json\/wp\/v2\/pages"}],"about":[{"href":"http:\/\/www.svu.edu.eg\/faculties\/law\/wp-json\/wp\/v2\/types\/page"}],"author":[{"embeddable":true,"href":"http:\/\/www.svu.edu.eg\/faculties\/law\/wp-json\/wp\/v2\/users\/2"}],"replies":[{"embeddable":true,"href":"http:\/\/www.svu.edu.eg\/faculties\/law\/wp-json\/wp\/v2\/comments?post=7542"}],"version-history":[{"count":8,"href":"http:\/\/www.svu.edu.eg\/faculties\/law\/wp-json\/wp\/v2\/pages\/7542\/revisions"}],"predecessor-version":[{"id":16077,"href":"http:\/\/www.svu.edu.eg\/faculties\/law\/wp-json\/wp\/v2\/pages\/7542\/revisions\/16077"}],"wp:attachment":[{"href":"http:\/\/www.svu.edu.eg\/faculties\/law\/wp-json\/wp\/v2\/media?parent=7542"}],"curies":[{"name":"wp","href":"https:\/\/api.w.org\/{rel}","templated":true}]}}