{"id":996,"date":"2020-12-06T10:49:36","date_gmt":"2020-12-06T10:49:36","guid":{"rendered":"http:\/\/www.svu.edu.eg\/faculties\/inurs\/?page_id=996"},"modified":"2020-12-12T16:06:46","modified_gmt":"2020-12-12T16:06:46","slug":"homepage_fr","status":"publish","type":"page","link":"http:\/\/www.svu.edu.eg\/faculties\/inurs\/fr\/homepage_fr\/","title":{"rendered":"homepage_fr"},"content":{"rendered":"<div id=\"pl-996\"  class=\"panel-layout\" ><div id=\"pg-996-0\"  class=\"panel-grid panel-no-style\" ><div id=\"pgc-996-0-0\"  class=\"panel-grid-cell panel-grid-cell-empty\" ><\/div><\/div><div id=\"pg-996-1\"  class=\"panel-grid panel-has-style\" ><div class=\"wide-grey panel-row-style panel-row-style-for-996-1\" ><div id=\"pgc-996-1-0\"  class=\"panel-grid-cell\" ><div id=\"panel-996-1-0-0\" class=\"so-panel widget widget_headline-widget panel-first-child panel-last-child\" data-index=\"0\" >\t\t<h1>L' Institut Technique d' Infirmi\u00e8re<\/h1>\n\t\t<div class=\"decoration\"><div class=\"decoration-inside\"><\/div><\/div>\n\t\t<h3><\/h3>\n\t\t<\/div><\/div><\/div><\/div><div id=\"pg-996-2\"  class=\"panel-grid panel-no-style\" ><div id=\"pgc-996-2-0\"  class=\"panel-grid-cell\" ><div id=\"panel-996-2-0-0\" class=\"so-panel widget widget_siteorigin-panels-postloop panel-first-child\" data-index=\"1\" ><div class=\"panel-widget-style panel-widget-style-for-996-2-0-0\" ><h3 class=\"widget-title\">Derni\u00e8res nouvelles<\/h3><\/div><\/div><div id=\"panel-996-2-0-1\" class=\"so-panel widget widget_text panel-last-child\" data-index=\"2\" >\t\t\t<div class=\"textwidget\"><p style=\"direction: ltr;\"><a href=\"http:\/\/www.svu.edu.eg\/faculties\/inurs\/fr\/category\/news_fr\">Plus de nouvelles<\/a><\/p>\n<\/div>\n\t\t<\/div><\/div><\/div><div id=\"pg-996-3\"  class=\"panel-grid panel-no-style\" ><div id=\"pgc-996-3-0\"  class=\"panel-grid-cell\" ><div id=\"panel-996-3-0-0\" class=\"so-panel widget widget_xyz_insert_php_widget panel-first-child panel-last-child\" data-index=\"3\" >\r\n\t<div class=\"announc\">\r\n      <h2> Conf\u00e9rences<\/h2>\r\n\t<div class=\"announc-body\">\r\n\t<ul>\r\n             \r\n<ul><li style=\"text-align:left;\"><a href=\"category\/conf_fr\/\">Plus<\/a><\/li>\r\n<\/ul>   <\/ul>\r\n\t<\/div>\r\n\t<\/div><\/div><\/div><div id=\"pgc-996-3-1\"  class=\"panel-grid-cell\" ><div id=\"panel-996-3-1-0\" class=\"so-panel widget widget_media_video panel-first-child panel-last-child\" data-index=\"4\" ><\/div><\/div><div id=\"pgc-996-3-2\"  class=\"panel-grid-cell\" ><div id=\"panel-996-3-2-0\" class=\"so-panel widget widget_xyz_insert_php_widget panel-first-child panel-last-child\" data-index=\"5\" >\r\n\t<div class=\"announc\">\r\n      <h2> Conf\u00e9rences<\/h2>\r\n\t<div class=\"announc-body\">\r\n\t<ul>\r\n             \r\n<ul><li style=\"text-align:left;\"><a href=\"category\/conf_fr\/\">Plus<\/a><\/li>\r\n<\/ul>   <\/ul>\r\n\t<\/div>\r\n\t<\/div><\/div><\/div><\/div><div id=\"pg-996-4\"  class=\"panel-grid panel-has-style\" ><div style=\"background-color: #c4eeff; \" class=\"panel-row-style panel-row-style-for-996-4\" ><div id=\"pgc-996-4-0\"  class=\"panel-grid-cell\" ><div id=\"panel-996-4-0-0\" class=\"so-panel widget widget_circleicon-widget panel-first-child panel-last-child\" data-index=\"6\" >\t\t<div class=\"circle-icon-box circle-icon-position-top circle-icon-hide-box circle-icon-size-small \">\n\t\t\t\t\t\t\t<div class=\"circle-icon-wrapper\">\n\t\t\t\t\t\t\t\t\t\t<a href=\"http:\/\/www.svu.edu.eg\/faculties\/inurs\/mission\" class=\"link-icon\" >\t\t\t\t\t<div class=\"circle-icon icon-style-set\" style=\"background-color: #1e73be\">\n\t\t\t\t\t\t\t\t\t\t\t\t\t<div class=\"fa fa-clock-o\" style=\"color: #e87635\"><\/div>\n\t\t\t\t\t\t\t\t\t\t\t<\/div> \n\t\t\t\t\t<\/a>\t\t\t\t<\/div>\n\t\t\t\n\t\t\t\t\t\t\t<a href=\"http:\/\/www.svu.edu.eg\/faculties\/inurs\/mission\" class=\"link-title\" >\n\t\t\t\t\t\t\t\t\t\t<h4 >\n\t\t\t\t\tLa Mission\t\t\t\t<\/h4>\n\t\t\t\t\t\t\t\t\t\t<\/a>\n\t\t\t\n\t\t\t\t\t\t\t<p class=\"text\" >L'institut technique d'infirmi\u00e8re offre des programmes d'enseignement et des cours de formation dans un cadre de qualit\u00e9 pour fournir la soci\u00e9t\u00e9 du personnel qualifi\u00e9 et concurrentiel \u00e0 l\u2019\u00e9chelle nationale. L\u2019Institut remit les \u00e9tudiants qui r\u00e9pondent aux besoins techniques des institutions de services et des int\u00e9r\u00eats, leur fournissant des  connaissances et de comp\u00e9tences selon les normes internationales et les exigences du march\u00e9 du travail dans le domaine de la sp\u00e9cialisation, avec pleine conscience des probl\u00e8mes de la soci\u00e9t\u00e9, de l\u2019environnement et de l\u2019\u00e9thique de la profession. La mission de l\u2019Institut s\u2019\u00e9tend \u00e0 l\u2019am\u00e9lioration des capacit\u00e9s des dipl\u00f4m\u00e9s \u00e0 travers divers programmes. En outre, l\u2019Institut contribue \u00e0 l\u2019enrichissement de la science par la recherche originale, le service communautaire et le d\u00e9veloppement environnemental.<\/p>\n\t\t\t\t\t\t\t\t\t\t<a href=\"http:\/\/www.svu.edu.eg\/faculties\/inurs\/mission\" class=\"more-button\" >\u0627\u0644\u0645\u0632\u064a\u062f <i><\/i><\/a>\n\t\t\t\t\t<\/div>\n\t\t<\/div><\/div><div id=\"pgc-996-4-1\"  class=\"panel-grid-cell\" ><div id=\"panel-996-4-1-0\" class=\"so-panel widget widget_circleicon-widget panel-first-child panel-last-child\" data-index=\"7\" >\t\t<div class=\"circle-icon-box circle-icon-position-top circle-icon-hide-box circle-icon-size-small \">\n\t\t\t\t\t\t\t<div class=\"circle-icon-wrapper\">\n\t\t\t\t\t\t\t\t\t\t<a href=\"http:\/\/www.svu.edu.eg\/faculties\/inurs\/vision-2\/\" class=\"link-icon\" >\t\t\t\t\t<div class=\"circle-icon icon-style-set\" style=\"background-color: #1e73be\">\n\t\t\t\t\t\t\t\t\t\t\t\t\t<div class=\"fa fa-check-circle-o\" style=\"color: #ffffff\"><\/div>\n\t\t\t\t\t\t\t\t\t\t\t<\/div> \n\t\t\t\t\t<\/a>\t\t\t\t<\/div>\n\t\t\t\n\t\t\t\t\t\t\t<a href=\"http:\/\/www.svu.edu.eg\/faculties\/inurs\/vision-2\/\" class=\"link-title\" >\n\t\t\t\t\t\t\t\t\t\t<h4 >\n\t\t\t\t\tLa vision\t\t\t\t<\/h4>\n\t\t\t\t\t\t\t\t\t\t<\/a>\n\t\t\t\n\t\t\t\t\t\t\t<p class=\"text\" >- Pr\u00e9parer et aider les \u00e9tudiants \u00e0 fournir des soins infirmiers hautement efficaces aux individus, aux familles, aux groupes et aux communaut\u00e9s dans diff\u00e9rents lieux de soins de sant\u00e9 aux niveaux locaux, r\u00e9gional et international. -Qualifier les \u00e9tudiants au dipl\u00f4me comme enseignants, participants \u00e0 la recherche, cadres sup\u00e9rieurs, promoteurs des droits des b\u00e9n\u00e9ficiaires et d\u00e9fenseurs de l\u2019\u00e9ducation.  -Avoir un impact positif sur le syst\u00e8me de sant\u00e9 \u00e9gyptien gr\u00e2ce \u00e0 des programmes d\u2019\u00e9ducation comp\u00e9titifs et diff\u00e9renci\u00e9s qui font appel \u00e0 la pens\u00e9e critique. -suit le rythme des besoins en constante \u00e9volution des soins de sant\u00e9 dans la soci\u00e9t\u00e9, conform\u00e9ment aux normes universitaires locales mondiales. <\/p>\n\t\t\t\t\t\t\t\t\t\t<a href=\"http:\/\/www.svu.edu.eg\/faculties\/inurs\/vision-2\/\" class=\"more-button\" >\u0627\u0644\u0645\u0632\u064a\u0630 <i><\/i><\/a>\n\t\t\t\t\t<\/div>\n\t\t<\/div><\/div><div id=\"pgc-996-4-2\"  class=\"panel-grid-cell\" ><div id=\"panel-996-4-2-0\" class=\"so-panel widget widget_circleicon-widget panel-first-child panel-last-child\" data-index=\"8\" >\t\t<div class=\"circle-icon-box circle-icon-position-top circle-icon-hide-box circle-icon-size-small \">\n\t\t\t\t\t\t\t<div class=\"circle-icon-wrapper\">\n\t\t\t\t\t\t\t\t\t\t<a href=\"http:\/\/www.svu.edu.eg\/faculties\/inurs\/about-institute\" class=\"link-icon\" >\t\t\t\t\t<div class=\"circle-icon icon-style-set\" style=\"background-color: #1e73be\">\n\t\t\t\t\t\t\t\t\t\t\t\t\t<div class=\"fa fa-pencil-square-o\" ><\/div>\n\t\t\t\t\t\t\t\t\t\t\t<\/div> \n\t\t\t\t\t<\/a>\t\t\t\t<\/div>\n\t\t\t\n\t\t\t\t\t\t\t<a href=\"http:\/\/www.svu.edu.eg\/faculties\/inurs\/about-institute\" class=\"link-title\" >\n\t\t\t\t\t\t\t\t\t\t<h4 >\n\t\t\t\t\t Bref historique\t\t\t\t<\/h4>\n\t\t\t\t\t\t\t\t\t\t<\/a>\n\t\t\t\n\t\t\t\t\t\t\t<p class=\"text\" >Selon la d\u00e9cision minist\u00e9rielle no. 1380, le 24\/6\/2009, l'institut technique d' infirmi\u00e8re a cr\u00e9\u00e9 qui rel\u00e8ve  de la facult\u00e9 de m\u00e9decine de l\u2019Universit\u00e9  du Sud de la vall\u00e9e de Q\u00e9na.<\/p>\n\t\t\t\t\t\t\t\t\t\t<a href=\"http:\/\/www.svu.edu.eg\/faculties\/inurs\/about-institute\" class=\"more-button\" >\u0627\u0644\u0645\u0632\u064a\u062f <i><\/i><\/a>\n\t\t\t\t\t<\/div>\n\t\t<\/div><\/div><\/div><\/div><\/div>","protected":false},"excerpt":{"rendered":"<p>L&#8217; Institut Technique d&#8217; Infirmi\u00e8re Derni\u00e8res nouvelles Plus de nouvelles Conf\u00e9rences Plus Conf\u00e9rences Plus La Mission L&#8217;institut technique d&#8217;infirmi\u00e8re offre des programmes d&#8217;enseignement et des cours de formation dans un [&hellip;]<\/p>\n","protected":false},"author":2,"featured_media":0,"parent":0,"menu_order":0,"comment_status":"closed","ping_status":"closed","template":"home-panels.php","meta":{"_monsterinsights_skip_tracking":false,"_monsterinsights_sitenote_active":false,"_monsterinsights_sitenote_note":"","_monsterinsights_sitenote_category":0},"_links":{"self":[{"href":"http:\/\/www.svu.edu.eg\/faculties\/inurs\/wp-json\/wp\/v2\/pages\/996"}],"collection":[{"href":"http:\/\/www.svu.edu.eg\/faculties\/inurs\/wp-json\/wp\/v2\/pages"}],"about":[{"href":"http:\/\/www.svu.edu.eg\/faculties\/inurs\/wp-json\/wp\/v2\/types\/page"}],"author":[{"embeddable":true,"href":"http:\/\/www.svu.edu.eg\/faculties\/inurs\/wp-json\/wp\/v2\/users\/2"}],"replies":[{"embeddable":true,"href":"http:\/\/www.svu.edu.eg\/faculties\/inurs\/wp-json\/wp\/v2\/comments?post=996"}],"version-history":[{"count":9,"href":"http:\/\/www.svu.edu.eg\/faculties\/inurs\/wp-json\/wp\/v2\/pages\/996\/revisions"}],"predecessor-version":[{"id":1044,"href":"http:\/\/www.svu.edu.eg\/faculties\/inurs\/wp-json\/wp\/v2\/pages\/996\/revisions\/1044"}],"wp:attachment":[{"href":"http:\/\/www.svu.edu.eg\/faculties\/inurs\/wp-json\/wp\/v2\/media?parent=996"}],"curies":[{"name":"wp","href":"https:\/\/api.w.org\/{rel}","templated":true}]}}