{"id":1108,"date":"2020-12-26T10:17:34","date_gmt":"2020-12-26T10:17:34","guid":{"rendered":"http:\/\/www.svu.edu.eg\/faculties\/inurs\/?page_id=1108"},"modified":"2022-03-24T07:11:37","modified_gmt":"2022-03-24T07:11:37","slug":"secretaire-du-doyen","status":"publish","type":"page","link":"http:\/\/www.svu.edu.eg\/faculties\/inurs\/fr\/secretaire-du-doyen\/","title":{"rendered":"Secr\u00e9taire du doyen"},"content":{"rendered":"<p>\u00a0<\/p>\n<p>\u00a0<em><strong><span style=\"font-size: 14pt; font-family: georgia, palatino;\">Recevoir toutes les t\u00e9l\u00e9copies envoy\u00e9e<\/span><\/strong><\/em><\/p>\n<p><em><span style=\"font-size: 14pt; font-family: georgia, palatino;\">\u2013\u00c9mission tous les appels du bureau du doyen \u00e0 toute partie, tant \u00e0 l\u2019int\u00e9rieur qu\u2019\u00e0 l\u2019ext\u00e9rieur de l\u2019universit\u00e9 et jouer le r\u00f4le des relations publiques \u00e0 l\u2019institut sur les instructions du doyen pour recevoir les assign\u00e9s de l\u2019ext\u00e9rieur de l\u2019institut.<\/span><\/em><\/p>\n<p><em><span style=\"font-size: 14pt; font-family: georgia, palatino;\">-Faciliter leurs services et cr\u00e9ances sp\u00e9cial.<\/span><\/em><\/p>\n<p><em><span style=\"font-size: 14pt; font-family: georgia, palatino;\">-Participation des services de l\u2019institut \u00e0 leurs diverses activit\u00e9s, telles que protection des jeunes, les affaires \u00e9tudiantes et les affaires du personnel.<\/span><\/em><\/p>\n<p>\u00a0<\/p>\n\n\n<p style=\"text-align:left\"><br><\/p>\n\n\n\n<p> <br><\/p>\n","protected":false},"excerpt":{"rendered":"<p>\u00a0 \u00a0Recevoir toutes les t\u00e9l\u00e9copies envoy\u00e9e \u2013\u00c9mission tous les appels du bureau du doyen \u00e0 toute partie, tant \u00e0 l\u2019int\u00e9rieur qu\u2019\u00e0 l\u2019ext\u00e9rieur de l\u2019universit\u00e9 et jouer le r\u00f4le des relations [&hellip;]<\/p>\n","protected":false},"author":2,"featured_media":0,"parent":0,"menu_order":0,"comment_status":"closed","ping_status":"closed","template":"","meta":{"_monsterinsights_skip_tracking":false,"_monsterinsights_sitenote_active":false,"_monsterinsights_sitenote_note":"","_monsterinsights_sitenote_category":0},"_links":{"self":[{"href":"http:\/\/www.svu.edu.eg\/faculties\/inurs\/wp-json\/wp\/v2\/pages\/1108"}],"collection":[{"href":"http:\/\/www.svu.edu.eg\/faculties\/inurs\/wp-json\/wp\/v2\/pages"}],"about":[{"href":"http:\/\/www.svu.edu.eg\/faculties\/inurs\/wp-json\/wp\/v2\/types\/page"}],"author":[{"embeddable":true,"href":"http:\/\/www.svu.edu.eg\/faculties\/inurs\/wp-json\/wp\/v2\/users\/2"}],"replies":[{"embeddable":true,"href":"http:\/\/www.svu.edu.eg\/faculties\/inurs\/wp-json\/wp\/v2\/comments?post=1108"}],"version-history":[{"count":9,"href":"http:\/\/www.svu.edu.eg\/faculties\/inurs\/wp-json\/wp\/v2\/pages\/1108\/revisions"}],"predecessor-version":[{"id":1528,"href":"http:\/\/www.svu.edu.eg\/faculties\/inurs\/wp-json\/wp\/v2\/pages\/1108\/revisions\/1528"}],"wp:attachment":[{"href":"http:\/\/www.svu.edu.eg\/faculties\/inurs\/wp-json\/wp\/v2\/media?parent=1108"}],"curies":[{"name":"wp","href":"https:\/\/api.w.org\/{rel}","templated":true}]}}