{"id":1099,"date":"2020-12-26T10:00:02","date_gmt":"2020-12-26T10:00:02","guid":{"rendered":"http:\/\/www.svu.edu.eg\/faculties\/inurs\/?page_id=1099"},"modified":"2022-03-24T07:53:16","modified_gmt":"2022-03-24T07:53:16","slug":"protection-de-la-jeunesse","status":"publish","type":"page","link":"http:\/\/www.svu.edu.eg\/faculties\/inurs\/fr\/protection-de-la-jeunesse\/","title":{"rendered":"Protection de la jeunesse"},"content":{"rendered":"\n<p style=\"text-align:left\"><\/p>\n\n\n<p><em><span style=\"font-size: 14pt; font-family: georgia, palatino;\">Pour bureau protection de la jeunesse a un r\u00f4le actif par les activit\u00e9s \u00e9tudiantes et des multiples services, ils offrent beaucoup de services, aide financi\u00e8re , sociale ,activit\u00e9s sportives, culturelles et r\u00e9cr\u00e9atives.<\/span><\/em><\/p>\n<p><em><span style=\"font-size: 14pt; font-family: georgia, palatino;\"> <strong>Famille de l\u2019administration<\/strong><\/span><\/em><\/p>\n\n\n<p style=\"text-align:left\"><\/p>\n\n\n\n<table class=\"wp-block-table alignleft\"><tbody><tr><td>   <em><strong>Nom <\/strong><\/em>  <\/td><td> <strong><em>  Fonction<\/em><\/strong>   <\/td><td>   <strong><em>Number <\/em><\/strong>  <\/td><\/tr><tr><td>   <em>Mansour  Hassan<\/em>   <strong>&nbsp;<\/strong>   <\/td><td>   <em>Directeur<\/em> <\/td><td>   <em>01067808917<\/em>   <\/td><\/tr><tr><td>  <em> Mahmoud Gamal<\/em>   <\/td><td>   <em>protection de la jeunesse<\/em>  <\/td><td>\n  &nbsp;\n  <\/td><\/tr><tr><td>   <em>Bahbah fathy<\/em>   <\/td><td><em>   Travailleur<\/em>   <\/td><td>\n  &nbsp;\n  <\/td><\/tr><\/tbody><\/table>\n\n\n\n<p><\/p>\n","protected":false},"excerpt":{"rendered":"<p>Pour bureau protection de la jeunesse a un r\u00f4le actif par les activit\u00e9s \u00e9tudiantes et des multiples services, ils offrent beaucoup de services, aide financi\u00e8re , sociale ,activit\u00e9s sportives, culturelles [&hellip;]<\/p>\n","protected":false},"author":2,"featured_media":0,"parent":0,"menu_order":0,"comment_status":"closed","ping_status":"closed","template":"","meta":{"_monsterinsights_skip_tracking":false,"_monsterinsights_sitenote_active":false,"_monsterinsights_sitenote_note":"","_monsterinsights_sitenote_category":0},"_links":{"self":[{"href":"http:\/\/www.svu.edu.eg\/faculties\/inurs\/wp-json\/wp\/v2\/pages\/1099"}],"collection":[{"href":"http:\/\/www.svu.edu.eg\/faculties\/inurs\/wp-json\/wp\/v2\/pages"}],"about":[{"href":"http:\/\/www.svu.edu.eg\/faculties\/inurs\/wp-json\/wp\/v2\/types\/page"}],"author":[{"embeddable":true,"href":"http:\/\/www.svu.edu.eg\/faculties\/inurs\/wp-json\/wp\/v2\/users\/2"}],"replies":[{"embeddable":true,"href":"http:\/\/www.svu.edu.eg\/faculties\/inurs\/wp-json\/wp\/v2\/comments?post=1099"}],"version-history":[{"count":6,"href":"http:\/\/www.svu.edu.eg\/faculties\/inurs\/wp-json\/wp\/v2\/pages\/1099\/revisions"}],"predecessor-version":[{"id":1540,"href":"http:\/\/www.svu.edu.eg\/faculties\/inurs\/wp-json\/wp\/v2\/pages\/1099\/revisions\/1540"}],"wp:attachment":[{"href":"http:\/\/www.svu.edu.eg\/faculties\/inurs\/wp-json\/wp\/v2\/media?parent=1099"}],"curies":[{"name":"wp","href":"https:\/\/api.w.org\/{rel}","templated":true}]}}