{"id":1084,"date":"2020-12-26T09:27:17","date_gmt":"2020-12-26T09:27:17","guid":{"rendered":"http:\/\/www.svu.edu.eg\/faculties\/inurs\/?page_id=1084"},"modified":"2022-03-22T07:57:24","modified_gmt":"2022-03-22T07:57:24","slug":"les-avantages","status":"publish","type":"page","link":"http:\/\/www.svu.edu.eg\/faculties\/inurs\/fr\/les-avantages\/","title":{"rendered":"Les avantages"},"content":{"rendered":"<p><em><span style=\"font-size: 14pt; font-family: georgia, palatino;\">-L&#8217;\u00e9tudiant obtient un dipl\u00f4me sup\u00e9rieur \u00e0 la moyenne (Dipl\u00f4me Technique d&#8217;Infirmier).<\/span><\/em><\/p>\n<p><em><span style=\"font-size: 14pt; font-family: georgia, palatino;\">-L&#8217;institut qualifie l&#8217;\u00e9tudiant pour rejoindre une facult\u00e9 s&#8217;il obtient 75% ou plus.<\/span><\/em><\/p>\n<p><em><span style=\"font-size: 14pt; font-family: georgia, palatino;\">\u00a0-Un \u00e9tudiant nomm\u00e9 aux h\u00f4pitaux universitaires.<\/span><\/em><\/p>\n<p><em><span style=\"font-size: 14pt; font-family: georgia, palatino;\">-Dur\u00e9e de l\u2019\u00e9tude 2 ans et 6 mois de formation (excellence) avec h\u00e9bergement gratuit.<\/span><\/em><\/p>\n<p><em><span style=\"font-size: 14pt; font-family: georgia, palatino;\">-L&#8217;\u00e9tudiant re\u00e7oit une allocation mensuelle pendant la p\u00e9riode d&#8217;\u00e9tudes.<\/span><\/em><\/p>\n<p><em><span style=\"font-size: 14pt; font-family: georgia, palatino;\">-Il y a une opportunit\u00e9 d&#8217;emploi d\u00e8s le premier jour d&#8217;obtention du dipl\u00f4me.<\/span><\/em><\/p>\n<p><em><span style=\"font-size: 14pt; font-family: georgia, palatino;\">-Pendant les deux ann\u00e9es, l&#8217;\u00e9tudiant est autoris\u00e9 \u00e0 demander un logement dans les villes universitaires.<\/span><\/em><\/p>\n<p><em><span style=\"font-size: 14pt; font-family: georgia, palatino;\">-Organiser des concours artistiques, culturels et religieux, et l&#8217;\u00e9tudiant re\u00e7oit des prix pr\u00e9cieux.<\/span><\/em><\/p>\n<p>\u00a0<\/p>\n\n\n<p style=\"text-align:left\"><\/p>\n","protected":false},"excerpt":{"rendered":"<p>-L&#8217;\u00e9tudiant obtient un dipl\u00f4me sup\u00e9rieur \u00e0 la moyenne (Dipl\u00f4me Technique d&#8217;Infirmier). -L&#8217;institut qualifie l&#8217;\u00e9tudiant pour rejoindre une facult\u00e9 s&#8217;il obtient 75% ou plus. \u00a0-Un \u00e9tudiant nomm\u00e9 aux h\u00f4pitaux universitaires. -Dur\u00e9e [&hellip;]<\/p>\n","protected":false},"author":2,"featured_media":0,"parent":0,"menu_order":0,"comment_status":"closed","ping_status":"closed","template":"","meta":{"_monsterinsights_skip_tracking":false,"_monsterinsights_sitenote_active":false,"_monsterinsights_sitenote_note":"","_monsterinsights_sitenote_category":0},"_links":{"self":[{"href":"http:\/\/www.svu.edu.eg\/faculties\/inurs\/wp-json\/wp\/v2\/pages\/1084"}],"collection":[{"href":"http:\/\/www.svu.edu.eg\/faculties\/inurs\/wp-json\/wp\/v2\/pages"}],"about":[{"href":"http:\/\/www.svu.edu.eg\/faculties\/inurs\/wp-json\/wp\/v2\/types\/page"}],"author":[{"embeddable":true,"href":"http:\/\/www.svu.edu.eg\/faculties\/inurs\/wp-json\/wp\/v2\/users\/2"}],"replies":[{"embeddable":true,"href":"http:\/\/www.svu.edu.eg\/faculties\/inurs\/wp-json\/wp\/v2\/comments?post=1084"}],"version-history":[{"count":6,"href":"http:\/\/www.svu.edu.eg\/faculties\/inurs\/wp-json\/wp\/v2\/pages\/1084\/revisions"}],"predecessor-version":[{"id":1509,"href":"http:\/\/www.svu.edu.eg\/faculties\/inurs\/wp-json\/wp\/v2\/pages\/1084\/revisions\/1509"}],"wp:attachment":[{"href":"http:\/\/www.svu.edu.eg\/faculties\/inurs\/wp-json\/wp\/v2\/media?parent=1084"}],"curies":[{"name":"wp","href":"https:\/\/api.w.org\/{rel}","templated":true}]}}