{"id":486,"date":"2021-01-03T09:48:01","date_gmt":"2021-01-03T09:48:01","guid":{"rendered":"http:\/\/www.svu.edu.eg\/faculties\/hti\/?page_id=486"},"modified":"2022-03-07T09:59:19","modified_gmt":"2022-03-07T09:59:19","slug":"homepage_fr","status":"publish","type":"page","link":"http:\/\/www.svu.edu.eg\/faculties\/hti\/fr\/homepage_fr\/","title":{"rendered":"homepage_fr"},"content":{"rendered":"<div id=\"pl-486\"  class=\"panel-layout\" ><div id=\"pg-486-0\"  class=\"panel-grid panel-no-style\" ><div id=\"pgc-486-0-0\"  class=\"panel-grid-cell panel-grid-cell-empty\" ><\/div><\/div><div id=\"pg-486-1\"  class=\"panel-grid panel-no-style\" ><div id=\"pgc-486-1-0\"  class=\"panel-grid-cell\" ><div id=\"panel-486-1-0-0\" class=\"so-panel widget widget_siteorigin-panels-postloop panel-first-child panel-last-child\" data-index=\"0\" ><div class=\"panel-widget-style panel-widget-style-for-486-1-0-0\" ><h3 class=\"widget-title\">Derni\u00e8res nouvelles<\/h3>\n<article id=\"post-2930\" class=\"post-2930 post type-post status-publish format-standard hentry category-news_fr\">\n\n\t\n\t<div class=\"entry-main\">\n\n\t\t\n\t\t<header class=\"entry-header\">\n\t\t\t\n\t\t\t<h1 class=\"entry-title\"><a href=\"http:\/\/www.svu.edu.eg\/faculties\/hti\/fr\/le-resultat-des-etudiants-du-9e-cours-pratique-enseignement-militaire-institut-technique-de-la-sante\/\" title=\"Permalink to Le r\u00e9sultat des \u00e9tudiants du 9e cours, pratique (enseignement militaire), Institut technique de la sant\u00e9\" rel=\"bookmark\">Le r\u00e9sultat des \u00e9tudiants du 9e cours, pratique (enseignement militaire), Institut technique de la sant\u00e9<\/a><\/h1>\n\n\t\t\t\t\t\t\t<div class=\"entry-meta\">\n\t\t\t\t\tPosted on <a href=\"http:\/\/www.svu.edu.eg\/faculties\/hti\/fr\/le-resultat-des-etudiants-du-9e-cours-pratique-enseignement-militaire-institut-technique-de-la-sante\/\" title=\"8:29 am\" rel=\"bookmark\"><time class=\"entry-date\" datetime=\"2023-03-14T08:29:27+00:00\">March 14, 2023<\/time><\/a><time class=\"updated\" datetime=\"2023-03-15T08:31:52+00:00\">March 15, 2023<\/time>  \t\t\t\t<\/div><!-- .entry-meta -->\n\t\t\t\n\t\t<\/header><!-- .entry-header -->\n\n\t\t\t\t\t<div class=\"entry-content\">\n\t\t\t\t\t\t\t\t\t\t\t\t<a class=\"more-link\" href=\"http:\/\/www.svu.edu.eg\/faculties\/hti\/fr\/le-resultat-des-etudiants-du-9e-cours-pratique-enseignement-militaire-institut-technique-de-la-sante\/\">\u0627\u0644\u0645\u0632\u064a\u062f<span class=\"meta-nav\">&rarr;<\/span><\/a>\t\t\t\t\t\t\t<\/div><!-- .entry-content -->\n\t\t\n\t\t\n\t<\/div>\n\n<\/article><!-- #post-2930 -->\n\n<article id=\"post-2896\" class=\"post-2896 post type-post status-publish format-standard hentry category-news_fr\">\n\n\t\n\t<div class=\"entry-main\">\n\n\t\t\n\t\t<header class=\"entry-header\">\n\t\t\t\n\t\t\t<h1 class=\"entry-title\"><a href=\"http:\/\/www.svu.edu.eg\/faculties\/hti\/fr\/comment-entrer-dans-le-systeme-ibn-al-haytham-pour-la-premiere-fois-pour-les-etudiants-de-la-premiere-division\/\" title=\"Permalink to Comment entrer dans le syst\u00e8me Ibn Al-Haytham pour la premi\u00e8re fois pour les \u00e9tudiants de la premi\u00e8re division\" rel=\"bookmark\">Comment entrer dans le syst\u00e8me Ibn Al-Haytham pour la premi\u00e8re fois pour les \u00e9tudiants de la premi\u00e8re division<\/a><\/h1>\n\n\t\t\t\t\t\t\t<div class=\"entry-meta\">\n\t\t\t\t\tPosted on <a href=\"http:\/\/www.svu.edu.eg\/faculties\/hti\/fr\/comment-entrer-dans-le-systeme-ibn-al-haytham-pour-la-premiere-fois-pour-les-etudiants-de-la-premiere-division\/\" title=\"7:54 am\" rel=\"bookmark\"><time class=\"entry-date\" datetime=\"2023-02-21T07:54:53+00:00\">February 21, 2023<\/time><\/a><time class=\"updated\" datetime=\"2023-02-27T08:36:54+00:00\">February 27, 2023<\/time>  \t\t\t\t<\/div><!-- .entry-meta -->\n\t\t\t\n\t\t<\/header><!-- .entry-header -->\n\n\t\t\t\t\t<div class=\"entry-content\">\n\t\t\t\t<p>Tous les \u00e9tudiants de premi\u00e8re division doivent se connecter au syst\u00e8me Ibn Al-Haytham en tapant:- svustda.mans.edu.eg Ou via le lien suivant:- https:\/\/svustda.mans.edu.eg\/?num=75562 Il est \u00e9galement possible de s&#8217;inscrire via le [&hellip;]<\/p>\n\t\t\t\t\t\t\t\t<a class=\"more-link\" href=\"http:\/\/www.svu.edu.eg\/faculties\/hti\/fr\/comment-entrer-dans-le-systeme-ibn-al-haytham-pour-la-premiere-fois-pour-les-etudiants-de-la-premiere-division\/\">\u0627\u0644\u0645\u0632\u064a\u062f<span class=\"meta-nav\">&rarr;<\/span><\/a>\t\t\t\t\t\t\t<\/div><!-- .entry-content -->\n\t\t\n\t\t\n\t<\/div>\n\n<\/article><!-- #post-2896 -->\n\n<article id=\"post-2903\" class=\"post-2903 post type-post status-publish format-standard hentry category-news_fr\">\n\n\t\n\t<div class=\"entry-main\">\n\n\t\t\n\t\t<header class=\"entry-header\">\n\t\t\t\n\t\t\t<h1 class=\"entry-title\"><a href=\"http:\/\/www.svu.edu.eg\/faculties\/hti\/fr\/annonce-du-resultat-de-linstitut-technique-de-la-sante-deuxieme-division-tous-les-departements-de-janvier\/\" title=\"Permalink to Annonce du r\u00e9sultat de l\u2019Institut technique de la sant\u00e9 (deuxi\u00e8me division) tous les d\u00e9partements de janvier.\" rel=\"bookmark\">Annonce du r\u00e9sultat de l\u2019Institut technique de la sant\u00e9 (deuxi\u00e8me division) tous les d\u00e9partements de janvier.<\/a><\/h1>\n\n\t\t\t\t\t\t\t<div class=\"entry-meta\">\n\t\t\t\t\tPosted on <a href=\"http:\/\/www.svu.edu.eg\/faculties\/hti\/fr\/annonce-du-resultat-de-linstitut-technique-de-la-sante-deuxieme-division-tous-les-departements-de-janvier\/\" title=\"8:55 am\" rel=\"bookmark\"><time class=\"entry-date\" datetime=\"2023-02-13T08:55:31+00:00\">February 13, 2023<\/time><\/a><time class=\"updated\" datetime=\"2023-02-27T09:10:34+00:00\">February 27, 2023<\/time>  \t\t\t\t<\/div><!-- .entry-meta -->\n\t\t\t\n\t\t<\/header><!-- .entry-header -->\n\n\t\t\t\t\t<div class=\"entry-content\">\n\t\t\t\t<p>Sous les auspices du Prof. Dr. Youssef Gharbawy, pr\u00e9sident de l&#8217;Universit\u00e9, et les directives du Prof. Dr. Badawy Shahat, vice-pr\u00e9sident pour l&#8217;\u00e9ducation et les affaires \u00e9tudiantes, Prof. Dr. Ali Abd [&hellip;]<\/p>\n\t\t\t\t\t\t\t\t<a class=\"more-link\" href=\"http:\/\/www.svu.edu.eg\/faculties\/hti\/fr\/annonce-du-resultat-de-linstitut-technique-de-la-sante-deuxieme-division-tous-les-departements-de-janvier\/\">\u0627\u0644\u0645\u0632\u064a\u062f<span class=\"meta-nav\">&rarr;<\/span><\/a>\t\t\t\t\t\t\t<\/div><!-- .entry-content -->\n\t\t\n\t\t\n\t<\/div>\n\n<\/article><!-- #post-2903 -->\n<\/div><\/div><\/div><\/div><div id=\"pg-486-2\"  class=\"panel-grid panel-no-style\" ><div id=\"pgc-486-2-0\"  class=\"panel-grid-cell\" ><div id=\"panel-486-2-0-0\" class=\"so-panel widget widget_text panel-first-child panel-last-child\" data-index=\"1\" >\t\t\t<div class=\"textwidget\"><p style=\"direction: ltr;\"><a href=\"http:\/\/www.svu.edu.eg\/faculties\/hti\/fr\/category\/news_fr\/\">Plus de nouvelles<\/a><\/p>\n<\/div>\n\t\t<\/div><\/div><\/div><div id=\"pg-486-3\"  class=\"panel-grid panel-no-style\" ><div id=\"pgc-486-3-0\"  class=\"panel-grid-cell\" ><div id=\"panel-486-3-0-0\" class=\"so-panel widget widget_xyz_insert_php_widget panel-first-child panel-last-child\" data-index=\"2\" >\r\n\t<div class=\"announc\">\r\n      <h2> Conf\u00e9rences<\/h2>\r\n\t<div class=\"announc-body\">\r\n\t<ul>\r\n             \r\n<ul><li style=\"text-align:left;\"><a href=\"category\/conf_fr\/\">Plus<\/a><\/li>\r\n<\/ul>   <\/ul>\r\n\t<\/div>\r\n\t<\/div><\/div><\/div><div id=\"pgc-486-3-1\"  class=\"panel-grid-cell\" ><div id=\"panel-486-3-1-0\" class=\"so-panel widget widget_media_video panel-first-child panel-last-child\" data-index=\"3\" ><div style=\"width:100%;\" class=\"wp-video\"><!--[if lt IE 9]><script>document.createElement('video');<\/script><![endif]-->\n<video class=\"wp-video-shortcode\" id=\"video-2903-1\" preload=\"metadata\" controls=\"controls\"><source type=\"video\/youtube\" src=\"https:\/\/www.youtube.com\/watch?v=VzwG1hNHXaY&#038;_=1\" \/><a href=\"https:\/\/www.youtube.com\/watch?v=VzwG1hNHXaY\">https:\/\/www.youtube.com\/watch?v=VzwG1hNHXaY<\/a><\/video><\/div><\/div><\/div><div id=\"pgc-486-3-2\"  class=\"panel-grid-cell\" ><div id=\"panel-486-3-2-0\" class=\"so-panel widget widget_xyz_insert_php_widget panel-first-child panel-last-child\" data-index=\"4\" >\r\n\t<div class=\"announc\">\r\n      <h2> Annonces<\/h2>\r\n\t<div class=\"announc-body\">\r\n\t<ul>\r\n             \r\n<ul><li style=\"text-align:left;\"><a href=\"category\/ann_fr\/\">Plus<\/a><\/li>\r\n<\/ul>   <\/ul>\r\n\t<\/div>\r\n\t<\/div><\/div><\/div><\/div><div id=\"pg-486-4\"  class=\"panel-grid panel-has-style\" ><div class=\"panel-row-style panel-row-style-for-486-4\" ><div id=\"pgc-486-4-0\"  class=\"panel-grid-cell\" ><div id=\"panel-486-4-0-0\" class=\"so-panel widget widget_circleicon-widget panel-first-child panel-last-child\" data-index=\"5\" >\t\t<div class=\"circle-icon-box circle-icon-position-top circle-icon-hide-box circle-icon-size-small \">\n\t\t\t\t\t\t\t<div class=\"circle-icon-wrapper\">\n\t\t\t\t\t\t\t\t\t\t<a href=\"#\" class=\"link-icon\" >\t\t\t\t\t<div class=\"circle-icon icon-style-set\" style=\"background-color: #1e73be\">\n\t\t\t\t\t\t\t\t\t\t\t\t\t<div class=\"fa fa-check-circle-o\" style=\"color: #ffffff\"><\/div>\n\t\t\t\t\t\t\t\t\t\t\t<\/div>\n\t\t\t\t\t<\/a>\t\t\t\t<\/div>\n\t\t\t\n\t\t\t\t\t\t\t<a href=\"#\" class=\"link-title\" >\n\t\t\t\t\t\t\t\t\t\t<h4 >\n\t\t\t\t\tLa mission     \t\t\t\t<\/h4>\n\t\t\t\t\t\t\t\t\t\t<\/a>\n\t\t\t\n\t\t\t\t\t\t\t<p class=\"text\" >Excellence et innovation dans l\u2019\u00e9ducation \u00e0 la sant\u00e9 en offrant des programmes d\u2019\u00e9ducation et de recherche exceptionnels et des mod\u00e8les nationaux pour am\u00e9liorer les services de sant\u00e9 dans les r\u00e9gions \u00e9loign\u00e9es.<\/p>\n\t\t\t\t\t\t\t\t\t\t<a\n\t\t\t\t\thref=\"#\"\n\t\t\t\t\tclass=\"more-button\"\n\t\t\t\t\t\t\t\t\t\t\t\t\t\t>\n\t\t\t\t\tPlus <i><\/i>\n\t\t\t\t<\/a>\n\t\t\t\t\t<\/div>\n\t\t<\/div><\/div><div id=\"pgc-486-4-1\"  class=\"panel-grid-cell\" ><div id=\"panel-486-4-1-0\" class=\"so-panel widget widget_circleicon-widget panel-first-child panel-last-child\" data-index=\"6\" >\t\t<div class=\"circle-icon-box circle-icon-position-top circle-icon-hide-box circle-icon-size-small \">\n\t\t\t\t\t\t\t<div class=\"circle-icon-wrapper\">\n\t\t\t\t\t\t\t\t\t\t<a href=\"#\" class=\"link-icon\" >\t\t\t\t\t<div class=\"circle-icon icon-style-set\" style=\"background-color: #1e73be\">\n\t\t\t\t\t\t\t\t\t\t\t\t\t<div class=\"fa fa-pencil-square-o\" ><\/div>\n\t\t\t\t\t\t\t\t\t\t\t<\/div>\n\t\t\t\t\t<\/a>\t\t\t\t<\/div>\n\t\t\t\n\t\t\t\t\t\t\t<a href=\"#\" class=\"link-title\" >\n\t\t\t\t\t\t\t\t\t\t<h4 >\n\t\t\t\t\tLa vision\t\t\t\t<\/h4>\n\t\t\t\t\t\t\t\t\t\t<\/a>\n\t\t\t\n\t\t\t\t\t\t\t<p class=\"text\" >L\u2019Institut technique de la sant\u00e9 cherche \u00e0 fournir une bonne connaissance des sciences de la sant\u00e9 en s\u2019appuyant sur des programmes innovants d\u2019\u00e9ducation et de formation technique en mati\u00e8re de sant\u00e9 et en am\u00e9liorant les services de sant\u00e9 dans les r\u00e9gions \u00e9loign\u00e9es. <\/p>\n\t\t\t\t\t\t\t\t\t\t<a\n\t\t\t\t\thref=\"#\"\n\t\t\t\t\tclass=\"more-button\"\n\t\t\t\t\t\t\t\t\t\t\t\t\t\t>\n\t\t\t\t\tPlus <i><\/i>\n\t\t\t\t<\/a>\n\t\t\t\t\t<\/div>\n\t\t<\/div><\/div><\/div><\/div><\/div>","protected":false},"excerpt":{"rendered":"<p>Derni\u00e8res nouvelles Le r\u00e9sultat des \u00e9tudiants du 9e cours, pratique (enseignement militaire), Institut technique de la sant\u00e9 Posted on March 14, 2023March 15, 2023 \u0627\u0644\u0645\u0632\u064a\u062f&rarr; Comment entrer dans le syst\u00e8me [&hellip;]<\/p>\n","protected":false},"author":2,"featured_media":0,"parent":0,"menu_order":0,"comment_status":"closed","ping_status":"closed","template":"home-panels.php","meta":{"footnotes":""},"class_list":["post-486","page","type-page","status-publish","hentry","post"],"_links":{"self":[{"href":"http:\/\/www.svu.edu.eg\/faculties\/hti\/wp-json\/wp\/v2\/pages\/486"}],"collection":[{"href":"http:\/\/www.svu.edu.eg\/faculties\/hti\/wp-json\/wp\/v2\/pages"}],"about":[{"href":"http:\/\/www.svu.edu.eg\/faculties\/hti\/wp-json\/wp\/v2\/types\/page"}],"author":[{"embeddable":true,"href":"http:\/\/www.svu.edu.eg\/faculties\/hti\/wp-json\/wp\/v2\/users\/2"}],"replies":[{"embeddable":true,"href":"http:\/\/www.svu.edu.eg\/faculties\/hti\/wp-json\/wp\/v2\/comments?post=486"}],"version-history":[{"count":16,"href":"http:\/\/www.svu.edu.eg\/faculties\/hti\/wp-json\/wp\/v2\/pages\/486\/revisions"}],"predecessor-version":[{"id":1973,"href":"http:\/\/www.svu.edu.eg\/faculties\/hti\/wp-json\/wp\/v2\/pages\/486\/revisions\/1973"}],"wp:attachment":[{"href":"http:\/\/www.svu.edu.eg\/faculties\/hti\/wp-json\/wp\/v2\/media?parent=486"}],"curies":[{"name":"wp","href":"https:\/\/api.w.org\/{rel}","templated":true}]}}