{"id":7283,"date":"2021-12-12T08:20:03","date_gmt":"2021-12-12T08:20:03","guid":{"rendered":"http:\/\/www.svu.edu.eg\/faculties\/edu\/?page_id=7283"},"modified":"2021-12-12T08:25:12","modified_gmt":"2021-12-12T08:25:12","slug":"etudes-superieures","status":"publish","type":"page","link":"http:\/\/www.svu.edu.eg\/faculties\/edu\/fr\/etudes-superieures\/","title":{"rendered":"\u00c9tudes sup\u00e9rieures"},"content":{"rendered":"<p><strong><span style=\"font-size: 14pt;\">Administration des \u00e9tudes sup\u00e9rieures<\/span><\/strong><\/p>\n<p><img decoding=\"async\" class=\"alignright\" src=\"http:\/\/www.svu.edu.eg\/faculties\/edu\/wp-content\/uploads\/2019\/12\/035-300x199.jpg\" \/><span style=\"font-size: 14pt;\"><strong>\u00a0 \u00a0 Un dipl\u00f4me priv\u00e9<\/strong><\/span><\/p>\n<p><strong>Les conditions requises<\/strong><\/p>\n<p>1- Un \u00e9tudiant doit avoir un dipl\u00f4me professionnel, g\u00e9n\u00e9ral (une ann\u00e9e ou deux) en p\u00e9dagogie avec mention bien.<\/p>\n<p>2- La dur\u00e9e des \u00e9tudes est pour une ann\u00e9e.<\/p>\n<p>3-Un texte d&#8217;entr\u00e9e \u00a0est organis\u00e9 pour les \u00e9tudiants en anglais.<\/p>\n<p>4- Le taux de fr\u00e9quentation acad\u00e9mique est 75 % aux conf\u00e9rences.<\/p>\n<p><strong>Les <\/strong><strong>r\u00e9f\u00e9rences<\/strong><\/p>\n<p>1- une copie de l\u2019original du certificat de fin d&#8217;\u00e9tudes \u2013 l\u2019acte de naissance \u2013 un certificat de recrutement militaire.<\/p>\n<p>2- une copie de l\u2019original de dipl\u00f4me (public ou professionnel).<\/p>\n<p>3- \u00a0Une copie de l\u2019original est approuv\u00e9e pour le certificat de service g\u00e9n\u00e9ral pour les \u00e9tudiantes.<\/p>\n<p>4- Une copie de l\u2019original pour le certificat de service militaire.<\/p>\n<p>5- L\u2019approbation de l&#8217;institution par le sous-secr\u00e9taire des enseignants.<\/p>\n<p>6- Relev\u00e9 d\u2019\u00e9tat de carri\u00e8re \u2013 copie de la carte d&#8217;identit\u00e9 &#8211; nombre de (4) photos.<\/p>\n<p><strong>Les frais requis:<\/strong><\/p>\n<p>1- Une carte et l&#8217;examen se co\u00fbtent 750 LE.<\/p>\n<p>2-Les dossiers de candidature \u00a0et les timbres co\u00fbtent 30.<\/p>\n<p><strong>D\u00e9partements du dipl\u00f4me priv\u00e9<\/strong><\/p>\n<p>A- D\u00e9partement du curriculum et m\u00e9thodes p\u00e9dagogiques.<\/p>\n<p>Sp\u00e9cialis\u00e9(1) Strat\u00e9gie d\u2019enseignement.<br \/>\nSp\u00e9cialis\u00e9 (2) comp\u00e9tences p\u00e9dagogiques.<\/p>\n<p>B- D\u00e9partement de p\u00e9dagogie.<\/p>\n<p>Sp\u00e9cialis\u00e9(1) Strat\u00e9gie de p\u00e9dagogie.<br \/>\nSp\u00e9cialis\u00e9 (2) administration d&#8217;\u00e9ducation.<\/p>\n<p>C-D\u00e9partement de la sant\u00e9 psychologique.<\/p>\n<p>1- Programmes de traitement.<\/p>\n<p>2- Programmes d&#8217;Orientation.<\/p>\n<p>D-D\u00e9partement des principes de l\u2019\u00e9ducation.<\/p>\n<p>1- Psychologie de l&#8217;\u00e9ducation.<\/p>\n<p>2- psychologique de cat\u00e9gories particuli\u00e8res.<\/p>\n<p>&nbsp;<\/p>\n","protected":false},"excerpt":{"rendered":"<p>Administration des \u00e9tudes sup\u00e9rieures \u00a0 \u00a0 Un dipl\u00f4me priv\u00e9 Les conditions requises 1- Un \u00e9tudiant doit avoir un dipl\u00f4me professionnel, g\u00e9n\u00e9ral (une ann\u00e9e ou deux) en p\u00e9dagogie avec mention bien. [&hellip;]<\/p>\n","protected":false},"author":2,"featured_media":0,"parent":0,"menu_order":0,"comment_status":"closed","ping_status":"closed","template":"","meta":[],"_links":{"self":[{"href":"http:\/\/www.svu.edu.eg\/faculties\/edu\/wp-json\/wp\/v2\/pages\/7283"}],"collection":[{"href":"http:\/\/www.svu.edu.eg\/faculties\/edu\/wp-json\/wp\/v2\/pages"}],"about":[{"href":"http:\/\/www.svu.edu.eg\/faculties\/edu\/wp-json\/wp\/v2\/types\/page"}],"author":[{"embeddable":true,"href":"http:\/\/www.svu.edu.eg\/faculties\/edu\/wp-json\/wp\/v2\/users\/2"}],"replies":[{"embeddable":true,"href":"http:\/\/www.svu.edu.eg\/faculties\/edu\/wp-json\/wp\/v2\/comments?post=7283"}],"version-history":[{"count":5,"href":"http:\/\/www.svu.edu.eg\/faculties\/edu\/wp-json\/wp\/v2\/pages\/7283\/revisions"}],"predecessor-version":[{"id":12570,"href":"http:\/\/www.svu.edu.eg\/faculties\/edu\/wp-json\/wp\/v2\/pages\/7283\/revisions\/12570"}],"wp:attachment":[{"href":"http:\/\/www.svu.edu.eg\/faculties\/edu\/wp-json\/wp\/v2\/media?parent=7283"}],"curies":[{"name":"wp","href":"https:\/\/api.w.org\/{rel}","templated":true}]}}