{"id":4534,"date":"2020-11-16T09:58:20","date_gmt":"2020-11-16T09:58:20","guid":{"rendered":"http:\/\/www.svu.edu.eg\/faculties\/com\/?page_id=4534"},"modified":"2020-11-29T08:11:22","modified_gmt":"2020-11-29T08:11:22","slug":"home_fr","status":"publish","type":"page","link":"http:\/\/www.svu.edu.eg\/faculties\/com\/fr\/home_fr\/","title":{"rendered":"home_fr"},"content":{"rendered":"<div id=\"pl-4534\"  class=\"panel-layout\" ><div id=\"pg-4534-0\"  class=\"panel-grid panel-has-style\" ><div class=\"wide-grey panel-row-style panel-row-style-for-4534-0\" ><div id=\"pgc-4534-0-0\"  class=\"panel-grid-cell\" ><div id=\"panel-4534-0-0-0\" class=\"so-panel widget widget_headline-widget panel-first-child panel-last-child\" data-index=\"0\" ><div class=\"panel-widget-style panel-widget-style-for-4534-0-0-0\" >\t\t<h1>La plate- Forme \u00e9lectronique du minist\u00e8re de l\u2019enseignement sup\u00e9rieur<\/h1>\n\t\t<div class=\"decoration\"><div class=\"decoration-inside\"><\/div><\/div>\n\t\t<h3>HTTPS:\/\/EGYPT-HUB.EDU.EG<\/h3>\n\t\t<\/div><\/div><\/div><\/div><\/div><div id=\"pg-4534-1\"  class=\"panel-grid panel-no-style\" ><div id=\"pgc-4534-1-0\"  class=\"panel-grid-cell\" ><div id=\"panel-4534-1-0-0\" class=\"so-panel widget widget_siteorigin-panels-postloop panel-first-child\" data-index=\"1\" ><div class=\"panel-widget-style panel-widget-style-for-4534-1-0-0\" ><h3 class=\"widget-title\">Derni\u00e8res nouvelles<\/h3><\/div><\/div><div id=\"panel-4534-1-0-1\" class=\"so-panel widget widget_text panel-last-child\" data-index=\"2\" >\t\t\t<div class=\"textwidget\"><p style=\"direction: ltr;\"><a href=\"http:\/\/www.svu.edu.eg\/faculties\/com\/category\/news_fr\/\"><strong>Plus de nouvelles<\/strong><\/a><\/p>\n<\/div>\n\t\t<\/div><\/div><\/div><div id=\"pg-4534-2\"  class=\"panel-grid panel-no-style\" ><div id=\"pgc-4534-2-0\"  class=\"panel-grid-cell\" ><div id=\"panel-4534-2-0-0\" class=\"so-panel widget widget_xyz_insert_php_widget panel-first-child panel-last-child\" data-index=\"3\" >\r\n\t<div class=\"announc\">\r\n      <h2> Conf\u00e9rences<\/h2>\r\n\t<div class=\"announc-body\">\r\n\t<ul>\r\n             \r\n<ul><li style=\"text-align:left;\"><a href=\"category\/conf_fr\/\">plus<\/a><\/li>\r\n<\/ul>   <\/ul>\r\n\t<\/div>\r\n\t<\/div><\/div><\/div><div id=\"pgc-4534-2-1\"  class=\"panel-grid-cell\" ><div id=\"panel-4534-2-1-0\" class=\"so-panel widget widget_media_video panel-first-child panel-last-child\" data-index=\"4\" ><div style=\"width:100%;\" class=\"wp-video\"><!--[if lt IE 9]><script>document.createElement('video');<\/script><![endif]-->\n<video class=\"wp-video-shortcode\" id=\"video-4534-1\" preload=\"metadata\" controls=\"controls\"><source type=\"video\/youtube\" src=\"https:\/\/youtu.be\/LXgDR762KpY?_=1\" \/><a href=\"https:\/\/youtu.be\/LXgDR762KpY\">https:\/\/youtu.be\/LXgDR762KpY<\/a><\/video><\/div><\/div><\/div><div id=\"pgc-4534-2-2\"  class=\"panel-grid-cell\" ><div id=\"panel-4534-2-2-0\" class=\"so-panel widget widget_xyz_insert_php_widget panel-first-child panel-last-child\" data-index=\"5\" >\r\n\t<div class=\"announc\">\r\n      <h2> Annonces  <\/h2>\r\n\t<div class=\"announc-body\">\r\n\t<ul>\r\n             \r\n<ul><li style=\"text-align:left;\"><a href=\"category\/ann_fr\/\">Plus<\/a><\/li>\r\n<\/ul>   <\/ul>\r\n\t<\/div>\r\n\t<\/div><\/div><\/div><\/div><div id=\"pg-4534-3\"  class=\"panel-grid panel-has-style\" ><div style=\"background-color: #c4eeff; \" class=\"panel-row-style panel-row-style-for-4534-3\" ><div id=\"pgc-4534-3-0\"  class=\"panel-grid-cell\" ><div id=\"panel-4534-3-0-0\" class=\"so-panel widget widget_circleicon-widget panel-first-child panel-last-child\" data-index=\"6\" >\t\t<div class=\"circle-icon-box circle-icon-position-top circle-icon-hide-box circle-icon-size-small \">\n\t\t\t\t\t\t\t<div class=\"circle-icon-wrapper\">\n\t\t\t\t\t\t\t\t\t\t<div class=\"circle-icon icon-style-set\" style=\"background-color: #1e73be\">\n\t\t\t\t\t\t\t\t\t\t\t\t\t<div class=\"fa fa-check-circle-o\" style=\"color: #ffffff\"><\/div>\n\t\t\t\t\t\t\t\t\t\t\t<\/div> \n\t\t\t\t\t\t\t\t\t<\/div>\n\t\t\t\n\t\t\t\t\t\t\t\t\t\t<h4 >\n\t\t\t\t\tLa mission\t\t\t\t<\/h4>\n\t\t\t\t\t\t\n\t\t\t\t\t\t\t<p class=\"text\" >Pr\u00e9parer un dipl\u00f4m\u00e9 distingu\u00e9 scientifiquement et professionnellement qui est capable de rivaliser dans l\u2019environnement des affaires, ce qui rend la facult\u00e9 attrayant pour les \u00e9tudiants \u00e9gyptiens. Fournir des recherches distingu\u00e9es et participer activement au service de la soci\u00e9t\u00e9 et le d\u00e9veloppement de l\u2019environnement.<\/p>\n\t\t\t\t\t\t\t\t<\/div>\n\t\t<\/div><\/div><div id=\"pgc-4534-3-1\"  class=\"panel-grid-cell\" ><div id=\"panel-4534-3-1-0\" class=\"so-panel widget widget_circleicon-widget panel-first-child panel-last-child\" data-index=\"7\" >\t\t<div class=\"circle-icon-box circle-icon-position-top circle-icon-hide-box circle-icon-size-small \">\n\t\t\t\t\t\t\t<div class=\"circle-icon-wrapper\">\n\t\t\t\t\t\t\t\t\t\t<div class=\"circle-icon icon-style-set\" style=\"background-color: #1e73be\">\n\t\t\t\t\t\t\t\t\t\t\t\t\t<div class=\"fa fa-pencil-square-o\" ><\/div>\n\t\t\t\t\t\t\t\t\t\t\t<\/div> \n\t\t\t\t\t\t\t\t\t<\/div>\n\t\t\t\n\t\t\t\t\t\t\t\t\t\t<h4 >\n\t\t\t\t\tLa vision\t\t\t\t<\/h4>\n\t\t\t\t\t\t\n\t\t\t\t\t\t\t<p class=\"text\" >La facult\u00e9 de Commerce est une institution scientifique qui cherche de la distinction dans le domaine de la science commerciale \u00e0 la lumi\u00e8re des normes de l\u2019Autorit\u00e9 nationale pour la qualit\u00e9 de l\u2019\u00e9ducation.<\/p>\n\t\t\t\t\t\t\t\t<\/div>\n\t\t<\/div><\/div><\/div><\/div><\/div>","protected":false},"excerpt":{"rendered":"<p>Plus de nouvelles<\/p>\n","protected":false},"author":2,"featured_media":0,"parent":0,"menu_order":0,"comment_status":"closed","ping_status":"closed","template":"home-panels.php","meta":[],"_links":{"self":[{"href":"http:\/\/www.svu.edu.eg\/faculties\/com\/wp-json\/wp\/v2\/pages\/4534"}],"collection":[{"href":"http:\/\/www.svu.edu.eg\/faculties\/com\/wp-json\/wp\/v2\/pages"}],"about":[{"href":"http:\/\/www.svu.edu.eg\/faculties\/com\/wp-json\/wp\/v2\/types\/page"}],"author":[{"embeddable":true,"href":"http:\/\/www.svu.edu.eg\/faculties\/com\/wp-json\/wp\/v2\/users\/2"}],"replies":[{"embeddable":true,"href":"http:\/\/www.svu.edu.eg\/faculties\/com\/wp-json\/wp\/v2\/comments?post=4534"}],"version-history":[{"count":6,"href":"http:\/\/www.svu.edu.eg\/faculties\/com\/wp-json\/wp\/v2\/pages\/4534\/revisions"}],"predecessor-version":[{"id":4647,"href":"http:\/\/www.svu.edu.eg\/faculties\/com\/wp-json\/wp\/v2\/pages\/4534\/revisions\/4647"}],"wp:attachment":[{"href":"http:\/\/www.svu.edu.eg\/faculties\/com\/wp-json\/wp\/v2\/media?parent=4534"}],"curies":[{"name":"wp","href":"https:\/\/api.w.org\/{rel}","templated":true}]}}