{"id":2569,"date":"2020-11-28T09:41:52","date_gmt":"2020-11-28T09:41:52","guid":{"rendered":"http:\/\/www.svu.edu.eg\/faculties\/agr\/?page_id=2569"},"modified":"2020-12-01T09:58:29","modified_gmt":"2020-12-01T09:58:29","slug":"homepage_fr","status":"publish","type":"page","link":"http:\/\/www.svu.edu.eg\/faculties\/agr\/fr\/homepage_fr\/","title":{"rendered":"Homepage_fr"},"content":{"rendered":"<div id=\"pl-2569\"  class=\"panel-layout panel-is-rtl\" ><div id=\"pg-2569-0\"  class=\"panel-grid panel-no-style\" ><div id=\"pgc-2569-0-0\"  class=\"panel-grid-cell panel-grid-cell-empty\" ><\/div><\/div><div id=\"pg-2569-1\"  class=\"panel-grid panel-has-style\" ><div class=\"wide-grey panel-row-style panel-row-style-for-2569-1\" ><div id=\"pgc-2569-1-0\"  class=\"panel-grid-cell\" ><div id=\"panel-2569-1-0-0\" class=\"so-panel widget widget_headline-widget panel-first-child panel-last-child\" data-index=\"0\" >\t\t<h1>La facult\u00e9 d'agriculture de l'Universit\u00e9 du Sud de la vall\u00e9e a \u00e9t\u00e9 accr\u00e9dit\u00e9es par organisation nationale d'assurance qualit\u00e9<\/h1>\n\t\t<div class=\"decoration\"><div class=\"decoration-inside\"><\/div><\/div>\n\t\t<h3><\/h3>\n\t\t<\/div><\/div><\/div><\/div><div id=\"pg-2569-2\"  class=\"panel-grid panel-no-style\" ><div id=\"pgc-2569-2-0\"  class=\"panel-grid-cell\" ><div id=\"panel-2569-2-0-0\" class=\"so-panel widget widget_siteorigin-panels-postloop panel-first-child\" data-index=\"1\" ><div class=\"panel-widget-style panel-widget-style-for-2569-2-0-0\" ><h3 class=\"widget-title\">Derni\u00e8res nouvelles<\/h3>\n<article id=\"post-6112\" class=\"post-6112 post type-post status-publish format-standard has-post-thumbnail hentry category-events category-news post-with-thumbnail post-with-thumbnail-icon\">\n\n\t\t\t<div class=\"entry-thumbnail\">\n\t\t\t<a href=\"http:\/\/www.svu.edu.eg\/faculties\/agr\/%d8%a7%d9%86%d8%b7%d9%84%d8%a7%d9%82-%d9%81%d8%b9%d8%a7%d9%84%d9%8a%d8%a7%d8%aa-100-%d9%8a%d9%88%d9%85-%d8%b1%d9%8a%d8%a7%d8%b6%d8%a9-%d8%a8%d9%83%d9%84%d9%8a%d8%a9-%d8%a7%d9%84%d8%b2\/\"><img width=\"200\" height=\"150\" src=\"https:\/\/i0.wp.com\/www.svu.edu.eg\/faculties\/agr\/wp-content\/uploads\/2026\/03\/IMG_1455-scaled.jpg?fit=200%2C150\" class=\"attachment-thumbnail size-thumbnail wp-post-image\" alt=\"\" decoding=\"async\" loading=\"lazy\" srcset=\"https:\/\/i0.wp.com\/www.svu.edu.eg\/faculties\/agr\/wp-content\/uploads\/2026\/03\/IMG_1455-scaled.jpg?w=2560 2560w, https:\/\/i0.wp.com\/www.svu.edu.eg\/faculties\/agr\/wp-content\/uploads\/2026\/03\/IMG_1455-scaled.jpg?resize=300%2C225 300w, https:\/\/i0.wp.com\/www.svu.edu.eg\/faculties\/agr\/wp-content\/uploads\/2026\/03\/IMG_1455-scaled.jpg?resize=1024%2C768 1024w, https:\/\/i0.wp.com\/www.svu.edu.eg\/faculties\/agr\/wp-content\/uploads\/2026\/03\/IMG_1455-scaled.jpg?resize=200%2C150 200w, https:\/\/i0.wp.com\/www.svu.edu.eg\/faculties\/agr\/wp-content\/uploads\/2026\/03\/IMG_1455-scaled.jpg?resize=768%2C576 768w, https:\/\/i0.wp.com\/www.svu.edu.eg\/faculties\/agr\/wp-content\/uploads\/2026\/03\/IMG_1455-scaled.jpg?resize=1536%2C1152 1536w, https:\/\/i0.wp.com\/www.svu.edu.eg\/faculties\/agr\/wp-content\/uploads\/2026\/03\/IMG_1455-scaled.jpg?resize=2048%2C1536 2048w, https:\/\/i0.wp.com\/www.svu.edu.eg\/faculties\/agr\/wp-content\/uploads\/2026\/03\/IMG_1455-scaled.jpg?w=1440 1440w, https:\/\/i0.wp.com\/www.svu.edu.eg\/faculties\/agr\/wp-content\/uploads\/2026\/03\/IMG_1455-scaled.jpg?w=2160 2160w\" sizes=\"(max-width: 200px) 100vw, 200px\" \/><\/a>\n\t\t<\/div>\n\t\n\t<div class=\"entry-main\">\n\n\t\t\n\t\t<header class=\"entry-header\">\n\t\t\t\n\t\t\t<h1 class=\"entry-title\"><a href=\"http:\/\/www.svu.edu.eg\/faculties\/agr\/%d8%a7%d9%86%d8%b7%d9%84%d8%a7%d9%82-%d9%81%d8%b9%d8%a7%d9%84%d9%8a%d8%a7%d8%aa-100-%d9%8a%d9%88%d9%85-%d8%b1%d9%8a%d8%a7%d8%b6%d8%a9-%d8%a8%d9%83%d9%84%d9%8a%d8%a9-%d8%a7%d9%84%d8%b2\/\" title=\"Permalink to \u0627\u0646\u0637\u0644\u0627\u0642 \u0641\u0639\u0627\u0644\u064a\u0627\u062a \u00ab100 \u064a\u0648\u0645 \u0631\u064a\u0627\u0636\u0629\u00bb \u0628\u0643\u0644\u064a\u0629 \u0627\u0644\u0632\u0631\u0627\u0639\u0629 \u0628\u062c\u0627\u0645\u0639\u0629 \u0642\u0646\u0627\" rel=\"bookmark\">\u0627\u0646\u0637\u0644\u0627\u0642 \u0641\u0639\u0627\u0644\u064a\u0627\u062a \u00ab100 \u064a\u0648\u0645 \u0631\u064a\u0627\u0636\u0629\u00bb \u0628\u0643\u0644\u064a\u0629 \u0627\u0644\u0632\u0631\u0627\u0639\u0629 \u0628\u062c\u0627\u0645\u0639\u0629 \u0642\u0646\u0627<\/a><\/h1>\n\n\t\t\t\t\t\t\t<div class=\"entry-meta\">\n\t\t\t\t\tPosted on <a href=\"http:\/\/www.svu.edu.eg\/faculties\/agr\/%d8%a7%d9%86%d8%b7%d9%84%d8%a7%d9%82-%d9%81%d8%b9%d8%a7%d9%84%d9%8a%d8%a7%d8%aa-100-%d9%8a%d9%88%d9%85-%d8%b1%d9%8a%d8%a7%d8%b6%d8%a9-%d8%a8%d9%83%d9%84%d9%8a%d8%a9-%d8%a7%d9%84%d8%b2\/\" title=\"7:15 \u0635\" rel=\"bookmark\"><time class=\"entry-date\" datetime=\"2026-03-05T07:15:05+00:00\">\u0645\u0627\u0631\u0633 5, 2026<\/time><\/a><time class=\"updated\" datetime=\"2026-03-05T07:15:05+00:00\">\u0645\u0627\u0631\u0633 5, 2026<\/time>  \t\t\t\t<\/div><!-- .entry-meta -->\n\t\t\t\n\t\t<\/header><!-- .entry-header -->\n\n\t\t\t\t\t<div class=\"entry-content\">\n\t\t\t\t<p>\u0627\u0646\u0637\u0644\u0627\u0642 \u0641\u0639\u0627\u0644\u064a\u0627\u062a \u00ab100 \u064a\u0648\u0645 \u0631\u064a\u0627\u0636\u0629\u00bb \u0628\u0643\u0644\u064a\u0629 \u0627\u0644\u0632\u0631\u0627\u0639\u0629 \u0628\u0642\u0646\u0627 \u0641\u064a \u0625\u0637\u0627\u0631 \u062d\u0631\u0635 \u0643\u0644\u064a\u0629 \u0627\u0644\u0632\u0631\u0627\u0639\u0629 \u0628\u062c\u0627\u0645\u0639\u0629 \u0642\u0646\u0627 \u0639\u0644\u0649 \u062a\u0646\u0641\u064a\u0630 \u0627\u0644\u0623\u0646\u0634\u0637\u0629 \u0627\u0644\u0631\u064a\u0627\u0636\u064a\u0629\u060c \u0648\u0636\u0645\u0646 \u0641\u0639\u0627\u0644\u064a\u0627\u062a \u0627\u0644\u0645\u0628\u0627\u062f\u0631\u0629 \u0627\u0644\u0631\u0626\u0627\u0633\u064a\u0629 \u00ab\u0628\u062f\u0627\u064a\u0629 \u062c\u062f\u064a\u062f\u0629 \u0644\u0628\u0646\u0627\u0621 \u0627\u0644\u0625\u0646\u0633\u0627\u0646\u00bb \u062a\u062d\u062a \u0639\u0646\u0648\u0627\u0646 \u00ab100 [&hellip;]<\/p>\n\t\t\t\t\t\t\t\t<a class=\"more-link\" href=\"http:\/\/www.svu.edu.eg\/faculties\/agr\/%d8%a7%d9%86%d8%b7%d9%84%d8%a7%d9%82-%d9%81%d8%b9%d8%a7%d9%84%d9%8a%d8%a7%d8%aa-100-%d9%8a%d9%88%d9%85-%d8%b1%d9%8a%d8%a7%d8%b6%d8%a9-%d8%a8%d9%83%d9%84%d9%8a%d8%a9-%d8%a7%d9%84%d8%b2\/\">\u0627\u0644\u0645\u0632\u064a\u062f<span class=\"meta-nav\">&rarr;<\/span><\/a>\t\t\t\t\t\t\t<\/div><!-- .entry-content -->\n\t\t\n\t\t\n\t<\/div>\n\n<\/article><!-- #post-6112 -->\n\n<article id=\"post-6109\" class=\"post-6109 post type-post status-publish format-standard has-post-thumbnail hentry category-events category-news post-with-thumbnail post-with-thumbnail-icon\">\n\n\t\t\t<div class=\"entry-thumbnail\">\n\t\t\t<a href=\"http:\/\/www.svu.edu.eg\/faculties\/agr\/%d9%85%d9%86%d8%a7%d9%82%d8%b4%d8%a9-%d8%b1%d8%b3%d8%a7%d9%84%d8%a9-%d9%85%d8%a7%d8%ac%d8%b3%d8%aa%d9%8a%d8%b1\/\"><img width=\"200\" height=\"150\" src=\"https:\/\/i0.wp.com\/www.svu.edu.eg\/faculties\/agr\/wp-content\/uploads\/2026\/02\/2-2-e1770165227231.png?fit=200%2C150\" class=\"attachment-thumbnail size-thumbnail wp-post-image\" alt=\"\" decoding=\"async\" loading=\"lazy\" srcset=\"https:\/\/i0.wp.com\/www.svu.edu.eg\/faculties\/agr\/wp-content\/uploads\/2026\/02\/2-2-e1770165227231.png?w=500 500w, https:\/\/i0.wp.com\/www.svu.edu.eg\/faculties\/agr\/wp-content\/uploads\/2026\/02\/2-2-e1770165227231.png?resize=300%2C225 300w, https:\/\/i0.wp.com\/www.svu.edu.eg\/faculties\/agr\/wp-content\/uploads\/2026\/02\/2-2-e1770165227231.png?resize=200%2C150 200w\" sizes=\"(max-width: 200px) 100vw, 200px\" \/><\/a>\n\t\t<\/div>\n\t\n\t<div class=\"entry-main\">\n\n\t\t\n\t\t<header class=\"entry-header\">\n\t\t\t\n\t\t\t<h1 class=\"entry-title\"><a href=\"http:\/\/www.svu.edu.eg\/faculties\/agr\/%d9%85%d9%86%d8%a7%d9%82%d8%b4%d8%a9-%d8%b1%d8%b3%d8%a7%d9%84%d8%a9-%d9%85%d8%a7%d8%ac%d8%b3%d8%aa%d9%8a%d8%b1\/\" title=\"Permalink to \u0645\u0646\u0627\u0642\u0634\u0629 \u0631\u0633\u0627\u0644\u0629 \u0645\u0627\u062c\u0633\u062a\u064a\u0631\" rel=\"bookmark\">\u0645\u0646\u0627\u0642\u0634\u0629 \u0631\u0633\u0627\u0644\u0629 \u0645\u0627\u062c\u0633\u062a\u064a\u0631<\/a><\/h1>\n\n\t\t\t\t\t\t\t<div class=\"entry-meta\">\n\t\t\t\t\tPosted on <a href=\"http:\/\/www.svu.edu.eg\/faculties\/agr\/%d9%85%d9%86%d8%a7%d9%82%d8%b4%d8%a9-%d8%b1%d8%b3%d8%a7%d9%84%d8%a9-%d9%85%d8%a7%d8%ac%d8%b3%d8%aa%d9%8a%d8%b1\/\" title=\"12:34 \u0635\" rel=\"bookmark\"><time class=\"entry-date\" datetime=\"2026-02-04T00:34:41+00:00\">\u0641\u0628\u0631\u0627\u064a\u0631 4, 2026<\/time><\/a><time class=\"updated\" datetime=\"2026-02-04T00:34:41+00:00\">\u0641\u0628\u0631\u0627\u064a\u0631 4, 2026<\/time>  \t\t\t\t<\/div><!-- .entry-meta -->\n\t\t\t\n\t\t<\/header><!-- .entry-header -->\n\n\t\t\t\t\t<div class=\"entry-content\">\n\t\t\t\t\t\t\t\t\t\t\t\t<a class=\"more-link\" href=\"http:\/\/www.svu.edu.eg\/faculties\/agr\/%d9%85%d9%86%d8%a7%d9%82%d8%b4%d8%a9-%d8%b1%d8%b3%d8%a7%d9%84%d8%a9-%d9%85%d8%a7%d8%ac%d8%b3%d8%aa%d9%8a%d8%b1\/\">\u0627\u0644\u0645\u0632\u064a\u062f<span class=\"meta-nav\">&rarr;<\/span><\/a>\t\t\t\t\t\t\t<\/div><!-- .entry-content -->\n\t\t\n\t\t\n\t<\/div>\n\n<\/article><!-- #post-6109 -->\n\n<article id=\"post-6087\" class=\"post-6087 post type-post status-publish format-standard has-post-thumbnail hentry category-news post-with-thumbnail post-with-thumbnail-icon\">\n\n\t\t\t<div class=\"entry-thumbnail\">\n\t\t\t<a href=\"http:\/\/www.svu.edu.eg\/faculties\/agr\/6087-2\/\"><img width=\"157\" height=\"150\" src=\"https:\/\/i0.wp.com\/www.svu.edu.eg\/faculties\/agr\/wp-content\/uploads\/2026\/02\/2-1.jpg?fit=157%2C150\" class=\"attachment-thumbnail size-thumbnail wp-post-image\" alt=\"\" decoding=\"async\" loading=\"lazy\" srcset=\"https:\/\/i0.wp.com\/www.svu.edu.eg\/faculties\/agr\/wp-content\/uploads\/2026\/02\/2-1.jpg?w=720 720w, https:\/\/i0.wp.com\/www.svu.edu.eg\/faculties\/agr\/wp-content\/uploads\/2026\/02\/2-1.jpg?resize=300%2C286 300w, https:\/\/i0.wp.com\/www.svu.edu.eg\/faculties\/agr\/wp-content\/uploads\/2026\/02\/2-1.jpg?resize=157%2C150 157w\" sizes=\"(max-width: 157px) 100vw, 157px\" \/><\/a>\n\t\t<\/div>\n\t\n\t<div class=\"entry-main\">\n\n\t\t\n\t\t<header class=\"entry-header\">\n\t\t\t\n\t\t\t<h1 class=\"entry-title\"><a href=\"http:\/\/www.svu.edu.eg\/faculties\/agr\/6087-2\/\" title=\"Permalink to \u0642\u0631\u0627\u0631\u0627\u062a \u0645\u062c\u0644\u0633 \u0627\u0644\u062c\u0627\u0645\u0639\u0629\" rel=\"bookmark\">\u0642\u0631\u0627\u0631\u0627\u062a \u0645\u062c\u0644\u0633 \u0627\u0644\u062c\u0627\u0645\u0639\u0629<\/a><\/h1>\n\n\t\t\t\t\t\t\t<div class=\"entry-meta\">\n\t\t\t\t\tPosted on <a href=\"http:\/\/www.svu.edu.eg\/faculties\/agr\/6087-2\/\" title=\"9:46 \u0645\" rel=\"bookmark\"><time class=\"entry-date\" datetime=\"2026-02-03T21:46:54+00:00\">\u0641\u0628\u0631\u0627\u064a\u0631 3, 2026<\/time><\/a><time class=\"updated\" datetime=\"2026-02-03T21:51:37+00:00\">\u0641\u0628\u0631\u0627\u064a\u0631 3, 2026<\/time>  \t\t\t\t<\/div><!-- .entry-meta -->\n\t\t\t\n\t\t<\/header><!-- .entry-header -->\n\n\t\t\t\t\t<div class=\"entry-content\">\n\t\t\t\t<p>\u0645\u062c\u0644\u0633 \u062c\u0627\u0645\u0639\u0629 \u0642\u0646\u0627 \u064a\u0648\u0627\u0641\u0642 \u0639\u0644\u0649 : \u2013 \u0628\u0631\u0648\u062a\u0648\u0643\u0648\u0644 \u0627\u0644\u062a\u0639\u0627\u0648\u0646 \u0628\u064a\u0646 \u0643\u0644\u064a\u0629 \u0627\u0644\u0632\u0631\u0627\u0639\u0629 \u0648\u0645\u0631\u0643\u0632 \u0627\u0644\u0628\u062d\u0648\u062b \u0627\u0644\u0632\u0631\u0627\u0639\u064a\u0629 \u0648\u0627\u0641\u0642 \u0645\u062c\u0644\u0633 \u062c\u0627\u0645\u0639\u0629 \u0642\u0646\u0627 \u0641\u064a \u062c\u0644\u0633\u062a\u0647 \u0627\u0644\u0627\u062e\u064a\u0631\u0629 \u0627\u0644\u0645\u0646\u0639\u0642\u062f\u0629 \u0628\u0645\u0642\u0631 \u0643\u0644\u064a\u0629 \u0627\u0644\u062d\u0642\u0648\u0642 \u0628\u062d\u0631\u0645 \u062c\u0627\u0645\u0639\u0629 \u0628\u0642\u0646\u0627 \u0628\u0631\u0626\u0627\u0633\u0629 [&hellip;]<\/p>\n\t\t\t\t\t\t\t\t<a class=\"more-link\" href=\"http:\/\/www.svu.edu.eg\/faculties\/agr\/6087-2\/\">\u0627\u0644\u0645\u0632\u064a\u062f<span class=\"meta-nav\">&rarr;<\/span><\/a>\t\t\t\t\t\t\t<\/div><!-- .entry-content -->\n\t\t\n\t\t\n\t<\/div>\n\n<\/article><!-- #post-6087 -->\n<\/div><\/div><div id=\"panel-2569-2-0-1\" class=\"so-panel widget widget_text panel-last-child\" data-index=\"2\" >\t\t\t<div class=\"textwidget\"><p style=\"direction: ltr;\"><a href=\"http:\/\/www.svu.edu.eg\/faculties\/agr\/category\/news_fr\/\"><strong>Plus de nouvelles<\/strong><\/a><\/p>\n<\/div>\n\t\t<\/div><\/div><\/div><div id=\"pg-2569-3\"  class=\"panel-grid panel-no-style\" ><div id=\"pgc-2569-3-0\"  class=\"panel-grid-cell\" ><div id=\"panel-2569-3-0-0\" class=\"so-panel widget widget_xyz_insert_php_widget panel-first-child panel-last-child\" data-index=\"3\" >\r\n\t<div class=\"announc\">\r\n      <h2>Conf\u00e9rences scientifiques<\/h2>\r\n\t<div class=\"announc-body\">\r\n\t<ul>\r\n             \r\n<ul>        <li> <a href=\" http:\/\/www.svu.edu.eg\/faculties\/agr\/fr\/recteur-de-luniversite-du-sud-de-la-vallee-felicite-le-president-el-sissi-et-le-peuple-egyptien-a-loccasion-du-jour-de-la-liberation-du-sinai\/\" title=\"Recteur de l\u2019Universit\u00e9 du Sud de la Vall\u00e9e f\u00e9licite le Pr\u00e9sident El-Sissi et le peuple \u00e9gyptien \u00e0 l\u2019occasion du jour de la Lib\u00e9ration du Sina\u00ef\">\r\n\t\t\tRecteur de l\u2019Universit\u00e9 du ...<\/a> <\/li>\r\n        <li> <a href=\" http:\/\/www.svu.edu.eg\/faculties\/agr\/fr\/recteur-de-luniversite-inspecte-les-hopitaux-universitaires-au-premier-jour-de-laid-al-fitr\/\" title=\"Recteur de l\u2019Universit\u00e9 inspecte les h\u00f4pitaux universitaires au premier jour de l\u2019A\u00efd al-Fitr\">\r\n\t\t\tRecteur de l\u2019Universit\u00e9 ins...<\/a> <\/li>\r\n        <li> <a href=\" http:\/\/www.svu.edu.eg\/faculties\/agr\/fr\/cloture-du-15e-concours-de-la-semaine-de-lenvironnement-a-luniversite-du-sud-de-la-vallee\/\" title=\"Cl\u00f4ture du 15e concours de la semaine de l\u2019environnement \u00e0 l\u2019Universit\u00e9 du Sud de la Vall\u00e9e\">\r\n\t\t\tCl\u00f4ture du 15e concours de ...<\/a> <\/li>\r\n        <li> <a href=\" http:\/\/www.svu.edu.eg\/faculties\/agr\/fr\/seminaire-sur-les-dangers-de-la-toxicomanie-a-la-faculte-dagriculture-2\/\" title=\"S\u00e9minaire sur les dangers de la toxicomanie \u00e0 la facult\u00e9 d&#8217;agriculture\">\r\n\t\t\tS\u00e9minaire sur les dangers d...<\/a> <\/li>\r\n<li style=\"text-align:left;\"><a href=\"category\/conf_fr\/\">Plus<\/a><\/li>\r\n<\/ul>   <\/ul>\r\n\t<\/div>\r\n\t<\/div><\/div><\/div><div id=\"pgc-2569-3-1\"  class=\"panel-grid-cell\" ><div id=\"panel-2569-3-1-0\" class=\"so-panel widget widget_media_video panel-first-child panel-last-child\" data-index=\"4\" ><div style=\"width:100%;\" class=\"wp-video\"><!--[if lt IE 9]><script>document.createElement('video');<\/script><![endif]-->\n<video class=\"wp-video-shortcode\" id=\"video-5431-1\" preload=\"metadata\" controls=\"controls\"><source type=\"video\/youtube\" src=\"https:\/\/www.youtube.com\/watch?v=SSrPPoiKN-E&#038;_=1\" \/><a href=\"https:\/\/www.youtube.com\/watch?v=SSrPPoiKN-E\">https:\/\/www.youtube.com\/watch?v=SSrPPoiKN-E<\/a><\/video><\/div><\/div><\/div><div id=\"pgc-2569-3-2\"  class=\"panel-grid-cell\" ><div id=\"panel-2569-3-2-0\" class=\"so-panel widget widget_xyz_insert_php_widget panel-first-child panel-last-child\" data-index=\"5\" >\r\n\t<div class=\"announc\">\r\n      <h2>Annonces  <\/h2>\r\n\t<div class=\"announc-body\">\r\n\t<ul>\r\n             \r\n<ul>        <li> <a href=\" http:\/\/www.svu.edu.eg\/faculties\/agr\/fr\/recteur-de-luniversite-du-sud-de-la-vallee-felicite-le-president-el-sissi-et-le-peuple-egyptien-a-loccasion-du-jour-de-la-liberation-du-sinai\/\" title=\"Recteur de l\u2019Universit\u00e9 du Sud de la Vall\u00e9e f\u00e9licite le Pr\u00e9sident El-Sissi et le peuple \u00e9gyptien \u00e0 l\u2019occasion du jour de la Lib\u00e9ration du Sina\u00ef\">\r\n\t\t\tRecteur de l\u2019Universit\u00e9 du ...<\/a> <\/li>\r\n        <li> <a href=\" http:\/\/www.svu.edu.eg\/faculties\/agr\/fr\/recteur-de-luniversite-inspecte-les-hopitaux-universitaires-au-premier-jour-de-laid-al-fitr\/\" title=\"Recteur de l\u2019Universit\u00e9 inspecte les h\u00f4pitaux universitaires au premier jour de l\u2019A\u00efd al-Fitr\">\r\n\t\t\tRecteur de l\u2019Universit\u00e9 ins...<\/a> <\/li>\r\n        <li> <a href=\" http:\/\/www.svu.edu.eg\/faculties\/agr\/fr\/cloture-du-15e-concours-de-la-semaine-de-lenvironnement-a-luniversite-du-sud-de-la-vallee\/\" title=\"Cl\u00f4ture du 15e concours de la semaine de l\u2019environnement \u00e0 l\u2019Universit\u00e9 du Sud de la Vall\u00e9e\">\r\n\t\t\tCl\u00f4ture du 15e concours de ...<\/a> <\/li>\r\n        <li> <a href=\" http:\/\/www.svu.edu.eg\/faculties\/agr\/fr\/le-systeme-de-communication-administrative-a-luniversite-du-sud-de-la-vallee-remporte-la-troisieme-place-dans-le-concours-de-legypte-prix-dexcellence-du-gouvernement\/\" title=\"Le syst\u00e8me de communication administrative \u00e0 l\u2019Universit\u00e9 du Sud de la Vall\u00e9e remporte la troisi\u00e8me place dans le concours de l\u2019\u00c9gypte  Prix d\u2019excellence du gouvernement\">\r\n\t\t\tLe syst\u00e8me de communication...<\/a> <\/li>\r\n<li style=\"text-align:left;\"><a href=\"category\/ann_fr\/\">Plus<\/a><\/li>\r\n<\/ul>   <\/ul>\r\n\t<\/div>\r\n\t<\/div><\/div><\/div><\/div><div id=\"pg-2569-4\"  class=\"panel-grid panel-has-style\" ><div class=\"panel-row-style panel-row-style-for-2569-4\" ><div id=\"pgc-2569-4-0\"  class=\"panel-grid-cell\" ><div id=\"panel-2569-4-0-0\" class=\"so-panel widget widget_circleicon-widget panel-first-child panel-last-child\" data-index=\"6\" >\t\t<div class=\"circle-icon-box circle-icon-position-top circle-icon-hide-box circle-icon-size-small \">\n\t\t\t\t\t\t\t<div class=\"circle-icon-wrapper\">\n\t\t\t\t\t\t\t\t\t\t<div class=\"circle-icon icon-style-set\" style=\"background-color: #1e73be\">\n\t\t\t\t\t\t\t\t\t\t\t\t\t<div\n\t\t\t\t\t\t\t\tclass=\"fa fa-pencil-square-o  icon-style-set\"\n\t\t\t\t\t\t\t\t\t\t\t\t\t\t\t><\/div>\n\t\t\t\t\t\t\t\t\t\t\t<\/div>\n\t\t\t\t\t\t\t\t\t<\/div>\n\t\t\t\n\t\t\t\t\t\t\t\t\t\t<h4 >\n\t\t\t\t\tObjectifs strat\u00e9giques\t\t\t\t<\/h4>\n\t\t\t\t\t\t\n\t\t\t\t\t\t\t<p class=\"text\" >\n\t\t\t\t1-Renforcement des capacit\u00e9s institutionnelles de la facult\u00e9 2-Accro\u00eetre l\u2019efficacit\u00e9 de la recherche \u00e0 la facult\u00e9. 3-D\u00e9veloppement des ressources humaines, financi\u00e8res et mat\u00e9rielles Dans le cadre de l\u2019\u00e9thique professionnelle. 4-Activer le r\u00f4le du coll\u00e8ge au service de la soci\u00e9t\u00e9 et de l\u2019environnement. 5-Cr\u00e9er un syst\u00e8me d'\u00e9valuation du rendement approuv\u00e9 et l'\u00e9laborer. 6-\u00e9laborer et mettre en \u0153uvre des politiques coll\u00e9giales pour les \u00e9tudiants et les dipl\u00f4m\u00e9s. 7-Am\u00e9liorer l\u2019efficacit\u00e9 \u00e9ducation \u00e0 la facult\u00e9. 8-Am\u00e9liorer et \u00e9laborer une \u00e9valuation compl\u00e8te et continue du processus d\u2019apprentissage. 9-Qualifier la facult\u00e9 pour l\u2019accr\u00e9ditation.\t\t\t<\/p>\n\t\t\t\t\t\t\t\t<\/div>\n\t\t<\/div><\/div><div id=\"pgc-2569-4-1\"  class=\"panel-grid-cell\" ><div id=\"panel-2569-4-1-0\" class=\"so-panel widget widget_circleicon-widget panel-first-child panel-last-child\" data-index=\"7\" >\t\t<div class=\"circle-icon-box circle-icon-position-top circle-icon-hide-box circle-icon-size-small \">\n\t\t\t\t\t\t\t<div class=\"circle-icon-wrapper\">\n\t\t\t\t\t\t\t\t\t\t<div class=\"circle-icon icon-style-set\" style=\"background-color: #1e73be\">\n\t\t\t\t\t\t\t\t\t\t\t\t\t<div\n\t\t\t\t\t\t\t\tclass=\"fa fa-pencil-square-o  icon-style-set\"\n\t\t\t\t\t\t\t\tstyle=\"color: #ffffff\"\t\t\t\t\t\t\t><\/div>\n\t\t\t\t\t\t\t\t\t\t\t<\/div>\n\t\t\t\t\t\t\t\t\t<\/div>\n\t\t\t\n\t\t\t\t\t\t\t\t\t\t<h4 >\n\t\t\t\t\tLa mission\t\t\t\t<\/h4>\n\t\t\t\t\t\t\n\t\t\t\t\t\t\t<p class=\"text\" >\n\t\t\t\tDans le cadre de la mission de l\u2019Universit\u00e9 du Sud de la vall\u00e9e, la facult\u00e9 d\u2019agriculture pr\u00e9pare un dipl\u00f4m\u00e9 en sciences agricoles capable de comprendre les technologies modernes qui lui permettent de concurrencer le march\u00e9 du travail local et mondial, contribuer au d\u00e9veloppement de la soci\u00e9t\u00e9 par la recherche scientifique, le partenariat efficace et les services communautaires, tout en  respectant les valeurs, les normes et les coutumes.\t\t\t<\/p>\n\t\t\t\t\t\t\t\t<\/div>\n\t\t<\/div><\/div><div id=\"pgc-2569-4-2\"  class=\"panel-grid-cell\" ><div id=\"panel-2569-4-2-0\" class=\"so-panel widget widget_circleicon-widget panel-first-child panel-last-child\" data-index=\"8\" >\t\t<div class=\"circle-icon-box circle-icon-position-top circle-icon-hide-box circle-icon-size-small \">\n\t\t\t\t\t\t\t<div class=\"circle-icon-wrapper\">\n\t\t\t\t\t\t\t\t\t\t<div class=\"circle-icon icon-style-set\" style=\"background-color: #1e73be\">\n\t\t\t\t\t\t\t\t\t\t\t\t\t<div\n\t\t\t\t\t\t\t\tclass=\"fa fa-pencil-square-o  icon-style-set\"\n\t\t\t\t\t\t\t\t\t\t\t\t\t\t\t><\/div>\n\t\t\t\t\t\t\t\t\t\t\t<\/div>\n\t\t\t\t\t\t\t\t\t<\/div>\n\t\t\t\n\t\t\t\t\t\t\t\t\t\t<h4 >\n\t\t\t\t\tLa vision\t\t\t\t<\/h4>\n\t\t\t\t\t\t\n\t\t\t\t\t\t\t<p class=\"text\" >\n\t\t\t\tLa facult\u00e9 d\u2019agriculture de l\u2019Universit\u00e9 du Sud de la vall\u00e9e recherche de l\u2019excellence en \u00e9ducation, recherche scientifique, service communautaire et protection de l\u2019environnement.\t\t\t<\/p>\n\t\t\t\t\t\t\t\t<\/div>\n\t\t<\/div><\/div><\/div><\/div><\/div>","protected":false},"excerpt":{"rendered":"<p>La facult\u00e9 d&#8217;agriculture de l&#8217;Universit\u00e9 du Sud de la vall\u00e9e a \u00e9t\u00e9 accr\u00e9dit\u00e9es par organisation nationale d&#8217;assurance qualit\u00e9 Derni\u00e8res nouvelles \u0627\u0646\u0637\u0644\u0627\u0642 \u0641\u0639\u0627\u0644\u064a\u0627\u062a \u00ab100 \u064a\u0648\u0645 \u0631\u064a\u0627\u0636\u0629\u00bb \u0628\u0643\u0644\u064a\u0629 \u0627\u0644\u0632\u0631\u0627\u0639\u0629 \u0628\u062c\u0627\u0645\u0639\u0629 \u0642\u0646\u0627 Posted [&hellip;]<\/p>\n","protected":false},"author":2,"featured_media":0,"parent":0,"menu_order":0,"comment_status":"closed","ping_status":"closed","template":"home-panels.php","meta":[],"jetpack_sharing_enabled":true,"jetpack-related-posts":[],"_links":{"self":[{"href":"http:\/\/www.svu.edu.eg\/faculties\/agr\/wp-json\/wp\/v2\/pages\/2569"}],"collection":[{"href":"http:\/\/www.svu.edu.eg\/faculties\/agr\/wp-json\/wp\/v2\/pages"}],"about":[{"href":"http:\/\/www.svu.edu.eg\/faculties\/agr\/wp-json\/wp\/v2\/types\/page"}],"author":[{"embeddable":true,"href":"http:\/\/www.svu.edu.eg\/faculties\/agr\/wp-json\/wp\/v2\/users\/2"}],"replies":[{"embeddable":true,"href":"http:\/\/www.svu.edu.eg\/faculties\/agr\/wp-json\/wp\/v2\/comments?post=2569"}],"version-history":[{"count":4,"href":"http:\/\/www.svu.edu.eg\/faculties\/agr\/wp-json\/wp\/v2\/pages\/2569\/revisions"}],"predecessor-version":[{"id":2573,"href":"http:\/\/www.svu.edu.eg\/faculties\/agr\/wp-json\/wp\/v2\/pages\/2569\/revisions\/2573"}],"wp:attachment":[{"href":"http:\/\/www.svu.edu.eg\/faculties\/agr\/wp-json\/wp\/v2\/media?parent=2569"}],"curies":[{"name":"wp","href":"https:\/\/api.w.org\/{rel}","templated":true}]}}